{"id":10137,"date":"2021-02-27T16:59:40","date_gmt":"2021-02-27T15:59:40","guid":{"rendered":"http:\/\/www.spa-grillon.fr\/?page_id=10137"},"modified":"2021-02-27T16:59:40","modified_gmt":"2021-02-27T15:59:40","slug":"loutsie","status":"publish","type":"page","link":"https:\/\/www.spa-grillon.fr\/?page_id=10137","title":{"rendered":"LOUTSIE"},"content":{"rendered":"<p><strong><img decoding=\"async\" loading=\"lazy\" class=\"alignleft wp-image-10143 size-medium\" src=\"http:\/\/www.spa-grillon.fr\/wp-content\/uploads\/2021\/02\/Loutsie-3-1-300x300.jpg\" alt=\"Loutsie (3)\" width=\"300\" height=\"300\" srcset=\"https:\/\/www.spa-grillon.fr\/wp-content\/uploads\/2021\/02\/Loutsie-3-1-300x300.jpg 300w, https:\/\/www.spa-grillon.fr\/wp-content\/uploads\/2021\/02\/Loutsie-3-1-150x150.jpg 150w, https:\/\/www.spa-grillon.fr\/wp-content\/uploads\/2021\/02\/Loutsie-3-1-768x768.jpg 768w, https:\/\/www.spa-grillon.fr\/wp-content\/uploads\/2021\/02\/Loutsie-3-1-1024x1024.jpg 1024w, https:\/\/www.spa-grillon.fr\/wp-content\/uploads\/2021\/02\/Loutsie-3-1.jpg 1425w\" sizes=\"(max-width: 300px) 100vw, 300px\" \/><\/strong><\/p>\n<p>&nbsp;<\/p>\n<p><strong><br \/>\nSexe <\/strong>: femelle<\/p>\n<p><strong>Race <\/strong>: commune<\/p>\n<p><strong>Age <\/strong>: n\u00e9 en 06\/2020<\/p>\n<p><strong>Taille <\/strong>: moyenne<\/p>\n<p>&nbsp;<\/p>\n<p style=\"text-align: justify;\"><strong><br \/>\nCaract\u00e9ristiques :\u00a0<\/strong> Loutsie, petite chienne toute fine et gracieuse, est encore un peu craintive avec les inconnus. On ne conna\u00eet pas son pass\u00e9. Elle a besoin de voir une fois ou deux les gens avant d&rsquo;avoir vraiment confiance mais une fois qu&rsquo;elle a compris, c&rsquo;est un d\u00e9luge de tendresse qui s&rsquo;abat sur vous : un joli bip\u00e8de qui n&rsquo;a qu&rsquo;une obsession : le bisou ! Elle n&rsquo;est pas brutale et ne tire pas trop en laisse, m\u00eame si elle est toute jeune. Elle a besoin d&rsquo;exercice car elle est vive mais elle est assez calme et sage dans son parc. Tr\u00e8s sociable avec les autres chiens, elle adore se balader en meute avec ses copains : elle est encore trop peureuse pour \u00eatre l\u00e2ch\u00e9e. Les chats l&rsquo;int\u00e9ressent beaucoup : difficile de dire si ses intentions sont honn\u00eates ou non : il faudra faire des tests plus pouss\u00e9s si une cohabitation se pr\u00e9sente. Elle est assez soumise : un peu d&rsquo;\u00e9ducation permettra peut-\u00eatre d&rsquo;envisager la pr\u00e9sence d&rsquo;un moustachu \u00e0 ses c\u00f4t\u00e9s. Loutsie est d\u00e9j\u00e0 st\u00e9rilis\u00e9e. Elle vous attend et a d\u00e9j\u00e0 fait ses valises !<\/p>\n<p style=\"text-align: justify;\"><img decoding=\"async\" loading=\"lazy\" class=\"wp-image-10143 aligncenter\" src=\"http:\/\/www.spa-grillon.fr\/wp-content\/uploads\/2021\/02\/Loutsie-3-1-1024x1024.jpg\" alt=\"Loutsie (3)\" width=\"560\" height=\"560\" srcset=\"https:\/\/www.spa-grillon.fr\/wp-content\/uploads\/2021\/02\/Loutsie-3-1-1024x1024.jpg 1024w, https:\/\/www.spa-grillon.fr\/wp-content\/uploads\/2021\/02\/Loutsie-3-1-150x150.jpg 150w, https:\/\/www.spa-grillon.fr\/wp-content\/uploads\/2021\/02\/Loutsie-3-1-300x300.jpg 300w, https:\/\/www.spa-grillon.fr\/wp-content\/uploads\/2021\/02\/Loutsie-3-1-768x768.jpg 768w, https:\/\/www.spa-grillon.fr\/wp-content\/uploads\/2021\/02\/Loutsie-3-1.jpg 1425w\" sizes=\"(max-width: 560px) 100vw, 560px\" \/><\/p>\n<p style=\"text-align: justify;\"><img decoding=\"async\" loading=\"lazy\" class=\"aligncenter wp-image-10144\" src=\"http:\/\/www.spa-grillon.fr\/wp-content\/uploads\/2021\/02\/Loutsie-1-1-1024x1013.jpg\" alt=\"Loutsie (1)\" width=\"548\" height=\"542\" \/><\/p>\n<p style=\"text-align: justify;\">\n<p style=\"text-align: justify;\">\n<div id=\"attachment_10138\" style=\"width: 497px\" class=\"wp-caption aligncenter\"><img aria-describedby=\"caption-attachment-10138\" decoding=\"async\" loading=\"lazy\" class=\" wp-image-10138\" src=\"http:\/\/www.spa-grillon.fr\/wp-content\/uploads\/2021\/02\/20210220_182641-775x1024.jpg\" alt=\"Gourmande, moi? Je ne vois pas du tout de quoi vous parlez...\" width=\"487\" height=\"644\" srcset=\"https:\/\/www.spa-grillon.fr\/wp-content\/uploads\/2021\/02\/20210220_182641-775x1024.jpg 775w, https:\/\/www.spa-grillon.fr\/wp-content\/uploads\/2021\/02\/20210220_182641-227x300.jpg 227w, https:\/\/www.spa-grillon.fr\/wp-content\/uploads\/2021\/02\/20210220_182641-768x1015.jpg 768w, https:\/\/www.spa-grillon.fr\/wp-content\/uploads\/2021\/02\/20210220_182641.jpg 2030w\" sizes=\"(max-width: 487px) 100vw, 487px\" \/><p id=\"caption-attachment-10138\" class=\"wp-caption-text\">Gourmande, moi? Je ne vois pas du tout de quoi vous parlez&#8230;<\/p><\/div>\n","protected":false},"excerpt":{"rendered":"<p>&nbsp; Sexe : femelle Race : commune Age : n\u00e9 en 06\/2020 Taille : moyenne &nbsp; Caract\u00e9ristiques :\u00a0 Loutsie, petite chienne toute fine et gracieuse, est encore un peu craintive avec les inconnus. On ne conna\u00eet pas son pass\u00e9. Elle &hellip; <a href=\"https:\/\/www.spa-grillon.fr\/?page_id=10137\">Continuer la lecture <span class=\"meta-nav\">&rarr;<\/span><\/a><\/p>\n","protected":false},"author":2,"featured_media":0,"parent":0,"menu_order":0,"comment_status":"closed","ping_status":"closed","template":"","meta":[],"_links":{"self":[{"href":"https:\/\/www.spa-grillon.fr\/index.php?rest_route=\/wp\/v2\/pages\/10137"}],"collection":[{"href":"https:\/\/www.spa-grillon.fr\/index.php?rest_route=\/wp\/v2\/pages"}],"about":[{"href":"https:\/\/www.spa-grillon.fr\/index.php?rest_route=\/wp\/v2\/types\/page"}],"author":[{"embeddable":true,"href":"https:\/\/www.spa-grillon.fr\/index.php?rest_route=\/wp\/v2\/users\/2"}],"replies":[{"embeddable":true,"href":"https:\/\/www.spa-grillon.fr\/index.php?rest_route=%2Fwp%2Fv2%2Fcomments&post=10137"}],"version-history":[{"count":1,"href":"https:\/\/www.spa-grillon.fr\/index.php?rest_route=\/wp\/v2\/pages\/10137\/revisions"}],"predecessor-version":[{"id":10145,"href":"https:\/\/www.spa-grillon.fr\/index.php?rest_route=\/wp\/v2\/pages\/10137\/revisions\/10145"}],"wp:attachment":[{"href":"https:\/\/www.spa-grillon.fr\/index.php?rest_route=%2Fwp%2Fv2%2Fmedia&parent=10137"}],"curies":[{"name":"wp","href":"https:\/\/api.w.org\/{rel}","templated":true}]}}