{"id":10164,"date":"2021-03-06T20:48:52","date_gmt":"2021-03-06T19:48:52","guid":{"rendered":"http:\/\/www.spa-grillon.fr\/?page_id=10164"},"modified":"2021-03-06T20:55:28","modified_gmt":"2021-03-06T19:55:28","slug":"10164-2","status":"publish","type":"page","link":"https:\/\/www.spa-grillon.fr\/?page_id=10164","title":{"rendered":"WINNIE"},"content":{"rendered":"<p><strong><img decoding=\"async\" loading=\"lazy\" class=\"alignleft wp-image-10170 size-medium\" src=\"http:\/\/www.spa-grillon.fr\/wp-content\/uploads\/2021\/03\/Winnie-6-300x298.jpg\" alt=\"Winnie (6)\" width=\"300\" height=\"298\" srcset=\"https:\/\/www.spa-grillon.fr\/wp-content\/uploads\/2021\/03\/Winnie-6-300x298.jpg 300w, https:\/\/www.spa-grillon.fr\/wp-content\/uploads\/2021\/03\/Winnie-6-150x150.jpg 150w, https:\/\/www.spa-grillon.fr\/wp-content\/uploads\/2021\/03\/Winnie-6-768x764.jpg 768w, https:\/\/www.spa-grillon.fr\/wp-content\/uploads\/2021\/03\/Winnie-6-1024x1018.jpg 1024w\" sizes=\"(max-width: 300px) 100vw, 300px\" \/><\/strong><\/p>\n<p>&nbsp;<\/p>\n<p><strong><br \/>\nSexe <\/strong>: femelle<\/p>\n<p><strong>Race <\/strong>: commune<\/p>\n<p><strong>Age <\/strong>: n\u00e9 en 08\/2019<\/p>\n<p><strong>Taille <\/strong>: moyenne<\/p>\n<p>&nbsp;<\/p>\n<p style=\"text-align: justify;\"><strong><br \/>\nCaract\u00e9ristiques :\u00a0<\/strong> Voici une coquine parmi les coquines ! Fourri\u00e8re non r\u00e9clam\u00e9e, Winnie est d\u00e9sormais \u00e0 l&rsquo;adoption et elle va en faire tourner des t\u00eates! Difficile de trouver plus mignonne. Un peu fofolle \u00e0 son arriv\u00e9e, elle semble avoir pris ses marques maintenant. C&rsquo;est un chienne de petit format mais ce n&rsquo;est pas un toutou de salon pour autant : elle a besoin d&rsquo;exercice, aime courir et se promener. Elle a du peps \u00e0 revendre et peut tirer un peu en laisse mais un peu d&rsquo;\u00e9ducation saura l&rsquo;apaiser sans doute.\u00a0 Extr\u00eamement affectueuse, elle est sociable avec ses cong\u00e9n\u00e8res mais elle ne se laisse pas marcher sur ses petites pattes fines ! Elle semble ne pas vouloir de tort aux chats mais il faudra v\u00e9rifier de fa\u00e7on plus approfondie si une cohabitation se pr\u00e9sente. Elle sait s&rsquo;asseoir, ne ma\u00eetrise pas encore le rappel mais elle y travaille assid\u00fbment ! C&rsquo;est une petite chienne tr\u00e8s fut\u00e9e. Elle peut faire le bonheur d&rsquo;une famille avec ou sans enfants.<\/p>\n<p style=\"text-align: justify;\"><img decoding=\"async\" loading=\"lazy\" class=\"wp-image-10168 aligncenter\" src=\"http:\/\/www.spa-grillon.fr\/wp-content\/uploads\/2021\/03\/Winnie-4-1024x1016.jpg\" alt=\"Winnie (4)\" width=\"502\" height=\"498\" srcset=\"https:\/\/www.spa-grillon.fr\/wp-content\/uploads\/2021\/03\/Winnie-4-1024x1016.jpg 1024w, https:\/\/www.spa-grillon.fr\/wp-content\/uploads\/2021\/03\/Winnie-4-150x150.jpg 150w, https:\/\/www.spa-grillon.fr\/wp-content\/uploads\/2021\/03\/Winnie-4-300x298.jpg 300w, https:\/\/www.spa-grillon.fr\/wp-content\/uploads\/2021\/03\/Winnie-4-768x762.jpg 768w, https:\/\/www.spa-grillon.fr\/wp-content\/uploads\/2021\/03\/Winnie-4.jpg 2007w\" sizes=\"(max-width: 502px) 100vw, 502px\" \/><img decoding=\"async\" loading=\"lazy\" class=\"wp-image-10174 aligncenter\" src=\"http:\/\/www.spa-grillon.fr\/wp-content\/uploads\/2021\/03\/Winnie-1-1-1024x1010.jpg\" alt=\"Winnie (1)\" width=\"498\" height=\"491\" srcset=\"https:\/\/www.spa-grillon.fr\/wp-content\/uploads\/2021\/03\/Winnie-1-1-1024x1010.jpg 1024w, https:\/\/www.spa-grillon.fr\/wp-content\/uploads\/2021\/03\/Winnie-1-1-300x296.jpg 300w, https:\/\/www.spa-grillon.fr\/wp-content\/uploads\/2021\/03\/Winnie-1-1-768x758.jpg 768w, https:\/\/www.spa-grillon.fr\/wp-content\/uploads\/2021\/03\/Winnie-1-1.jpg 1977w\" sizes=\"(max-width: 498px) 100vw, 498px\" \/><img decoding=\"async\" loading=\"lazy\" class=\"wp-image-10171 aligncenter\" src=\"http:\/\/www.spa-grillon.fr\/wp-content\/uploads\/2021\/03\/Winnie-7-1024x1024.jpg\" alt=\"Winnie (7)\" width=\"499\" height=\"499\" srcset=\"https:\/\/www.spa-grillon.fr\/wp-content\/uploads\/2021\/03\/Winnie-7-1024x1024.jpg 1024w, https:\/\/www.spa-grillon.fr\/wp-content\/uploads\/2021\/03\/Winnie-7-150x150.jpg 150w, https:\/\/www.spa-grillon.fr\/wp-content\/uploads\/2021\/03\/Winnie-7-300x300.jpg 300w, https:\/\/www.spa-grillon.fr\/wp-content\/uploads\/2021\/03\/Winnie-7-768x769.jpg 768w, https:\/\/www.spa-grillon.fr\/wp-content\/uploads\/2021\/03\/Winnie-7.jpg 1940w\" sizes=\"(max-width: 499px) 100vw, 499px\" \/><\/p>\n","protected":false},"excerpt":{"rendered":"<p>&nbsp; Sexe : femelle Race : commune Age : n\u00e9 en 08\/2019 Taille : moyenne &nbsp; Caract\u00e9ristiques :\u00a0 Voici une coquine parmi les coquines ! Fourri\u00e8re non r\u00e9clam\u00e9e, Winnie est d\u00e9sormais \u00e0 l&rsquo;adoption et elle va en faire tourner des &hellip; <a href=\"https:\/\/www.spa-grillon.fr\/?page_id=10164\">Continuer la lecture <span class=\"meta-nav\">&rarr;<\/span><\/a><\/p>\n","protected":false},"author":2,"featured_media":0,"parent":0,"menu_order":0,"comment_status":"closed","ping_status":"closed","template":"","meta":[],"_links":{"self":[{"href":"https:\/\/www.spa-grillon.fr\/index.php?rest_route=\/wp\/v2\/pages\/10164"}],"collection":[{"href":"https:\/\/www.spa-grillon.fr\/index.php?rest_route=\/wp\/v2\/pages"}],"about":[{"href":"https:\/\/www.spa-grillon.fr\/index.php?rest_route=\/wp\/v2\/types\/page"}],"author":[{"embeddable":true,"href":"https:\/\/www.spa-grillon.fr\/index.php?rest_route=\/wp\/v2\/users\/2"}],"replies":[{"embeddable":true,"href":"https:\/\/www.spa-grillon.fr\/index.php?rest_route=%2Fwp%2Fv2%2Fcomments&post=10164"}],"version-history":[{"count":4,"href":"https:\/\/www.spa-grillon.fr\/index.php?rest_route=\/wp\/v2\/pages\/10164\/revisions"}],"predecessor-version":[{"id":10176,"href":"https:\/\/www.spa-grillon.fr\/index.php?rest_route=\/wp\/v2\/pages\/10164\/revisions\/10176"}],"wp:attachment":[{"href":"https:\/\/www.spa-grillon.fr\/index.php?rest_route=%2Fwp%2Fv2%2Fmedia&parent=10164"}],"curies":[{"name":"wp","href":"https:\/\/api.w.org\/{rel}","templated":true}]}}