{"id":10303,"date":"2021-03-28T18:33:03","date_gmt":"2021-03-28T17:33:03","guid":{"rendered":"http:\/\/www.spa-grillon.fr\/?page_id=10303"},"modified":"2021-04-04T16:30:31","modified_gmt":"2021-04-04T15:30:31","slug":"coppelia","status":"publish","type":"page","link":"https:\/\/www.spa-grillon.fr\/?page_id=10303","title":{"rendered":"COPPELIA"},"content":{"rendered":"<p style=\"text-align: justify;\"><img decoding=\"async\" loading=\"lazy\" class=\"alignleft wp-image-10308 size-medium\" src=\"http:\/\/www.spa-grillon.fr\/wp-content\/uploads\/2021\/03\/20210325_184050-e1616952668283-194x300.jpg\" alt=\"20210325_184050\" width=\"194\" height=\"300\" srcset=\"https:\/\/www.spa-grillon.fr\/wp-content\/uploads\/2021\/03\/20210325_184050-e1616952668283-194x300.jpg 194w, https:\/\/www.spa-grillon.fr\/wp-content\/uploads\/2021\/03\/20210325_184050-e1616952668283-768x1186.jpg 768w, https:\/\/www.spa-grillon.fr\/wp-content\/uploads\/2021\/03\/20210325_184050-e1616952668283-663x1024.jpg 663w, https:\/\/www.spa-grillon.fr\/wp-content\/uploads\/2021\/03\/20210325_184050-e1616952668283.jpg 1417w\" sizes=\"(max-width: 194px) 100vw, 194px\" \/>Voici Copp\u00e9lia, adorable minette, encore apeur\u00e9e par le changement (d&rsquo;o\u00f9 les yeux tout ronds qu&rsquo;elle a sur les photos ; ). A environ un an, elle est toute menue, toute douce, toute gracieuse. Une vraie poup\u00e9e ! Ses beaux yeux bleus vous redoutent mais vous cherchent aussi pour r\u00e9clamer des c\u00e2lins. Une fois rassur\u00e9e, elle est extr\u00eamement c\u00e2line. Elle aime vraiment la compagnie des humains. Elle a un peu peur de certains chats mais elle ne les agresse pas du tout et si l&rsquo;un d&rsquo;eux la regarde de travers, elle ira se cacher : elle pourra donc tout \u00e0 fait cohabiter avec un matou sympa, de m\u00eame qu&rsquo;avec un chien pas trop exub\u00e9rant. Elle aime les enfants et se montre tr\u00e8s attentive avec eux. Il lui faudra, quand elle se sera acclimat\u00e9e, un petit ext\u00e9rieur. C&rsquo;est une chatte facile et tr\u00e8s douce : jamais elle ne porte la griffe contre vous. Ne passez pas \u00e0 c\u00f4t\u00e9 de cette jolie f\u00e9e !<\/p>\n<p style=\"text-align: justify;\"><img decoding=\"async\" loading=\"lazy\" class=\"aligncenter wp-image-10306 \" src=\"http:\/\/www.spa-grillon.fr\/wp-content\/uploads\/2021\/03\/20210325_183953-e1616952751593-1024x857.jpg\" alt=\"20210325_183953\" width=\"499\" height=\"418\" \/><\/p>\n<p style=\"text-align: justify;\"><img decoding=\"async\" loading=\"lazy\" class=\"wp-image-10310 aligncenter\" src=\"http:\/\/www.spa-grillon.fr\/wp-content\/uploads\/2021\/03\/20210325_184128-905x1024.jpg\" alt=\"20210325_184128\" width=\"443\" height=\"501\" srcset=\"https:\/\/www.spa-grillon.fr\/wp-content\/uploads\/2021\/03\/20210325_184128-905x1024.jpg 905w, https:\/\/www.spa-grillon.fr\/wp-content\/uploads\/2021\/03\/20210325_184128-265x300.jpg 265w, https:\/\/www.spa-grillon.fr\/wp-content\/uploads\/2021\/03\/20210325_184128-768x869.jpg 768w, https:\/\/www.spa-grillon.fr\/wp-content\/uploads\/2021\/03\/20210325_184128.jpg 1045w\" sizes=\"(max-width: 443px) 100vw, 443px\" \/><img decoding=\"async\" loading=\"lazy\" class=\"wp-image-10309 aligncenter\" src=\"http:\/\/www.spa-grillon.fr\/wp-content\/uploads\/2021\/03\/20210325_184107-717x1024.jpg\" alt=\"20210325_184107\" width=\"499\" height=\"713\" srcset=\"https:\/\/www.spa-grillon.fr\/wp-content\/uploads\/2021\/03\/20210325_184107-717x1024.jpg 717w, https:\/\/www.spa-grillon.fr\/wp-content\/uploads\/2021\/03\/20210325_184107-210x300.jpg 210w, https:\/\/www.spa-grillon.fr\/wp-content\/uploads\/2021\/03\/20210325_184107-768x1097.jpg 768w, https:\/\/www.spa-grillon.fr\/wp-content\/uploads\/2021\/03\/20210325_184107.jpg 1656w\" sizes=\"(max-width: 499px) 100vw, 499px\" \/><\/p>\n<div style=\"width: 320px;\" class=\"wp-video\"><!--[if lt IE 9]><script>document.createElement('video');<\/script><![endif]-->\n<video class=\"wp-video-shortcode\" id=\"video-10303-1\" width=\"320\" height=\"180\" preload=\"metadata\" controls=\"controls\"><source type=\"video\/mp4\" src=\"http:\/\/www.spa-grillon.fr\/wp-content\/uploads\/2021\/03\/20210331_161935_001.mp4?_=1\" \/><a href=\"http:\/\/www.spa-grillon.fr\/wp-content\/uploads\/2021\/03\/20210331_161935_001.mp4\">http:\/\/www.spa-grillon.fr\/wp-content\/uploads\/2021\/03\/20210331_161935_001.mp4<\/a><\/video><\/div>\n","protected":false},"excerpt":{"rendered":"<p>Voici Copp\u00e9lia, adorable minette, encore apeur\u00e9e par le changement (d&rsquo;o\u00f9 les yeux tout ronds qu&rsquo;elle a sur les photos ; ). A environ un an, elle est toute menue, toute douce, toute gracieuse. Une vraie poup\u00e9e ! Ses beaux yeux &hellip; <a href=\"https:\/\/www.spa-grillon.fr\/?page_id=10303\">Continuer la lecture <span class=\"meta-nav\">&rarr;<\/span><\/a><\/p>\n","protected":false},"author":2,"featured_media":0,"parent":0,"menu_order":0,"comment_status":"closed","ping_status":"closed","template":"","meta":[],"_links":{"self":[{"href":"https:\/\/www.spa-grillon.fr\/index.php?rest_route=\/wp\/v2\/pages\/10303"}],"collection":[{"href":"https:\/\/www.spa-grillon.fr\/index.php?rest_route=\/wp\/v2\/pages"}],"about":[{"href":"https:\/\/www.spa-grillon.fr\/index.php?rest_route=\/wp\/v2\/types\/page"}],"author":[{"embeddable":true,"href":"https:\/\/www.spa-grillon.fr\/index.php?rest_route=\/wp\/v2\/users\/2"}],"replies":[{"embeddable":true,"href":"https:\/\/www.spa-grillon.fr\/index.php?rest_route=%2Fwp%2Fv2%2Fcomments&post=10303"}],"version-history":[{"count":7,"href":"https:\/\/www.spa-grillon.fr\/index.php?rest_route=\/wp\/v2\/pages\/10303\/revisions"}],"predecessor-version":[{"id":10361,"href":"https:\/\/www.spa-grillon.fr\/index.php?rest_route=\/wp\/v2\/pages\/10303\/revisions\/10361"}],"wp:attachment":[{"href":"https:\/\/www.spa-grillon.fr\/index.php?rest_route=%2Fwp%2Fv2%2Fmedia&parent=10303"}],"curies":[{"name":"wp","href":"https:\/\/api.w.org\/{rel}","templated":true}]}}