{"id":10464,"date":"2021-05-09T20:17:24","date_gmt":"2021-05-09T19:17:24","guid":{"rendered":"http:\/\/www.spa-grillon.fr\/?page_id=10464"},"modified":"2021-05-09T20:17:24","modified_gmt":"2021-05-09T19:17:24","slug":"byron","status":"publish","type":"page","link":"https:\/\/www.spa-grillon.fr\/?page_id=10464","title":{"rendered":"BYRON"},"content":{"rendered":"<p style=\"text-align: justify;\"><img decoding=\"async\" loading=\"lazy\" class=\"size-medium wp-image-10467 alignleft\" src=\"http:\/\/www.spa-grillon.fr\/wp-content\/uploads\/2021\/05\/20210429_134028-300x300.jpg\" alt=\"20210429_134028\" width=\"300\" height=\"300\" srcset=\"https:\/\/www.spa-grillon.fr\/wp-content\/uploads\/2021\/05\/20210429_134028-300x300.jpg 300w, https:\/\/www.spa-grillon.fr\/wp-content\/uploads\/2021\/05\/20210429_134028-150x150.jpg 150w, https:\/\/www.spa-grillon.fr\/wp-content\/uploads\/2021\/05\/20210429_134028-768x768.jpg 768w, https:\/\/www.spa-grillon.fr\/wp-content\/uploads\/2021\/05\/20210429_134028-1024x1024.jpg 1024w\" sizes=\"(max-width: 300px) 100vw, 300px\" \/>Ce bel aristocrate \u00e0 la flamboyante crini\u00e8re est n\u00e9 en 2017. Chat n\u00e9glig\u00e9 sans \u00eatre maltrait\u00e9, nourri par les gens du quartier, il est tr\u00e8s proche des humains et recherche la compagnie. C&rsquo;est un gentil matou, docile et facile \u00e0 vivre, tr\u00e8s cool. Il s&rsquo;entend bien avec ses cong\u00e9n\u00e8res. Il a eu l&rsquo;habitude de l&rsquo;ext\u00e9rieur comme de l&rsquo;int\u00e9rieur : il a donc le sens du confort et des caresses mais il appr\u00e9cie aussi une petite balade, un bain de l\u00e9zard sur les feuilles d&rsquo;un jardin. Ce n&rsquo;est vraiment pas un matou compliqu\u00e9. Il est propre : pas de marquage dans la chatterie en ce qui le concerne. Quant \u00e0 son poil, dont l&rsquo;entretien pourrait rebuter certains adoptants, pour l&rsquo;instant il semble autonettoyant ! Il faut se d\u00e9faire de l&rsquo;id\u00e9e qu&rsquo;un chat \u00e0 poils longs perd davantage ses poils qu&rsquo;un chat \u00e0 poils courts. C&rsquo;est un peu plus de temps \u00e0 lui consacrer mais ce n&rsquo;est pas un sacerdoce non plus. Si vous voulez rencontrer la s\u00e9r\u00e9nit\u00e9 incarn\u00e9e, venez rencontrer Byron. Sa majest\u00e9 vous attend !<\/p>\n<p style=\"text-align: justify;\">PS : pour les fid\u00e8les, ce n&rsquo;est pas Ralph rebaptis\u00e9 ! Malgr\u00e9 sa ressemblance, c&rsquo;est un tout autre chat !<\/p>\n<p style=\"text-align: justify;\"><img decoding=\"async\" loading=\"lazy\" class=\"aligncenter wp-image-10470 \" src=\"http:\/\/www.spa-grillon.fr\/wp-content\/uploads\/2021\/05\/20210429_134117-1024x1024.jpg\" alt=\"20210429_134117\" width=\"518\" height=\"518\" srcset=\"https:\/\/www.spa-grillon.fr\/wp-content\/uploads\/2021\/05\/20210429_134117-1024x1024.jpg 1024w, https:\/\/www.spa-grillon.fr\/wp-content\/uploads\/2021\/05\/20210429_134117-150x150.jpg 150w, https:\/\/www.spa-grillon.fr\/wp-content\/uploads\/2021\/05\/20210429_134117-300x300.jpg 300w, https:\/\/www.spa-grillon.fr\/wp-content\/uploads\/2021\/05\/20210429_134117-768x767.jpg 768w, https:\/\/www.spa-grillon.fr\/wp-content\/uploads\/2021\/05\/20210429_134117.jpg 1330w\" sizes=\"(max-width: 518px) 100vw, 518px\" \/><img decoding=\"async\" loading=\"lazy\" class=\"aligncenter  wp-image-10466\" src=\"http:\/\/www.spa-grillon.fr\/wp-content\/uploads\/2021\/05\/20210429_133902-1024x1024.jpg\" alt=\"20210429_133902\" width=\"517\" height=\"517\" srcset=\"https:\/\/www.spa-grillon.fr\/wp-content\/uploads\/2021\/05\/20210429_133902-1024x1024.jpg 1024w, https:\/\/www.spa-grillon.fr\/wp-content\/uploads\/2021\/05\/20210429_133902-150x150.jpg 150w, https:\/\/www.spa-grillon.fr\/wp-content\/uploads\/2021\/05\/20210429_133902-300x300.jpg 300w, https:\/\/www.spa-grillon.fr\/wp-content\/uploads\/2021\/05\/20210429_133902-768x769.jpg 768w, https:\/\/www.spa-grillon.fr\/wp-content\/uploads\/2021\/05\/20210429_133902.jpg 1087w\" sizes=\"(max-width: 517px) 100vw, 517px\" \/><\/p>\n","protected":false},"excerpt":{"rendered":"<p>Ce bel aristocrate \u00e0 la flamboyante crini\u00e8re est n\u00e9 en 2017. Chat n\u00e9glig\u00e9 sans \u00eatre maltrait\u00e9, nourri par les gens du quartier, il est tr\u00e8s proche des humains et recherche la compagnie. C&rsquo;est un gentil matou, docile et facile \u00e0 &hellip; <a href=\"https:\/\/www.spa-grillon.fr\/?page_id=10464\">Continuer la lecture <span class=\"meta-nav\">&rarr;<\/span><\/a><\/p>\n","protected":false},"author":2,"featured_media":0,"parent":0,"menu_order":0,"comment_status":"closed","ping_status":"closed","template":"","meta":[],"_links":{"self":[{"href":"https:\/\/www.spa-grillon.fr\/index.php?rest_route=\/wp\/v2\/pages\/10464"}],"collection":[{"href":"https:\/\/www.spa-grillon.fr\/index.php?rest_route=\/wp\/v2\/pages"}],"about":[{"href":"https:\/\/www.spa-grillon.fr\/index.php?rest_route=\/wp\/v2\/types\/page"}],"author":[{"embeddable":true,"href":"https:\/\/www.spa-grillon.fr\/index.php?rest_route=\/wp\/v2\/users\/2"}],"replies":[{"embeddable":true,"href":"https:\/\/www.spa-grillon.fr\/index.php?rest_route=%2Fwp%2Fv2%2Fcomments&post=10464"}],"version-history":[{"count":1,"href":"https:\/\/www.spa-grillon.fr\/index.php?rest_route=\/wp\/v2\/pages\/10464\/revisions"}],"predecessor-version":[{"id":10473,"href":"https:\/\/www.spa-grillon.fr\/index.php?rest_route=\/wp\/v2\/pages\/10464\/revisions\/10473"}],"wp:attachment":[{"href":"https:\/\/www.spa-grillon.fr\/index.php?rest_route=%2Fwp%2Fv2%2Fmedia&parent=10464"}],"curies":[{"name":"wp","href":"https:\/\/api.w.org\/{rel}","templated":true}]}}