{"id":11033,"date":"2021-10-02T19:21:52","date_gmt":"2021-10-02T18:21:52","guid":{"rendered":"http:\/\/www.spa-grillon.fr\/?page_id=11033"},"modified":"2021-11-13T12:25:28","modified_gmt":"2021-11-13T11:25:28","slug":"socrate","status":"publish","type":"page","link":"https:\/\/www.spa-grillon.fr\/?page_id=11033","title":{"rendered":"SOCRATE"},"content":{"rendered":"<p style=\"text-align: justify;\">Socrate \u00e9tait presque sauvageon \u00e0 son arriv\u00e9e : la n\u00e9cessit\u00e9 des traitements a fait des miracles et il est devenu tr\u00e8s gentil. Il restera peut-\u00eatre un peu plus ind\u00e9pendant que les autres, et encore : depuis qu&rsquo;il a un petit acc\u00e8s \u00e0 l&rsquo;ext\u00e9rieur, il s&rsquo;est r\u00e9v\u00e9l\u00e9 tr\u00e8s avide de caresses. Quand il aura d\u00e9couvert la vie de famille, nul doute qu&rsquo;il saura l&rsquo;appr\u00e9cier ! Il lui faudra un acc\u00e8s \u00e0 l&rsquo;ext\u00e9rieur. Comme ses copains, il est sociable avec les autres chats et joueur mais aime surtout les siestes, au soleil si possible ! Il ne conna\u00eet pas les chiens. Comme il se montre m\u00e9fiant des \u00e9trangers, il a tendance \u00e0 fuir les visiteurs et pourtant, il est vraiment affectueux quand il a pris ses marques.<\/p>\n<p style=\"text-align: justify;\"><img decoding=\"async\" loading=\"lazy\" class=\"wp-image-11092 aligncenter\" src=\"http:\/\/www.spa-grillon.fr\/wp-content\/uploads\/2021\/10\/Sancha-8-799x1024.jpg\" alt=\"Sancha (8)\" width=\"499\" height=\"639\" srcset=\"https:\/\/www.spa-grillon.fr\/wp-content\/uploads\/2021\/10\/Sancha-8-799x1024.jpg 799w, https:\/\/www.spa-grillon.fr\/wp-content\/uploads\/2021\/10\/Sancha-8-234x300.jpg 234w, https:\/\/www.spa-grillon.fr\/wp-content\/uploads\/2021\/10\/Sancha-8-768x984.jpg 768w\" sizes=\"(max-width: 499px) 100vw, 499px\" \/> <img decoding=\"async\" loading=\"lazy\" class=\"wp-image-11091 aligncenter\" src=\"http:\/\/www.spa-grillon.fr\/wp-content\/uploads\/2021\/10\/Sancha-7-961x1024.jpg\" alt=\"Sancha (7)\" width=\"488\" height=\"520\" srcset=\"https:\/\/www.spa-grillon.fr\/wp-content\/uploads\/2021\/10\/Sancha-7-961x1024.jpg 961w, https:\/\/www.spa-grillon.fr\/wp-content\/uploads\/2021\/10\/Sancha-7-282x300.jpg 282w, https:\/\/www.spa-grillon.fr\/wp-content\/uploads\/2021\/10\/Sancha-7-768x818.jpg 768w, https:\/\/www.spa-grillon.fr\/wp-content\/uploads\/2021\/10\/Sancha-7.jpg 1205w\" sizes=\"(max-width: 488px) 100vw, 488px\" \/><\/p>\n<p style=\"text-align: justify;\"><a href=\"http:\/\/www.spa-grillon.fr\/wp-content\/uploads\/2021\/10\/socrate.jpg\" rel=\"attachment wp-att-11008\"><img decoding=\"async\" loading=\"lazy\" class=\"aligncenter wp-image-11008 \" src=\"http:\/\/www.spa-grillon.fr\/wp-content\/uploads\/2021\/10\/socrate-e1633198807274-1024x775.jpg\" alt=\"socrate\" width=\"489\" height=\"370\" srcset=\"https:\/\/www.spa-grillon.fr\/wp-content\/uploads\/2021\/10\/socrate-e1633198807274-1024x775.jpg 1024w, https:\/\/www.spa-grillon.fr\/wp-content\/uploads\/2021\/10\/socrate-e1633198807274-300x227.jpg 300w, https:\/\/www.spa-grillon.fr\/wp-content\/uploads\/2021\/10\/socrate-e1633198807274-768x582.jpg 768w, https:\/\/www.spa-grillon.fr\/wp-content\/uploads\/2021\/10\/socrate-e1633198807274.jpg 1710w\" sizes=\"(max-width: 489px) 100vw, 489px\" \/><\/a><\/p>\n<div id=\"attachment_11006\" style=\"width: 504px\" class=\"wp-caption aligncenter\"><a href=\"http:\/\/www.spa-grillon.fr\/wp-content\/uploads\/2021\/10\/Socrate-1.jpg\" rel=\"attachment wp-att-11006\"><img aria-describedby=\"caption-attachment-11006\" decoding=\"async\" loading=\"lazy\" class=\"wp-image-11006 \" src=\"http:\/\/www.spa-grillon.fr\/wp-content\/uploads\/2021\/10\/Socrate-1-e1633198843985-1024x974.jpg\" alt=\"Socrate (1)\" width=\"494\" height=\"470\" srcset=\"https:\/\/www.spa-grillon.fr\/wp-content\/uploads\/2021\/10\/Socrate-1-e1633198843985-1024x974.jpg 1024w, https:\/\/www.spa-grillon.fr\/wp-content\/uploads\/2021\/10\/Socrate-1-e1633198843985-300x285.jpg 300w, https:\/\/www.spa-grillon.fr\/wp-content\/uploads\/2021\/10\/Socrate-1-e1633198843985-768x731.jpg 768w, https:\/\/www.spa-grillon.fr\/wp-content\/uploads\/2021\/10\/Socrate-1-e1633198843985.jpg 1401w\" sizes=\"(max-width: 494px) 100vw, 494px\" \/><\/a><p id=\"caption-attachment-11006\" class=\"wp-caption-text\">Non, on ne tire pas la langue \u00e0 ses futurs adoptants !<\/p><\/div>\n<div id=\"attachment_11007\" style=\"width: 506px\" class=\"wp-caption aligncenter\"><a href=\"http:\/\/www.spa-grillon.fr\/wp-content\/uploads\/2021\/10\/Socrate-2.jpg\" rel=\"attachment wp-att-11007\"><img aria-describedby=\"caption-attachment-11007\" decoding=\"async\" loading=\"lazy\" class=\"wp-image-11007\" src=\"http:\/\/www.spa-grillon.fr\/wp-content\/uploads\/2021\/10\/Socrate-2-e1633198887511-842x1024.jpg\" alt=\"SOCRATE, n\u00e9 en 04\/2021\" width=\"496\" height=\"604\" srcset=\"https:\/\/www.spa-grillon.fr\/wp-content\/uploads\/2021\/10\/Socrate-2-e1633198887511-842x1024.jpg 842w, https:\/\/www.spa-grillon.fr\/wp-content\/uploads\/2021\/10\/Socrate-2-e1633198887511-247x300.jpg 247w, https:\/\/www.spa-grillon.fr\/wp-content\/uploads\/2021\/10\/Socrate-2-e1633198887511-768x934.jpg 768w, https:\/\/www.spa-grillon.fr\/wp-content\/uploads\/2021\/10\/Socrate-2-e1633198887511.jpg 1200w\" sizes=\"(max-width: 496px) 100vw, 496px\" \/><\/a><p id=\"caption-attachment-11007\" class=\"wp-caption-text\">Voil\u00e0, l\u00e0, c&rsquo;est mieux !<\/p><\/div>\n<p><img decoding=\"async\" loading=\"lazy\" class=\"aligncenter\" src=\"http:\/\/www.spa-grillon.fr\/wp-content\/uploads\/2021\/10\/Socrate-3-1024x871.jpg\" alt=\"Socrate (3)\" width=\"439\" height=\"373\" \/> <img decoding=\"async\" loading=\"lazy\" class=\"wp-image-11119 aligncenter\" src=\"http:\/\/www.spa-grillon.fr\/wp-content\/uploads\/2021\/10\/Socrate-2-1-776x1024.jpg\" alt=\"Socrate (2)\" width=\"440\" height=\"581\" srcset=\"https:\/\/www.spa-grillon.fr\/wp-content\/uploads\/2021\/10\/Socrate-2-1-776x1024.jpg 776w, https:\/\/www.spa-grillon.fr\/wp-content\/uploads\/2021\/10\/Socrate-2-1-227x300.jpg 227w, https:\/\/www.spa-grillon.fr\/wp-content\/uploads\/2021\/10\/Socrate-2-1-768x1013.jpg 768w, https:\/\/www.spa-grillon.fr\/wp-content\/uploads\/2021\/10\/Socrate-2-1.jpg 1190w\" sizes=\"(max-width: 440px) 100vw, 440px\" \/><\/p>\n","protected":false},"excerpt":{"rendered":"<p>Socrate \u00e9tait presque sauvageon \u00e0 son arriv\u00e9e : la n\u00e9cessit\u00e9 des traitements a fait des miracles et il est devenu tr\u00e8s gentil. Il restera peut-\u00eatre un peu plus ind\u00e9pendant que les autres, et encore : depuis qu&rsquo;il a un petit &hellip; <a href=\"https:\/\/www.spa-grillon.fr\/?page_id=11033\">Continuer la lecture <span class=\"meta-nav\">&rarr;<\/span><\/a><\/p>\n","protected":false},"author":2,"featured_media":0,"parent":0,"menu_order":0,"comment_status":"closed","ping_status":"closed","template":"","meta":[],"_links":{"self":[{"href":"https:\/\/www.spa-grillon.fr\/index.php?rest_route=\/wp\/v2\/pages\/11033"}],"collection":[{"href":"https:\/\/www.spa-grillon.fr\/index.php?rest_route=\/wp\/v2\/pages"}],"about":[{"href":"https:\/\/www.spa-grillon.fr\/index.php?rest_route=\/wp\/v2\/types\/page"}],"author":[{"embeddable":true,"href":"https:\/\/www.spa-grillon.fr\/index.php?rest_route=\/wp\/v2\/users\/2"}],"replies":[{"embeddable":true,"href":"https:\/\/www.spa-grillon.fr\/index.php?rest_route=%2Fwp%2Fv2%2Fcomments&post=11033"}],"version-history":[{"count":7,"href":"https:\/\/www.spa-grillon.fr\/index.php?rest_route=\/wp\/v2\/pages\/11033\/revisions"}],"predecessor-version":[{"id":11285,"href":"https:\/\/www.spa-grillon.fr\/index.php?rest_route=\/wp\/v2\/pages\/11033\/revisions\/11285"}],"wp:attachment":[{"href":"https:\/\/www.spa-grillon.fr\/index.php?rest_route=%2Fwp%2Fv2%2Fmedia&parent=11033"}],"curies":[{"name":"wp","href":"https:\/\/api.w.org\/{rel}","templated":true}]}}