{"id":11044,"date":"2021-10-02T19:48:13","date_gmt":"2021-10-02T18:48:13","guid":{"rendered":"http:\/\/www.spa-grillon.fr\/?page_id=11044"},"modified":"2021-10-02T19:50:12","modified_gmt":"2021-10-02T18:50:12","slug":"pitchoune","status":"publish","type":"page","link":"https:\/\/www.spa-grillon.fr\/?page_id=11044","title":{"rendered":"PITCHOUNE"},"content":{"rendered":"<p style=\"text-align: justify;\">Pitchoune ne nous a jamais confi\u00e9 d&rsquo;o\u00f9 elle venait. Toujours est-il qu&rsquo;elle est adorable, c\u00e2line et tr\u00e8s joueuse : on ne peut douter qu&rsquo;elle ait \u00e9t\u00e9 \u00e9lev\u00e9 dans une maison. Elle ne griffe pas : elle sera parfaite pour une famille avec des enfants car elle ne pense qu&rsquo;\u00e0 s&rsquo;amuser. Elle est actuellement trait\u00e9e pour un coryza (elle \u00e9ternue encore&#8230;) mais sera propos\u00e9e \u00e0 l&rsquo;adoption d\u00e8s qu&rsquo;elle sera gu\u00e9rie. Il lui faudra un acc\u00e8s \u00e0 l&rsquo;ext\u00e9rieur car, m\u00eame un peu patraque, elle est tr\u00e8s active. Vous pouvez en revanche venir la voir et la r\u00e9server. C&rsquo;est un amour de petite chatte.<\/p>\n<p><a href=\"http:\/\/www.spa-grillon.fr\/wp-content\/uploads\/2021\/10\/pitchoune-6.jpg\" rel=\"attachment wp-att-10982\"><img decoding=\"async\" loading=\"lazy\" class=\"aligncenter wp-image-10982\" src=\"http:\/\/www.spa-grillon.fr\/wp-content\/uploads\/2021\/10\/pitchoune-6-1024x768.jpg\" alt=\"PITCHOUNE, n\u00e9e en 04\/2021\" width=\"484\" height=\"363\" \/><\/a><\/p>\n<p><a href=\"http:\/\/www.spa-grillon.fr\/wp-content\/uploads\/2021\/10\/Pitchoune-1.jpg\" rel=\"attachment wp-att-10977\"><img decoding=\"async\" loading=\"lazy\" class=\"wp-image-10977 aligncenter\" src=\"http:\/\/www.spa-grillon.fr\/wp-content\/uploads\/2021\/10\/Pitchoune-1-964x1024.jpg\" alt=\"Pitchoune (1)\" width=\"498\" height=\"529\" srcset=\"https:\/\/www.spa-grillon.fr\/wp-content\/uploads\/2021\/10\/Pitchoune-1-964x1024.jpg 964w, https:\/\/www.spa-grillon.fr\/wp-content\/uploads\/2021\/10\/Pitchoune-1-283x300.jpg 283w, https:\/\/www.spa-grillon.fr\/wp-content\/uploads\/2021\/10\/Pitchoune-1-768x815.jpg 768w\" sizes=\"(max-width: 498px) 100vw, 498px\" \/><\/a><a href=\"http:\/\/www.spa-grillon.fr\/wp-content\/uploads\/2021\/10\/pitchoune-5.jpg\" rel=\"attachment wp-att-10981\"><img decoding=\"async\" loading=\"lazy\" class=\"wp-image-10981 aligncenter\" src=\"http:\/\/www.spa-grillon.fr\/wp-content\/uploads\/2021\/10\/pitchoune-5-1024x768.jpg\" alt=\"pitchoune (5)\" width=\"499\" height=\"374\" srcset=\"https:\/\/www.spa-grillon.fr\/wp-content\/uploads\/2021\/10\/pitchoune-5-1024x768.jpg 1024w, https:\/\/www.spa-grillon.fr\/wp-content\/uploads\/2021\/10\/pitchoune-5-300x225.jpg 300w, https:\/\/www.spa-grillon.fr\/wp-content\/uploads\/2021\/10\/pitchoune-5-768x576.jpg 768w\" sizes=\"(max-width: 499px) 100vw, 499px\" \/><\/a><\/p>\n<div style=\"width: 640px;\" class=\"wp-video\"><!--[if lt IE 9]><script>document.createElement('video');<\/script><![endif]-->\n<video class=\"wp-video-shortcode\" id=\"video-11044-1\" width=\"640\" height=\"360\" preload=\"metadata\" controls=\"controls\"><source type=\"video\/mp4\" src=\"http:\/\/www.spa-grillon.fr\/wp-content\/uploads\/2021\/10\/20211002_131344.mp4?_=1\" \/><a href=\"http:\/\/www.spa-grillon.fr\/wp-content\/uploads\/2021\/10\/20211002_131344.mp4\">http:\/\/www.spa-grillon.fr\/wp-content\/uploads\/2021\/10\/20211002_131344.mp4<\/a><\/video><\/div>\n<p>&nbsp;<\/p>\n","protected":false},"excerpt":{"rendered":"<p>Pitchoune ne nous a jamais confi\u00e9 d&rsquo;o\u00f9 elle venait. Toujours est-il qu&rsquo;elle est adorable, c\u00e2line et tr\u00e8s joueuse : on ne peut douter qu&rsquo;elle ait \u00e9t\u00e9 \u00e9lev\u00e9 dans une maison. Elle ne griffe pas : elle sera parfaite pour une &hellip; <a href=\"https:\/\/www.spa-grillon.fr\/?page_id=11044\">Continuer la lecture <span class=\"meta-nav\">&rarr;<\/span><\/a><\/p>\n","protected":false},"author":2,"featured_media":0,"parent":0,"menu_order":0,"comment_status":"closed","ping_status":"closed","template":"","meta":[],"_links":{"self":[{"href":"https:\/\/www.spa-grillon.fr\/index.php?rest_route=\/wp\/v2\/pages\/11044"}],"collection":[{"href":"https:\/\/www.spa-grillon.fr\/index.php?rest_route=\/wp\/v2\/pages"}],"about":[{"href":"https:\/\/www.spa-grillon.fr\/index.php?rest_route=\/wp\/v2\/types\/page"}],"author":[{"embeddable":true,"href":"https:\/\/www.spa-grillon.fr\/index.php?rest_route=\/wp\/v2\/users\/2"}],"replies":[{"embeddable":true,"href":"https:\/\/www.spa-grillon.fr\/index.php?rest_route=%2Fwp%2Fv2%2Fcomments&post=11044"}],"version-history":[{"count":2,"href":"https:\/\/www.spa-grillon.fr\/index.php?rest_route=\/wp\/v2\/pages\/11044\/revisions"}],"predecessor-version":[{"id":11048,"href":"https:\/\/www.spa-grillon.fr\/index.php?rest_route=\/wp\/v2\/pages\/11044\/revisions\/11048"}],"wp:attachment":[{"href":"https:\/\/www.spa-grillon.fr\/index.php?rest_route=%2Fwp%2Fv2%2Fmedia&parent=11044"}],"curies":[{"name":"wp","href":"https:\/\/api.w.org\/{rel}","templated":true}]}}