{"id":12040,"date":"2022-05-15T16:56:36","date_gmt":"2022-05-15T15:56:36","guid":{"rendered":"http:\/\/www.spa-grillon.fr\/?page_id=12040"},"modified":"2023-04-22T15:08:15","modified_gmt":"2023-04-22T14:08:15","slug":"sully","status":"publish","type":"page","link":"https:\/\/www.spa-grillon.fr\/?page_id=12040","title":{"rendered":"SULLY"},"content":{"rendered":"<p style=\"text-align: justify;\"><a href=\"http:\/\/www.spa-grillon.fr\/wp-content\/uploads\/2022\/05\/20220508_123322.jpg\" rel=\"attachment wp-att-12047\"><img decoding=\"async\" loading=\"lazy\" class=\"size-medium wp-image-12047 alignleft\" src=\"http:\/\/www.spa-grillon.fr\/wp-content\/uploads\/2022\/05\/20220508_123322-300x228.jpg\" alt=\"20220508_123322\" width=\"300\" height=\"228\" srcset=\"https:\/\/www.spa-grillon.fr\/wp-content\/uploads\/2022\/05\/20220508_123322-300x228.jpg 300w, https:\/\/www.spa-grillon.fr\/wp-content\/uploads\/2022\/05\/20220508_123322-768x584.jpg 768w, https:\/\/www.spa-grillon.fr\/wp-content\/uploads\/2022\/05\/20220508_123322-1024x778.jpg 1024w\" sizes=\"(max-width: 300px) 100vw, 300px\" \/><\/a>Sully est un jeune matou n\u00e9 en mars 2021, arriv\u00e9 par la fourri\u00e8re et jamais r\u00e9clam\u00e9. C&rsquo;est un tr\u00e8s gentil chat, tr\u00e8s timide mais tr\u00e8s c\u00e2lin une fois qu&rsquo;il vous a identifi\u00e9. Il aura besoin de ma\u00eetres patients, connaissant un peu les chats au d\u00e9but pour l&rsquo;apaiser et comprendre ses r\u00e9actions. Sa vie au refuge a \u00e9t\u00e9 assez rocambolesque. Il \u00e9tait en libert\u00e9 dans le refuge comme d&rsquo;autres matous et vivait tranquillement en attendant qu&rsquo;on l&rsquo;apprivoise suffisamment pour le passer \u00e0 l&rsquo;adoption. Mais il a \u00e9t\u00e9 attaqu\u00e9 par un chien qui n&rsquo;aurait pas d\u00fb se trouver l\u00e0. Il s&rsquo;est enfui le temps que nous ma\u00eetrisions le chien et nous ne l&rsquo;avons plus vu pendant plusieurs semaines. Nous le pensions mort. Et quelle ne fut pas notre surprise de le retrouver un beau matin&#8230; Il allait bien! Il a gard\u00e9 de son altercation avec le chien une m\u00e2choire fractur\u00e9e qui s&rsquo;est malheureusement ressoud\u00e9e un peu de travers d&rsquo;o\u00f9 l&rsquo;allure bizarre de son croc du bas. Dans la mesure o\u00f9 il ne souffre pas et o\u00f9 il arrive \u00e0 manger sans difficult\u00e9 ses croquettes, nous avons d\u00e9cid\u00e9 de ne pas lui faire subir une op\u00e9ration lourde. Sa bouche lui donne un air de gentil petit phacoch\u00e8re ! Sully vous demandera un peu de patience au d\u00e9but mais c&rsquo;est un chat adorable, qui ne griffe pas. Il n&rsquo;a pas gard\u00e9 rancune aux chiens dont il s&rsquo;approche sans crainte et il s&rsquo;entend bien avec les autres chats. En revanche, il est le souffre-douleur des fortes-t\u00eates du refuge : il se fait souvent battre par les autres ce qui fait que nous voudrions vraiment arriver \u00e0 lui trouver une maison. Avec Sully, il faudra respecter strictement la p\u00e9riode de s\u00e9curit\u00e9 avant de le laisser sortir car il a l&rsquo;habitude de baruler.<\/p>\n<p style=\"text-align: justify;\"><a href=\"http:\/\/www.spa-grillon.fr\/wp-content\/uploads\/2022\/05\/20220508_123312.jpg\" rel=\"attachment wp-att-12045\"><img decoding=\"async\" loading=\"lazy\" class=\"wp-image-12045 aligncenter\" src=\"http:\/\/www.spa-grillon.fr\/wp-content\/uploads\/2022\/05\/20220508_123312-789x1024.jpg\" alt=\"20220508_123312\" width=\"500\" height=\"649\" srcset=\"https:\/\/www.spa-grillon.fr\/wp-content\/uploads\/2022\/05\/20220508_123312-789x1024.jpg 789w, https:\/\/www.spa-grillon.fr\/wp-content\/uploads\/2022\/05\/20220508_123312-231x300.jpg 231w, https:\/\/www.spa-grillon.fr\/wp-content\/uploads\/2022\/05\/20220508_123312-768x996.jpg 768w, https:\/\/www.spa-grillon.fr\/wp-content\/uploads\/2022\/05\/20220508_123312.jpg 1382w\" sizes=\"(max-width: 500px) 100vw, 500px\" \/><\/a><\/p>\n<p style=\"text-align: justify;\"><a href=\"http:\/\/www.spa-grillon.fr\/wp-content\/uploads\/2022\/05\/20220508_123054.jpg\" rel=\"attachment wp-att-12042\"><img decoding=\"async\" loading=\"lazy\" class=\"wp-image-12042 aligncenter\" src=\"http:\/\/www.spa-grillon.fr\/wp-content\/uploads\/2022\/05\/20220508_123054-1024x954.jpg\" alt=\"20220508_123054\" width=\"500\" height=\"466\" srcset=\"https:\/\/www.spa-grillon.fr\/wp-content\/uploads\/2022\/05\/20220508_123054-1024x954.jpg 1024w, https:\/\/www.spa-grillon.fr\/wp-content\/uploads\/2022\/05\/20220508_123054-300x280.jpg 300w, https:\/\/www.spa-grillon.fr\/wp-content\/uploads\/2022\/05\/20220508_123054-768x716.jpg 768w, https:\/\/www.spa-grillon.fr\/wp-content\/uploads\/2022\/05\/20220508_123054.jpg 1932w\" sizes=\"(max-width: 500px) 100vw, 500px\" \/><\/a><a href=\"http:\/\/www.spa-grillon.fr\/wp-content\/uploads\/2022\/05\/20220508_1236000.jpg\" rel=\"attachment wp-att-12053\"><img decoding=\"async\" loading=\"lazy\" class=\"wp-image-12053 aligncenter\" src=\"http:\/\/www.spa-grillon.fr\/wp-content\/uploads\/2022\/05\/20220508_1236000-848x1024.jpg\" alt=\"20220508_123600(0)\" width=\"500\" height=\"604\" srcset=\"https:\/\/www.spa-grillon.fr\/wp-content\/uploads\/2022\/05\/20220508_1236000-848x1024.jpg 848w, https:\/\/www.spa-grillon.fr\/wp-content\/uploads\/2022\/05\/20220508_1236000-248x300.jpg 248w, https:\/\/www.spa-grillon.fr\/wp-content\/uploads\/2022\/05\/20220508_1236000-768x927.jpg 768w, https:\/\/www.spa-grillon.fr\/wp-content\/uploads\/2022\/05\/20220508_1236000.jpg 1177w\" sizes=\"(max-width: 500px) 100vw, 500px\" \/><\/a><a href=\"http:\/\/www.spa-grillon.fr\/wp-content\/uploads\/2022\/05\/20220508_123046.jpg\" rel=\"attachment wp-att-12041\"><img decoding=\"async\" loading=\"lazy\" class=\"wp-image-12041 aligncenter\" src=\"http:\/\/www.spa-grillon.fr\/wp-content\/uploads\/2022\/05\/20220508_123046-1024x943.jpg\" alt=\"20220508_123046\" width=\"501\" height=\"461\" srcset=\"https:\/\/www.spa-grillon.fr\/wp-content\/uploads\/2022\/05\/20220508_123046-1024x943.jpg 1024w, https:\/\/www.spa-grillon.fr\/wp-content\/uploads\/2022\/05\/20220508_123046-300x276.jpg 300w, https:\/\/www.spa-grillon.fr\/wp-content\/uploads\/2022\/05\/20220508_123046-768x708.jpg 768w, https:\/\/www.spa-grillon.fr\/wp-content\/uploads\/2022\/05\/20220508_123046.jpg 1182w\" sizes=\"(max-width: 501px) 100vw, 501px\" \/><\/a><a href=\"http:\/\/www.spa-grillon.fr\/wp-content\/uploads\/2022\/05\/20220508_123557.jpg\" rel=\"attachment wp-att-12051\"><img decoding=\"async\" loading=\"lazy\" class=\"wp-image-12051 aligncenter\" src=\"http:\/\/www.spa-grillon.fr\/wp-content\/uploads\/2022\/05\/20220508_123557-767x1024.jpg\" alt=\"20220508_123557\" width=\"501\" height=\"669\" srcset=\"https:\/\/www.spa-grillon.fr\/wp-content\/uploads\/2022\/05\/20220508_123557-767x1024.jpg 767w, https:\/\/www.spa-grillon.fr\/wp-content\/uploads\/2022\/05\/20220508_123557-225x300.jpg 225w, https:\/\/www.spa-grillon.fr\/wp-content\/uploads\/2022\/05\/20220508_123557-768x1025.jpg 768w, https:\/\/www.spa-grillon.fr\/wp-content\/uploads\/2022\/05\/20220508_123557.jpg 1130w\" sizes=\"(max-width: 501px) 100vw, 501px\" \/><\/a><\/p>\n","protected":false},"excerpt":{"rendered":"<p>Sully est un jeune matou n\u00e9 en mars 2021, arriv\u00e9 par la fourri\u00e8re et jamais r\u00e9clam\u00e9. C&rsquo;est un tr\u00e8s gentil chat, tr\u00e8s timide mais tr\u00e8s c\u00e2lin une fois qu&rsquo;il vous a identifi\u00e9. Il aura besoin de ma\u00eetres patients, connaissant un &hellip; <a href=\"https:\/\/www.spa-grillon.fr\/?page_id=12040\">Continuer la lecture <span class=\"meta-nav\">&rarr;<\/span><\/a><\/p>\n","protected":false},"author":2,"featured_media":0,"parent":0,"menu_order":0,"comment_status":"closed","ping_status":"closed","template":"","meta":[],"_links":{"self":[{"href":"https:\/\/www.spa-grillon.fr\/index.php?rest_route=\/wp\/v2\/pages\/12040"}],"collection":[{"href":"https:\/\/www.spa-grillon.fr\/index.php?rest_route=\/wp\/v2\/pages"}],"about":[{"href":"https:\/\/www.spa-grillon.fr\/index.php?rest_route=\/wp\/v2\/types\/page"}],"author":[{"embeddable":true,"href":"https:\/\/www.spa-grillon.fr\/index.php?rest_route=\/wp\/v2\/users\/2"}],"replies":[{"embeddable":true,"href":"https:\/\/www.spa-grillon.fr\/index.php?rest_route=%2Fwp%2Fv2%2Fcomments&post=12040"}],"version-history":[{"count":6,"href":"https:\/\/www.spa-grillon.fr\/index.php?rest_route=\/wp\/v2\/pages\/12040\/revisions"}],"predecessor-version":[{"id":13343,"href":"https:\/\/www.spa-grillon.fr\/index.php?rest_route=\/wp\/v2\/pages\/12040\/revisions\/13343"}],"wp:attachment":[{"href":"https:\/\/www.spa-grillon.fr\/index.php?rest_route=%2Fwp%2Fv2%2Fmedia&parent=12040"}],"curies":[{"name":"wp","href":"https:\/\/api.w.org\/{rel}","templated":true}]}}