{"id":12718,"date":"2022-11-03T12:08:53","date_gmt":"2022-11-03T11:08:53","guid":{"rendered":"http:\/\/www.spa-grillon.fr\/?page_id=12718"},"modified":"2022-11-03T12:42:08","modified_gmt":"2022-11-03T11:42:08","slug":"germain","status":"publish","type":"page","link":"https:\/\/www.spa-grillon.fr\/?page_id=12718","title":{"rendered":"GERMAIN"},"content":{"rendered":"<p><strong><a href=\"http:\/\/www.spa-grillon.fr\/wp-content\/uploads\/2022\/11\/Germain-11.jpg\" rel=\"attachment wp-att-12725\"><img decoding=\"async\" loading=\"lazy\" class=\"size-medium wp-image-12725 alignleft\" src=\"http:\/\/www.spa-grillon.fr\/wp-content\/uploads\/2022\/11\/Germain-11-300x285.jpg\" alt=\"Germain (11)\" width=\"300\" height=\"285\" srcset=\"https:\/\/www.spa-grillon.fr\/wp-content\/uploads\/2022\/11\/Germain-11-300x285.jpg 300w, https:\/\/www.spa-grillon.fr\/wp-content\/uploads\/2022\/11\/Germain-11.jpg 672w\" sizes=\"(max-width: 300px) 100vw, 300px\" \/><\/a><\/strong><\/p>\n<p><strong>Sexe<\/strong> : m\u00e2le<\/p>\n<p><strong>Race <\/strong>: griffon<\/p>\n<p><strong>Age <\/strong>: n\u00e9 en 06\/2021<\/p>\n<p><strong>Taille <\/strong>: moyenne\/grande<\/p>\n<p>&nbsp;<\/p>\n<p>&nbsp;<\/p>\n<p style=\"text-align: justify;\"><strong>Caract\u00e9ristiques <\/strong>: Germain est arriv\u00e9 par la fourri\u00e8re et n&rsquo;a jamais \u00e9t\u00e9 r\u00e9clam\u00e9. C&rsquo;est pourtant un chien \u00e9quilibr\u00e9, tr\u00e8s gentil et qui ne semble pas bien compliqu\u00e9 \u00e0 vivre. Il est tr\u00e8s attach\u00e9 aux personnes et s&rsquo;enthousiasme \u00e0 l&rsquo;approche de quiconque pr\u00eate attention \u00e0 lui. Tout simple, il s&rsquo;entend bien avec ses cong\u00e9n\u00e8res. Les chats, en revanche, c&rsquo;est une autre histoire : un peu chasseur dans l&rsquo;\u00e2me, le Germain ! Et la course au chat ou la course au lapin, \u00e7a lui pla\u00eet! Il est tr\u00e8s \u00e0 l&rsquo;\u00e9coute et apprendra vite beaucoup de choses mais renoncer \u00e0 courir le matou, rien n&rsquo;est moins s\u00fbr. En laisse, il ne tire que s&rsquo;il a rep\u00e9r\u00e9 quelque chose. Germain pourra s&rsquo;adapter dans tout type de famille, avec ou sans enfants. Il aimera sans r\u00e9serves celui qui lui ouvrira sa porte.<\/p>\n<p style=\"text-align: justify;\"><a href=\"http:\/\/www.spa-grillon.fr\/wp-content\/uploads\/2022\/11\/Germain-5.jpg\" rel=\"attachment wp-att-12727\"><img decoding=\"async\" loading=\"lazy\" class=\"wp-image-12727 aligncenter\" src=\"http:\/\/www.spa-grillon.fr\/wp-content\/uploads\/2022\/11\/Germain-5-911x1024.jpg\" alt=\"Germain (5)\" width=\"523\" height=\"588\" srcset=\"https:\/\/www.spa-grillon.fr\/wp-content\/uploads\/2022\/11\/Germain-5-911x1024.jpg 911w, https:\/\/www.spa-grillon.fr\/wp-content\/uploads\/2022\/11\/Germain-5-267x300.jpg 267w, https:\/\/www.spa-grillon.fr\/wp-content\/uploads\/2022\/11\/Germain-5-768x863.jpg 768w, https:\/\/www.spa-grillon.fr\/wp-content\/uploads\/2022\/11\/Germain-5.jpg 1092w\" sizes=\"(max-width: 523px) 100vw, 523px\" \/><\/a><a href=\"http:\/\/www.spa-grillon.fr\/wp-content\/uploads\/2022\/11\/Germain-2.jpg\" rel=\"attachment wp-att-12722\"><img decoding=\"async\" loading=\"lazy\" class=\"wp-image-12722 aligncenter\" src=\"http:\/\/www.spa-grillon.fr\/wp-content\/uploads\/2022\/11\/Germain-2-857x1024.jpg\" alt=\"Germain (2)\" width=\"518\" height=\"619\" srcset=\"https:\/\/www.spa-grillon.fr\/wp-content\/uploads\/2022\/11\/Germain-2-857x1024.jpg 857w, https:\/\/www.spa-grillon.fr\/wp-content\/uploads\/2022\/11\/Germain-2-251x300.jpg 251w, https:\/\/www.spa-grillon.fr\/wp-content\/uploads\/2022\/11\/Germain-2-768x917.jpg 768w, https:\/\/www.spa-grillon.fr\/wp-content\/uploads\/2022\/11\/Germain-2.jpg 1187w\" sizes=\"(max-width: 518px) 100vw, 518px\" \/><\/a> <a href=\"http:\/\/www.spa-grillon.fr\/wp-content\/uploads\/2022\/11\/Germain-7.jpg\" rel=\"attachment wp-att-12723\"><img decoding=\"async\" loading=\"lazy\" class=\"wp-image-12723 aligncenter\" src=\"http:\/\/www.spa-grillon.fr\/wp-content\/uploads\/2022\/11\/Germain-7-1024x948.jpg\" alt=\"Germain (7)\" width=\"520\" height=\"482\" srcset=\"https:\/\/www.spa-grillon.fr\/wp-content\/uploads\/2022\/11\/Germain-7-1024x948.jpg 1024w, https:\/\/www.spa-grillon.fr\/wp-content\/uploads\/2022\/11\/Germain-7-300x278.jpg 300w, https:\/\/www.spa-grillon.fr\/wp-content\/uploads\/2022\/11\/Germain-7-768x711.jpg 768w, https:\/\/www.spa-grillon.fr\/wp-content\/uploads\/2022\/11\/Germain-7.jpg 1494w\" sizes=\"(max-width: 520px) 100vw, 520px\" \/><\/a> <a href=\"http:\/\/www.spa-grillon.fr\/wp-content\/uploads\/2022\/11\/Germain-8.jpg\" rel=\"attachment wp-att-12724\"><img decoding=\"async\" loading=\"lazy\" class=\"wp-image-12724 aligncenter\" src=\"http:\/\/www.spa-grillon.fr\/wp-content\/uploads\/2022\/11\/Germain-8-842x1024.jpg\" alt=\"Germain (8)\" width=\"521\" height=\"633\" srcset=\"https:\/\/www.spa-grillon.fr\/wp-content\/uploads\/2022\/11\/Germain-8-842x1024.jpg 842w, https:\/\/www.spa-grillon.fr\/wp-content\/uploads\/2022\/11\/Germain-8-247x300.jpg 247w, https:\/\/www.spa-grillon.fr\/wp-content\/uploads\/2022\/11\/Germain-8-768x935.jpg 768w, https:\/\/www.spa-grillon.fr\/wp-content\/uploads\/2022\/11\/Germain-8.jpg 1356w\" sizes=\"(max-width: 521px) 100vw, 521px\" \/><\/a><\/p>\n","protected":false},"excerpt":{"rendered":"<p>Sexe : m\u00e2le Race : griffon Age : n\u00e9 en 06\/2021 Taille : moyenne\/grande &nbsp; &nbsp; Caract\u00e9ristiques : Germain est arriv\u00e9 par la fourri\u00e8re et n&rsquo;a jamais \u00e9t\u00e9 r\u00e9clam\u00e9. C&rsquo;est pourtant un chien \u00e9quilibr\u00e9, tr\u00e8s gentil et qui ne semble &hellip; <a href=\"https:\/\/www.spa-grillon.fr\/?page_id=12718\">Continuer la lecture <span class=\"meta-nav\">&rarr;<\/span><\/a><\/p>\n","protected":false},"author":2,"featured_media":0,"parent":0,"menu_order":0,"comment_status":"closed","ping_status":"closed","template":"","meta":[],"_links":{"self":[{"href":"https:\/\/www.spa-grillon.fr\/index.php?rest_route=\/wp\/v2\/pages\/12718"}],"collection":[{"href":"https:\/\/www.spa-grillon.fr\/index.php?rest_route=\/wp\/v2\/pages"}],"about":[{"href":"https:\/\/www.spa-grillon.fr\/index.php?rest_route=\/wp\/v2\/types\/page"}],"author":[{"embeddable":true,"href":"https:\/\/www.spa-grillon.fr\/index.php?rest_route=\/wp\/v2\/users\/2"}],"replies":[{"embeddable":true,"href":"https:\/\/www.spa-grillon.fr\/index.php?rest_route=%2Fwp%2Fv2%2Fcomments&post=12718"}],"version-history":[{"count":2,"href":"https:\/\/www.spa-grillon.fr\/index.php?rest_route=\/wp\/v2\/pages\/12718\/revisions"}],"predecessor-version":[{"id":12756,"href":"https:\/\/www.spa-grillon.fr\/index.php?rest_route=\/wp\/v2\/pages\/12718\/revisions\/12756"}],"wp:attachment":[{"href":"https:\/\/www.spa-grillon.fr\/index.php?rest_route=%2Fwp%2Fv2%2Fmedia&parent=12718"}],"curies":[{"name":"wp","href":"https:\/\/api.w.org\/{rel}","templated":true}]}}