{"id":13170,"date":"2023-03-05T18:14:07","date_gmt":"2023-03-05T17:14:07","guid":{"rendered":"http:\/\/www.spa-grillon.fr\/?page_id=13170"},"modified":"2023-03-05T18:14:16","modified_gmt":"2023-03-05T17:14:16","slug":"caramel","status":"publish","type":"page","link":"https:\/\/www.spa-grillon.fr\/?page_id=13170","title":{"rendered":"CARAMEL"},"content":{"rendered":"<p style=\"text-align: left;\"><strong><a href=\"http:\/\/www.spa-grillon.fr\/wp-content\/uploads\/2023\/03\/20230305_092048.jpg\" rel=\"attachment wp-att-13168\"><img decoding=\"async\" loading=\"lazy\" class=\" wp-image-13168 alignleft\" src=\"http:\/\/www.spa-grillon.fr\/wp-content\/uploads\/2023\/03\/20230305_092048-300x295.jpg\" alt=\"20230305_092048\" width=\"273\" height=\"268\" \/><\/a><\/strong><\/p>\n<p style=\"text-align: left;\"><strong>Sexe<\/strong> : m\u00e2le<\/p>\n<p><strong>Race <\/strong>: Chihuahua<\/p>\n<p><strong>Age <\/strong>: n\u00e9 en 05\/2016<\/p>\n<p><strong>Taille <\/strong>: moyenne<\/p>\n<p>&nbsp;<\/p>\n<p dir=\"auto\" style=\"text-align: justify;\"><strong><br \/>\nCaract\u00e9ristiques <\/strong>: Caramel poss\u00e8de toutes les qualit\u00e9s et les d\u00e9fauts de sa race. C&rsquo;est un chien gentil, tr\u00e8s attach\u00e9 \u00e0 ses humains, affectueux et c\u00e2lin. Il vivait avec une personne \u00e2g\u00e9e et avait l&rsquo;habitude d&rsquo;\u00eatre chouchout\u00e9 comme un prince. Il est tranquille, y compris quand on le laisse seul (il n&rsquo;est donc pas n\u00e9cessaire d&rsquo;\u00eatre toujours \u00e0 la maison) et tr\u00e8s propre\u00a0 : sa petite taille lui permet un traitement de faveur : il dort en int\u00e9rieur la nuit et il n&rsquo;a jamais laiss\u00e9 un pipi ni fait une b\u00eatise. Il aime promener mais il a des habitudes de etit pantouflard : n&rsquo;imaginez m\u00eame pas le sortir par jour de mistral ! A c\u00f4t\u00e9 de cela, il aboie comme un chihuahua sur les inconnus qui entrent dans son domaine : il lui faut un peu de temps pour conna\u00eetre son petit monde mais apr\u00e8s, il est tout \u00e0 fait gentil. Il n&rsquo;est pas trop copain avec les chats. Cela dit, un matou s\u00fbr de lui le tiendra en respect sans trop de mal. Avec les chiens, \u00e7a d\u00e9pend, il a ses t\u00eates : il faudra tester. C\u00f4t\u00e9 esth\u00e9tique, il est recouvert d&rsquo;une couche de lard dont on essaie de le d\u00e9barrasser depuis qu&rsquo;il est ici. Et \u00e7a marche ! M\u00eame s&rsquo;il a encore du poids \u00e0 perdre, il a minci : c&rsquo;est mieux pour sa sant\u00e9 et pour son style! Il faudra donc \u00eatre parcimonieux avec les g\u00e2teaux.<\/p>\n<p dir=\"auto\" style=\"text-align: justify;\">Si vous cherchez un petit chien fid\u00e8le \u00e0 la personnalit\u00e9 affirm\u00e9e et attachante, n&rsquo;h\u00e9sitez pas, appelez le refuge !<\/p>\n<div id=\"attachment_13177\" style=\"width: 452px\" class=\"wp-caption aligncenter\"><a href=\"http:\/\/www.spa-grillon.fr\/wp-content\/uploads\/2023\/03\/IMG-20230304-WA0014.jpg\" rel=\"attachment wp-att-13177\"><img aria-describedby=\"caption-attachment-13177\" decoding=\"async\" loading=\"lazy\" class=\"wp-image-13177\" src=\"http:\/\/www.spa-grillon.fr\/wp-content\/uploads\/2023\/03\/IMG-20230304-WA0014-844x1024.jpg\" alt=\"IMG-20230304-WA0014\" width=\"442\" height=\"537\" srcset=\"https:\/\/www.spa-grillon.fr\/wp-content\/uploads\/2023\/03\/IMG-20230304-WA0014-844x1024.jpg 844w, https:\/\/www.spa-grillon.fr\/wp-content\/uploads\/2023\/03\/IMG-20230304-WA0014-247x300.jpg 247w, https:\/\/www.spa-grillon.fr\/wp-content\/uploads\/2023\/03\/IMG-20230304-WA0014-768x932.jpg 768w, https:\/\/www.spa-grillon.fr\/wp-content\/uploads\/2023\/03\/IMG-20230304-WA0014.jpg 903w\" sizes=\"(max-width: 442px) 100vw, 442px\" \/><\/a><p id=\"caption-attachment-13177\" class=\"wp-caption-text\">Meuh non, je n&rsquo;ai pas de cellulite, j&rsquo;ai des formes!<\/p><\/div>\n<p><a href=\"http:\/\/www.spa-grillon.fr\/wp-content\/uploads\/2023\/03\/20230305_092020.jpg\" rel=\"attachment wp-att-13172\"><img decoding=\"async\" loading=\"lazy\" class=\"wp-image-13172 aligncenter\" src=\"http:\/\/www.spa-grillon.fr\/wp-content\/uploads\/2023\/03\/20230305_092020-1024x1013.jpg\" alt=\"20230305_092020\" width=\"455\" height=\"450\" srcset=\"https:\/\/www.spa-grillon.fr\/wp-content\/uploads\/2023\/03\/20230305_092020-1024x1013.jpg 1024w, https:\/\/www.spa-grillon.fr\/wp-content\/uploads\/2023\/03\/20230305_092020-300x297.jpg 300w, https:\/\/www.spa-grillon.fr\/wp-content\/uploads\/2023\/03\/20230305_092020-768x760.jpg 768w, https:\/\/www.spa-grillon.fr\/wp-content\/uploads\/2023\/03\/20230305_092020.jpg 1807w\" sizes=\"(max-width: 455px) 100vw, 455px\" \/><\/a> <a href=\"http:\/\/www.spa-grillon.fr\/wp-content\/uploads\/2023\/03\/20230305_091957.jpg\" rel=\"attachment wp-att-13171\"><img decoding=\"async\" loading=\"lazy\" class=\"wp-image-13171 aligncenter\" src=\"http:\/\/www.spa-grillon.fr\/wp-content\/uploads\/2023\/03\/20230305_091957-825x1024.jpg\" alt=\"20230305_091957\" width=\"456\" height=\"566\" srcset=\"https:\/\/www.spa-grillon.fr\/wp-content\/uploads\/2023\/03\/20230305_091957-825x1024.jpg 825w, https:\/\/www.spa-grillon.fr\/wp-content\/uploads\/2023\/03\/20230305_091957-242x300.jpg 242w, https:\/\/www.spa-grillon.fr\/wp-content\/uploads\/2023\/03\/20230305_091957-768x954.jpg 768w, https:\/\/www.spa-grillon.fr\/wp-content\/uploads\/2023\/03\/20230305_091957.jpg 1183w\" sizes=\"(max-width: 456px) 100vw, 456px\" \/><\/a> <a href=\"http:\/\/www.spa-grillon.fr\/wp-content\/uploads\/2023\/03\/20230305_092048.jpg\" rel=\"attachment wp-att-13168\"><img decoding=\"async\" loading=\"lazy\" class=\"alignnone wp-image-13168 size-large\" src=\"http:\/\/www.spa-grillon.fr\/wp-content\/uploads\/2023\/03\/20230305_092048-e1678036441282-1024x749.jpg\" alt=\"20230305_092048\" width=\"640\" height=\"468\" \/><\/a><\/p>\n","protected":false},"excerpt":{"rendered":"<p>Sexe : m\u00e2le Race : Chihuahua Age : n\u00e9 en 05\/2016 Taille : moyenne &nbsp; Caract\u00e9ristiques : Caramel poss\u00e8de toutes les qualit\u00e9s et les d\u00e9fauts de sa race. C&rsquo;est un chien gentil, tr\u00e8s attach\u00e9 \u00e0 ses humains, affectueux et c\u00e2lin. &hellip; <a href=\"https:\/\/www.spa-grillon.fr\/?page_id=13170\">Continuer la lecture <span class=\"meta-nav\">&rarr;<\/span><\/a><\/p>\n","protected":false},"author":2,"featured_media":0,"parent":0,"menu_order":0,"comment_status":"closed","ping_status":"closed","template":"","meta":[],"_links":{"self":[{"href":"https:\/\/www.spa-grillon.fr\/index.php?rest_route=\/wp\/v2\/pages\/13170"}],"collection":[{"href":"https:\/\/www.spa-grillon.fr\/index.php?rest_route=\/wp\/v2\/pages"}],"about":[{"href":"https:\/\/www.spa-grillon.fr\/index.php?rest_route=\/wp\/v2\/types\/page"}],"author":[{"embeddable":true,"href":"https:\/\/www.spa-grillon.fr\/index.php?rest_route=\/wp\/v2\/users\/2"}],"replies":[{"embeddable":true,"href":"https:\/\/www.spa-grillon.fr\/index.php?rest_route=%2Fwp%2Fv2%2Fcomments&post=13170"}],"version-history":[{"count":2,"href":"https:\/\/www.spa-grillon.fr\/index.php?rest_route=\/wp\/v2\/pages\/13170\/revisions"}],"predecessor-version":[{"id":13179,"href":"https:\/\/www.spa-grillon.fr\/index.php?rest_route=\/wp\/v2\/pages\/13170\/revisions\/13179"}],"wp:attachment":[{"href":"https:\/\/www.spa-grillon.fr\/index.php?rest_route=%2Fwp%2Fv2%2Fmedia&parent=13170"}],"curies":[{"name":"wp","href":"https:\/\/api.w.org\/{rel}","templated":true}]}}