{"id":13384,"date":"2023-04-28T16:36:58","date_gmt":"2023-04-28T15:36:58","guid":{"rendered":"http:\/\/www.spa-grillon.fr\/?page_id=13384"},"modified":"2023-04-28T16:36:58","modified_gmt":"2023-04-28T15:36:58","slug":"paita","status":"publish","type":"page","link":"https:\/\/www.spa-grillon.fr\/?page_id=13384","title":{"rendered":"PA\u00cfTA"},"content":{"rendered":"<p><strong><img decoding=\"async\" loading=\"lazy\" class=\"wp-image-13387 alignleft\" src=\"http:\/\/www.spa-grillon.fr\/wp-content\/uploads\/2023\/04\/Paita-3-743x1024.jpg\" alt=\"Paita (3)\" width=\"331\" height=\"456\" srcset=\"https:\/\/www.spa-grillon.fr\/wp-content\/uploads\/2023\/04\/Paita-3-743x1024.jpg 743w, https:\/\/www.spa-grillon.fr\/wp-content\/uploads\/2023\/04\/Paita-3-218x300.jpg 218w, https:\/\/www.spa-grillon.fr\/wp-content\/uploads\/2023\/04\/Paita-3-768x1058.jpg 768w, https:\/\/www.spa-grillon.fr\/wp-content\/uploads\/2023\/04\/Paita-3.jpg 1468w\" sizes=\"(max-width: 331px) 100vw, 331px\" \/><\/strong><\/p>\n<p>&nbsp;<\/p>\n<p>&nbsp;<\/p>\n<p>&nbsp;<\/p>\n<p><strong>Sexe <\/strong>: femelle<\/p>\n<p><strong>Race <\/strong>: \u00e9pagneul breton<\/p>\n<p><strong>Age <\/strong>: n\u00e9 en 08\/2012<\/p>\n<p><strong>Taille <\/strong>: moyenne<\/p>\n<p>&nbsp;<\/p>\n<p>&nbsp;<\/p>\n<p>&nbsp;<\/p>\n<p style=\"text-align: justify;\"><strong>Caract\u00e9ristiques :\u00a0<\/strong> Pa\u00efta est une jeune mamie pleine d&rsquo;\u00e9nergie. Arriv\u00e9e depuis peu au refuge, elle a toujours v\u00e9cu en famille et c&rsquo;est une chienne \u00e9quilibr\u00e9e. Une cl\u00f4ture d\u00e9faillante est la cause de son abandon : la miss allait battre la campagne avec son copain et faisait des b\u00eatises. Il faudra donc \u00e0 Pa\u00efta une cl\u00f4ture suffisante mais rien ne dit que s\u00e9par\u00e9e de son copain de brigandage et occup\u00e9e dans une nouvelle famille, elle fuguera. C&rsquo;est souvent l&rsquo;ennui qui pousse les chiens \u00e0 aller trouver de l&rsquo;occupation ailleurs. Ici, elle est tr\u00e8s sage! En laisse, elle se prom\u00e8ne facilement, sans tirer. Tr\u00e8s joyeuse et affectueuse, elle s&rsquo;entend bien avec les autres chiens et les chiennes. L&rsquo;id\u00e9al serait de trouver pour cette gentille mamie des personnes \u00e2g\u00e9es pour lesquelles elle serait une compagne douce et active sans \u00eatre trop sportive. Elle aura besoin de promenades r\u00e9guli\u00e8res car elle est dynamique et si possible d&rsquo;un compagnon car elle a rarement \u00e9t\u00e9 seule sans autre chien. Les chats a priori l&rsquo;indiff\u00e8rent mais il faudra s&rsquo;en assurer. Elle n&rsquo;a pas, \u00e0 notre connaissance, de probl\u00e8me de sant\u00e9. Elle a encore de belles ann\u00e9es devant elle : un \u00e9pagneul a une esp\u00e9rance de vie d&rsquo;environ 15 ans. Si vous pensez pouvoir lui offrir une confortable retraite et que vous avez besoin d&rsquo;une douce pr\u00e9sence, Pa\u00efta est faite pour vous !<\/p>\n<p style=\"text-align: justify;\"><img decoding=\"async\" loading=\"lazy\" class=\"wp-image-13389 aligncenter\" src=\"http:\/\/www.spa-grillon.fr\/wp-content\/uploads\/2023\/04\/Paita-5-777x1024.jpg\" alt=\"Paita (5)\" width=\"527\" height=\"694\" \/> <img decoding=\"async\" loading=\"lazy\" class=\"wp-image-13386 aligncenter\" src=\"http:\/\/www.spa-grillon.fr\/wp-content\/uploads\/2023\/04\/Paita-2-837x1024.jpg\" alt=\"Paita (2)\" width=\"528\" height=\"646\" srcset=\"https:\/\/www.spa-grillon.fr\/wp-content\/uploads\/2023\/04\/Paita-2-837x1024.jpg 837w, https:\/\/www.spa-grillon.fr\/wp-content\/uploads\/2023\/04\/Paita-2-245x300.jpg 245w, https:\/\/www.spa-grillon.fr\/wp-content\/uploads\/2023\/04\/Paita-2-768x940.jpg 768w, https:\/\/www.spa-grillon.fr\/wp-content\/uploads\/2023\/04\/Paita-2.jpg 998w\" sizes=\"(max-width: 528px) 100vw, 528px\" \/><\/p>\n<p style=\"text-align: justify;\"><img decoding=\"async\" loading=\"lazy\" class=\"wp-image-13385 aligncenter\" src=\"http:\/\/www.spa-grillon.fr\/wp-content\/uploads\/2023\/04\/Paita-1-826x1024.jpg\" alt=\"Paita (1)\" width=\"528\" height=\"654\" srcset=\"https:\/\/www.spa-grillon.fr\/wp-content\/uploads\/2023\/04\/Paita-1-826x1024.jpg 826w, https:\/\/www.spa-grillon.fr\/wp-content\/uploads\/2023\/04\/Paita-1-242x300.jpg 242w, https:\/\/www.spa-grillon.fr\/wp-content\/uploads\/2023\/04\/Paita-1-768x952.jpg 768w, https:\/\/www.spa-grillon.fr\/wp-content\/uploads\/2023\/04\/Paita-1.jpg 1030w\" sizes=\"(max-width: 528px) 100vw, 528px\" \/><\/p>\n<div style=\"width: 320px;\" class=\"wp-video\"><!--[if lt IE 9]><script>document.createElement('video');<\/script><![endif]-->\n<video class=\"wp-video-shortcode\" id=\"video-13384-1\" width=\"320\" height=\"176\" preload=\"metadata\" controls=\"controls\"><source type=\"video\/mp4\" src=\"http:\/\/www.spa-grillon.fr\/wp-content\/uploads\/2023\/04\/VID-20230427-WA0004_001.mp4?_=1\" \/><a href=\"http:\/\/www.spa-grillon.fr\/wp-content\/uploads\/2023\/04\/VID-20230427-WA0004_001.mp4\">http:\/\/www.spa-grillon.fr\/wp-content\/uploads\/2023\/04\/VID-20230427-WA0004_001.mp4<\/a><\/video><\/div>\n<div style=\"width: 320px;\" class=\"wp-video\"><video class=\"wp-video-shortcode\" id=\"video-13384-2\" width=\"320\" height=\"176\" preload=\"metadata\" controls=\"controls\"><source type=\"video\/mp4\" src=\"http:\/\/www.spa-grillon.fr\/wp-content\/uploads\/2023\/04\/VID-20230427-WA0002_001.mp4?_=2\" \/><a href=\"http:\/\/www.spa-grillon.fr\/wp-content\/uploads\/2023\/04\/VID-20230427-WA0002_001.mp4\">http:\/\/www.spa-grillon.fr\/wp-content\/uploads\/2023\/04\/VID-20230427-WA0002_001.mp4<\/a><\/video><\/div>\n","protected":false},"excerpt":{"rendered":"<p>&nbsp; &nbsp; &nbsp; Sexe : femelle Race : \u00e9pagneul breton Age : n\u00e9 en 08\/2012 Taille : moyenne &nbsp; &nbsp; &nbsp; Caract\u00e9ristiques :\u00a0 Pa\u00efta est une jeune mamie pleine d&rsquo;\u00e9nergie. Arriv\u00e9e depuis peu au refuge, elle a toujours v\u00e9cu en &hellip; <a href=\"https:\/\/www.spa-grillon.fr\/?page_id=13384\">Continuer la lecture <span class=\"meta-nav\">&rarr;<\/span><\/a><\/p>\n","protected":false},"author":2,"featured_media":0,"parent":0,"menu_order":0,"comment_status":"closed","ping_status":"closed","template":"","meta":[],"_links":{"self":[{"href":"https:\/\/www.spa-grillon.fr\/index.php?rest_route=\/wp\/v2\/pages\/13384"}],"collection":[{"href":"https:\/\/www.spa-grillon.fr\/index.php?rest_route=\/wp\/v2\/pages"}],"about":[{"href":"https:\/\/www.spa-grillon.fr\/index.php?rest_route=\/wp\/v2\/types\/page"}],"author":[{"embeddable":true,"href":"https:\/\/www.spa-grillon.fr\/index.php?rest_route=\/wp\/v2\/users\/2"}],"replies":[{"embeddable":true,"href":"https:\/\/www.spa-grillon.fr\/index.php?rest_route=%2Fwp%2Fv2%2Fcomments&post=13384"}],"version-history":[{"count":1,"href":"https:\/\/www.spa-grillon.fr\/index.php?rest_route=\/wp\/v2\/pages\/13384\/revisions"}],"predecessor-version":[{"id":13395,"href":"https:\/\/www.spa-grillon.fr\/index.php?rest_route=\/wp\/v2\/pages\/13384\/revisions\/13395"}],"wp:attachment":[{"href":"https:\/\/www.spa-grillon.fr\/index.php?rest_route=%2Fwp%2Fv2%2Fmedia&parent=13384"}],"curies":[{"name":"wp","href":"https:\/\/api.w.org\/{rel}","templated":true}]}}