{"id":13512,"date":"2023-06-11T15:54:59","date_gmt":"2023-06-11T14:54:59","guid":{"rendered":"http:\/\/www.spa-grillon.fr\/?page_id=13512"},"modified":"2023-06-11T15:54:59","modified_gmt":"2023-06-11T14:54:59","slug":"meline","status":"publish","type":"page","link":"https:\/\/www.spa-grillon.fr\/?page_id=13512","title":{"rendered":"MELINE"},"content":{"rendered":"<p style=\"text-align: justify;\"><span class=\"x193iq5w xeuugli x13faqbe x1vvkbs x1xmvt09 x1lliihq x1s928wv xhkezso x1gmr53x x1cpjm7i x1fgarty x1943h6x xudqn12 x3x7a5m x6prxxf xvq8zen xo1l8bm xzsf02u x1yc453h\" dir=\"auto\"><img decoding=\"async\" loading=\"lazy\" class=\"alignleft wp-image-13513 size-medium\" src=\"http:\/\/www.spa-grillon.fr\/wp-content\/uploads\/2023\/06\/M\u00e9line-e1686495272923-300x300.jpg\" alt=\"M\u00e9line\" width=\"300\" height=\"300\" srcset=\"https:\/\/www.spa-grillon.fr\/wp-content\/uploads\/2023\/06\/M\u00e9line-e1686495272923-300x300.jpg 300w, https:\/\/www.spa-grillon.fr\/wp-content\/uploads\/2023\/06\/M\u00e9line-e1686495272923-150x150.jpg 150w, https:\/\/www.spa-grillon.fr\/wp-content\/uploads\/2023\/06\/M\u00e9line-e1686495272923.jpg 498w\" sizes=\"(max-width: 300px) 100vw, 300px\" \/>M\u00e9line, 1 an et demi, est une <\/span><span class=\"x193iq5w xeuugli x13faqbe x1vvkbs x1xmvt09 x1lliihq x1s928wv xhkezso x1gmr53x x1cpjm7i x1fgarty x1943h6x xudqn12 x3x7a5m x6prxxf xvq8zen xo1l8bm xzsf02u x1yc453h\" dir=\"auto\">minette<\/span><span class=\"x193iq5w xeuugli x13faqbe x1vvkbs x1xmvt09 x1lliihq x1s928wv xhkezso x1gmr53x x1cpjm7i x1fgarty x1943h6x xudqn12 x3x7a5m x6prxxf xvq8zen xo1l8bm xzsf02u x1yc453h\" dir=\"auto\"> tr\u00e8s gentille et tr\u00e8s affectueuse . Apr\u00e8s avoir \u00e9lev\u00e9 ses b\u00e9b\u00e9s, tous adopt\u00e9s, \u00e0 son tour de trouver un doux foyer. Elle a sans doute subi des s\u00e9vices de la part d&rsquo;humains dont elle garde une certaine m\u00e9fiance : quand elle ne conna\u00eet pas, elle se montera distance mais apr\u00e8s quelques heures, des gourmandises et des caresses, M\u00e9line devient une chatte tr\u00e8s c\u00e2line, une vraie boite \u00e0 ronrons. Elle est calme, douce, propre, st\u00e9rilis\u00e9e, pr\u00eate \u00e0 partir! Une maison \u00e0 la campagne lui conviendrait mieux qu&rsquo;un appartement car elle a d\u00e9j\u00e0 v\u00e9cu dehors. Si vous voulez faire le bonheur de cette adorable minette, contactez-nous au 06 71 14 15 82, elle est actuellement en famille d&rsquo;accueil.<\/span><\/p>\n<p style=\"text-align: justify;\"><img decoding=\"async\" loading=\"lazy\" class=\"wp-image-13513 aligncenter\" src=\"http:\/\/www.spa-grillon.fr\/wp-content\/uploads\/2023\/06\/M\u00e9line-1024x722.jpg\" alt=\"M\u00e9line\" width=\"500\" height=\"352\" \/><\/p>\n","protected":false},"excerpt":{"rendered":"<p>M\u00e9line, 1 an et demi, est une minette tr\u00e8s gentille et tr\u00e8s affectueuse . Apr\u00e8s avoir \u00e9lev\u00e9 ses b\u00e9b\u00e9s, tous adopt\u00e9s, \u00e0 son tour de trouver un doux foyer. Elle a sans doute subi des s\u00e9vices de la part d&rsquo;humains &hellip; <a href=\"https:\/\/www.spa-grillon.fr\/?page_id=13512\">Continuer la lecture <span class=\"meta-nav\">&rarr;<\/span><\/a><\/p>\n","protected":false},"author":2,"featured_media":0,"parent":0,"menu_order":0,"comment_status":"closed","ping_status":"closed","template":"","meta":[],"_links":{"self":[{"href":"https:\/\/www.spa-grillon.fr\/index.php?rest_route=\/wp\/v2\/pages\/13512"}],"collection":[{"href":"https:\/\/www.spa-grillon.fr\/index.php?rest_route=\/wp\/v2\/pages"}],"about":[{"href":"https:\/\/www.spa-grillon.fr\/index.php?rest_route=\/wp\/v2\/types\/page"}],"author":[{"embeddable":true,"href":"https:\/\/www.spa-grillon.fr\/index.php?rest_route=\/wp\/v2\/users\/2"}],"replies":[{"embeddable":true,"href":"https:\/\/www.spa-grillon.fr\/index.php?rest_route=%2Fwp%2Fv2%2Fcomments&post=13512"}],"version-history":[{"count":1,"href":"https:\/\/www.spa-grillon.fr\/index.php?rest_route=\/wp\/v2\/pages\/13512\/revisions"}],"predecessor-version":[{"id":13514,"href":"https:\/\/www.spa-grillon.fr\/index.php?rest_route=\/wp\/v2\/pages\/13512\/revisions\/13514"}],"wp:attachment":[{"href":"https:\/\/www.spa-grillon.fr\/index.php?rest_route=%2Fwp%2Fv2%2Fmedia&parent=13512"}],"curies":[{"name":"wp","href":"https:\/\/api.w.org\/{rel}","templated":true}]}}