{"id":13596,"date":"2023-07-03T20:49:18","date_gmt":"2023-07-03T19:49:18","guid":{"rendered":"http:\/\/www.spa-grillon.fr\/?page_id=13596"},"modified":"2025-01-07T18:56:27","modified_gmt":"2025-01-07T17:56:27","slug":"poxi","status":"publish","type":"page","link":"https:\/\/www.spa-grillon.fr\/?page_id=13596","title":{"rendered":"POXI"},"content":{"rendered":"\n<div class=\"wp-block-media-text alignwide is-stacked-on-mobile\" style=\"grid-template-columns:44% auto\"><figure class=\"wp-block-media-text__media\"><img decoding=\"async\" loading=\"lazy\" width=\"778\" height=\"1024\" src=\"https:\/\/www.spa-grillon.fr\/wp-content\/uploads\/2023\/07\/Poxi-5-e1688416446754-778x1024.jpg\" alt=\"\" class=\"wp-image-13608 size-full\" srcset=\"https:\/\/www.spa-grillon.fr\/wp-content\/uploads\/2023\/07\/Poxi-5-e1688416446754-778x1024.jpg 778w, https:\/\/www.spa-grillon.fr\/wp-content\/uploads\/2023\/07\/Poxi-5-e1688416446754-228x300.jpg 228w, https:\/\/www.spa-grillon.fr\/wp-content\/uploads\/2023\/07\/Poxi-5-e1688416446754-768x1011.jpg 768w, https:\/\/www.spa-grillon.fr\/wp-content\/uploads\/2023\/07\/Poxi-5-e1688416446754.jpg 1127w\" sizes=\"(max-width: 778px) 100vw, 778px\" \/><\/figure><div class=\"wp-block-media-text__content\">\n<p> <p><strong>Sexe <\/strong>: femelle<\/p><p><strong>Race <\/strong>: crois\u00e9e malinois<\/p><p><strong>Age <\/strong>: n\u00e9 en 12\/2019<\/p><p><strong>Taille <\/strong>: moyenne<\/p><\/p>\n<\/div><\/div>\n\n\n\n<p style=\"text-align: justify;\"><strong>Caract\u00e9ristiques : <\/strong>Poxi, crois\u00e9e malinoise, a \u00e9t\u00e9 ballott\u00e9e de ma\u00eetre en ma\u00eetre et finalement, aucun n\u2019a voulu la garder. C&rsquo;est une chienne de caract\u00e8re qui ne sera pas \u00e0 mettre entre toutes les mains. Mais si on sait lui donner le cadre n\u00e9cessaire, qu&rsquo;on conna\u00eet les chiens et si on reste conscient qu&rsquo;elle est un chien, pas une poup\u00e9e,&nbsp; avec des r\u00e9actions de chien et non d&rsquo;humain, tout ira bien. C&rsquo;est une chienne extr\u00eamement affectueuse : si son temp\u00e9rament de malinois la pousse \u00e0 la m\u00e9fiance envers les inconnus, d\u00e8s qu&rsquo;elle a compris qu\u2019on ne lui veut pas de mal, elle est une chienne parfaite&nbsp; : elle s&rsquo;installe alors sur le dos pour avoir des c\u00e2lins! Ob\u00e9issante et calme \u00e0 l&rsquo;ext\u00e9rieur du refuge, dans son parc, elle peut se montrer agit\u00e9e et assez stress\u00e9e. Poxi devra \u00eatre le seul animal du foyer. Elle est tr\u00e8s dominante et peut \u00eatre dangereuse pour les femelles et les m\u00e2les faibles. Les chats? Elle d\u00e9teste! Elle tire un peu en laisse mais avec des balades plus r\u00e9guli\u00e8res et un peu d\u2019\u00e9ducation, elle devrait vite apprendre. Elle adore le cani-VTT et elle excelle car elle est sportive. Bonne gardienne, elle a toutefois besoin d&rsquo;un vrai foyer mais sans autre animal et sans enfant. Elle sera parfaite, douce et protectrice envers celui qui lui ouvrira son foyer. Si on ne confiera pas Poxi \u00e0 quelqu&rsquo;un qui n&rsquo;a pas d&rsquo;exp\u00e9rience, entre des mains connaisseuses, elle sera une adorable compagne.<\/p>\n\n\n<div class=\"wp-block-image\">\n<figure class=\"aligncenter is-resized\"><img decoding=\"async\" loading=\"lazy\" src=\"https:\/\/www.spa-grillon.fr\/wp-content\/uploads\/2023\/07\/20231023_150606-933x1024.jpg\" alt=\"20231023_150606\" class=\"wp-image-14142\" width=\"496\" height=\"544\" srcset=\"https:\/\/www.spa-grillon.fr\/wp-content\/uploads\/2023\/07\/20231023_150606-933x1024.jpg 933w, https:\/\/www.spa-grillon.fr\/wp-content\/uploads\/2023\/07\/20231023_150606-273x300.jpg 273w, https:\/\/www.spa-grillon.fr\/wp-content\/uploads\/2023\/07\/20231023_150606-768x843.jpg 768w, https:\/\/www.spa-grillon.fr\/wp-content\/uploads\/2023\/07\/20231023_150606.jpg 1295w\" sizes=\"(max-width: 496px) 100vw, 496px\" \/><\/figure><\/div>\n\n<div class=\"wp-block-image\">\n<figure class=\"aligncenter is-resized\"><img decoding=\"async\" loading=\"lazy\" src=\"https:\/\/www.spa-grillon.fr\/wp-content\/uploads\/2023\/07\/20231023_150616-967x1024.jpg\" alt=\"20231023_150616\" class=\"wp-image-14143\" width=\"500\" height=\"529\" srcset=\"https:\/\/www.spa-grillon.fr\/wp-content\/uploads\/2023\/07\/20231023_150616-967x1024.jpg 967w, https:\/\/www.spa-grillon.fr\/wp-content\/uploads\/2023\/07\/20231023_150616-283x300.jpg 283w, https:\/\/www.spa-grillon.fr\/wp-content\/uploads\/2023\/07\/20231023_150616-768x814.jpg 768w, https:\/\/www.spa-grillon.fr\/wp-content\/uploads\/2023\/07\/20231023_150616.jpg 1535w\" sizes=\"(max-width: 500px) 100vw, 500px\" \/><\/figure><\/div>\n\n<div class=\"wp-block-image\">\n<figure class=\"aligncenter is-resized\"><img decoding=\"async\" loading=\"lazy\" src=\"https:\/\/www.spa-grillon.fr\/wp-content\/uploads\/2023\/07\/20231023_150620-e1700411832364-1024x1000.jpg\" alt=\"20231023_150620\" class=\"wp-image-14145\" width=\"503\" height=\"491\" srcset=\"https:\/\/www.spa-grillon.fr\/wp-content\/uploads\/2023\/07\/20231023_150620-e1700411832364-1024x1000.jpg 1024w, https:\/\/www.spa-grillon.fr\/wp-content\/uploads\/2023\/07\/20231023_150620-e1700411832364-300x293.jpg 300w, https:\/\/www.spa-grillon.fr\/wp-content\/uploads\/2023\/07\/20231023_150620-e1700411832364-768x750.jpg 768w, https:\/\/www.spa-grillon.fr\/wp-content\/uploads\/2023\/07\/20231023_150620-e1700411832364.jpg 1288w\" sizes=\"(max-width: 503px) 100vw, 503px\" \/><\/figure><\/div>\n\n<div class=\"wp-block-image\">\n<figure class=\"alignleft\"><img decoding=\"async\" loading=\"lazy\" width=\"1024\" height=\"461\" src=\"https:\/\/www.spa-grillon.fr\/wp-content\/uploads\/2023\/07\/20231023_152234-1024x461.jpg\" alt=\"20231023_152234\" class=\"wp-image-14147\" srcset=\"https:\/\/www.spa-grillon.fr\/wp-content\/uploads\/2023\/07\/20231023_152234-1024x461.jpg 1024w, https:\/\/www.spa-grillon.fr\/wp-content\/uploads\/2023\/07\/20231023_152234-300x135.jpg 300w, https:\/\/www.spa-grillon.fr\/wp-content\/uploads\/2023\/07\/20231023_152234-768x346.jpg 768w\" sizes=\"(max-width: 1024px) 100vw, 1024px\" \/><\/figure><\/div>\n\n\n<p>   <\/p>\n\n\n\n<p><\/p>\n\n\n\n<p><\/p>\n","protected":false},"excerpt":{"rendered":"<p>Sexe : femelle Race : crois\u00e9e malinois Age : n\u00e9 en 12\/2019 Taille : moyenne Caract\u00e9ristiques : Poxi, crois\u00e9e malinoise, a \u00e9t\u00e9 ballott\u00e9e de ma\u00eetre en ma\u00eetre et finalement, aucun n\u2019a voulu la garder. C&rsquo;est une chienne de caract\u00e8re qui &hellip; <a href=\"https:\/\/www.spa-grillon.fr\/?page_id=13596\">Continuer la lecture <span class=\"meta-nav\">&rarr;<\/span><\/a><\/p>\n","protected":false},"author":2,"featured_media":0,"parent":0,"menu_order":0,"comment_status":"closed","ping_status":"closed","template":"","meta":[],"_links":{"self":[{"href":"https:\/\/www.spa-grillon.fr\/index.php?rest_route=\/wp\/v2\/pages\/13596"}],"collection":[{"href":"https:\/\/www.spa-grillon.fr\/index.php?rest_route=\/wp\/v2\/pages"}],"about":[{"href":"https:\/\/www.spa-grillon.fr\/index.php?rest_route=\/wp\/v2\/types\/page"}],"author":[{"embeddable":true,"href":"https:\/\/www.spa-grillon.fr\/index.php?rest_route=\/wp\/v2\/users\/2"}],"replies":[{"embeddable":true,"href":"https:\/\/www.spa-grillon.fr\/index.php?rest_route=%2Fwp%2Fv2%2Fcomments&post=13596"}],"version-history":[{"count":13,"href":"https:\/\/www.spa-grillon.fr\/index.php?rest_route=\/wp\/v2\/pages\/13596\/revisions"}],"predecessor-version":[{"id":16610,"href":"https:\/\/www.spa-grillon.fr\/index.php?rest_route=\/wp\/v2\/pages\/13596\/revisions\/16610"}],"wp:attachment":[{"href":"https:\/\/www.spa-grillon.fr\/index.php?rest_route=%2Fwp%2Fv2%2Fmedia&parent=13596"}],"curies":[{"name":"wp","href":"https:\/\/api.w.org\/{rel}","templated":true}]}}