{"id":13611,"date":"2023-07-03T21:09:02","date_gmt":"2023-07-03T20:09:02","guid":{"rendered":"http:\/\/www.spa-grillon.fr\/?page_id=13611"},"modified":"2025-06-27T20:13:16","modified_gmt":"2025-06-27T19:13:16","slug":"sayaa","status":"publish","type":"page","link":"https:\/\/www.spa-grillon.fr\/?page_id=13611","title":{"rendered":"SAYAA"},"content":{"rendered":"\n<div class=\"wp-block-media-text alignwide is-stacked-on-mobile\"><figure class=\"wp-block-media-text__media\"><img decoding=\"async\" src=\"https:\/\/www.spa-grillon.fr\/wp-content\/uploads\/2025\/06\/Sayaa-13-1-scaled-e1751051582258-972x1024.jpg\" alt=\"\" class=\"wp-image-17288 size-full\"\/><\/figure><div class=\"wp-block-media-text__content\">\n<p><strong>Sexe <\/strong>: femelle<\/p>\n\n\n\n<p><strong>Race <\/strong>: malinois<\/p>\n\n\n\n<p><strong>Age <\/strong>: n\u00e9 en 10\/2022<\/p>\n\n\n\n<p><strong>Taille <\/strong>: moyenne<\/p>\n<\/div><\/div>\n\n\n\n<p align=\"justify\"><strong>Caract\u00e9ristiques :\u00a0<\/strong> La brunette qui prend la pose est un diamant brut. Adopt\u00e9e sans r\u00e9flexion pr\u00e9alable, elle n&rsquo;aurait pas pu s&rsquo;adapter \u00e0 la vie en appartement qu&rsquo;on lui pr\u00e9parait. Elle est donc au refuge dans l&rsquo;espoir de trouver un mode de vie qui lui corresponde. Elle a toutes les caract\u00e9ristiques de sa race : t\u00eatue, tr\u00e8s dynamique, sportive, tr\u00e8s attach\u00e9e \u00e0 celui qui s&rsquo;occupe d&rsquo;elle et surtout tr\u00e8s intelligente. Elle a des rudiments d&rsquo;\u00e9ducation, (elle a notamment un excellent rappel), mais celle-ci devra imp\u00e9rativement se poursuivre avec s\u00e9rieux car une chienne comme elle bien \u00e9duqu\u00e9e peut \u00eatre une perle mais si on n\u00e9glige sa prise en main, cela peut devenir invivable. Il faut donc offrir \u00e0 Sayaa tous les apprentissages qu&rsquo;elle m\u00e9rite et en faire une chienne extra ! Avec ses cong\u00e9n\u00e8res, elle ne se pr\u00e9sente pas bien mais leur fr\u00e9quentation se passe \u00e0 merveille : une fois le premier contact \u00e9tabli, elle est parfaite, soumise quand il le faut, rebelle quand il le faut ! Les chats en revanche ne sont pas ses amis&#8230; Attention : elle semble ne pas appr\u00e9cier la pr\u00e9sence des jeunes enfants. En laisse, elle tracte un peu car elle est jeune et fougueuse mais encore une fois, la laisse, \u00e7a s&rsquo;apprend, et comme elle a oubli\u00e9 d&rsquo;\u00eatre sotte, \u00e7a viendra vite. On encouragera la pr\u00e9sence d&rsquo;un \u00e9ducateur (nous travaillons avec plusieurs d&rsquo;entre eux dans la r\u00e9gion, nous pourrons vous conseiller) pour r\u00e9v\u00e9ler tout son potentiel. Outre le fait que c&rsquo;est une beaut\u00e9, Sayaa pourra \u00eatre la plus fabuleuse des compagnes.<p align=\"justify\">\n\n\n<div class=\"wp-block-image\">\n<figure class=\"aligncenter size-large is-resized\"><a href=\"https:\/\/www.spa-grillon.fr\/wp-content\/uploads\/2025\/06\/Sayaa-20.jpg\"><img decoding=\"async\" loading=\"lazy\" src=\"https:\/\/www.spa-grillon.fr\/wp-content\/uploads\/2025\/06\/Sayaa-20-748x1024.jpg\" alt=\"\" class=\"wp-image-17287\" width=\"433\" height=\"592\" srcset=\"https:\/\/www.spa-grillon.fr\/wp-content\/uploads\/2025\/06\/Sayaa-20-748x1024.jpg 748w, https:\/\/www.spa-grillon.fr\/wp-content\/uploads\/2025\/06\/Sayaa-20-219x300.jpg 219w, https:\/\/www.spa-grillon.fr\/wp-content\/uploads\/2025\/06\/Sayaa-20-768x1052.jpg 768w, https:\/\/www.spa-grillon.fr\/wp-content\/uploads\/2025\/06\/Sayaa-20-1122x1536.jpg 1122w, https:\/\/www.spa-grillon.fr\/wp-content\/uploads\/2025\/06\/Sayaa-20-1495x2048.jpg 1495w, https:\/\/www.spa-grillon.fr\/wp-content\/uploads\/2025\/06\/Sayaa-20.jpg 1800w\" sizes=\"(max-width: 433px) 100vw, 433px\" \/><\/a><\/figure><\/div>\n\n<div class=\"wp-block-image\">\n<figure class=\"aligncenter size-large is-resized\"><a href=\"https:\/\/www.spa-grillon.fr\/wp-content\/uploads\/2025\/06\/Sayaa-13-1-scaled.jpg\"><img decoding=\"async\" loading=\"lazy\" src=\"https:\/\/www.spa-grillon.fr\/wp-content\/uploads\/2025\/06\/Sayaa-13-1-632x1024.jpg\" alt=\"\" class=\"wp-image-17288\" width=\"486\" height=\"787\"\/><\/a><\/figure><\/div>\n\n\n<figure class=\"wp-block-video\"><video controls src=\"https:\/\/www.spa-grillon.fr\/wp-content\/uploads\/2025\/06\/Sayaa.mp4\"><\/video><\/figure>\n\n\n<div class=\"wp-block-image\">\n<figure class=\"aligncenter is-resized\"><img decoding=\"async\" loading=\"lazy\" src=\"https:\/\/www.spa-grillon.fr\/wp-content\/uploads\/2011\/03\/20230726_102657-e1701190460457-1024x1024.jpg\" alt=\"20230726_102657\" class=\"wp-image-14178\" width=\"528\" height=\"528\" srcset=\"https:\/\/www.spa-grillon.fr\/wp-content\/uploads\/2011\/03\/20230726_102657-e1701190460457-1024x1024.jpg 1024w, https:\/\/www.spa-grillon.fr\/wp-content\/uploads\/2011\/03\/20230726_102657-e1701190460457-150x150.jpg 150w, https:\/\/www.spa-grillon.fr\/wp-content\/uploads\/2011\/03\/20230726_102657-e1701190460457-300x300.jpg 300w, https:\/\/www.spa-grillon.fr\/wp-content\/uploads\/2011\/03\/20230726_102657-e1701190460457-768x768.jpg 768w, https:\/\/www.spa-grillon.fr\/wp-content\/uploads\/2011\/03\/20230726_102657-e1701190460457.jpg 1215w\" sizes=\"(max-width: 528px) 100vw, 528px\" \/><\/figure><\/div>\n\n<div class=\"wp-block-image\">\n<figure class=\"aligncenter is-resized\"><img decoding=\"async\" loading=\"lazy\" src=\"https:\/\/www.spa-grillon.fr\/wp-content\/uploads\/2011\/03\/20230726_102622-786x1024.jpg\" alt=\"20230726_102622\" class=\"wp-image-14176\" width=\"552\" height=\"718\" srcset=\"https:\/\/www.spa-grillon.fr\/wp-content\/uploads\/2011\/03\/20230726_102622-786x1024.jpg 786w, https:\/\/www.spa-grillon.fr\/wp-content\/uploads\/2011\/03\/20230726_102622-230x300.jpg 230w, https:\/\/www.spa-grillon.fr\/wp-content\/uploads\/2011\/03\/20230726_102622-768x1001.jpg 768w, https:\/\/www.spa-grillon.fr\/wp-content\/uploads\/2011\/03\/20230726_102622.jpg 1148w\" sizes=\"(max-width: 552px) 100vw, 552px\" \/><\/figure><\/div>\n\n<div class=\"wp-block-image\">\n<figure class=\"aligncenter is-resized\"><img decoding=\"async\" loading=\"lazy\" src=\"https:\/\/www.spa-grillon.fr\/wp-content\/uploads\/2011\/03\/20230726_101937-e1701190782122.jpg\" alt=\"20230726_101937\" class=\"wp-image-14175\" width=\"558\" height=\"498\" srcset=\"https:\/\/www.spa-grillon.fr\/wp-content\/uploads\/2011\/03\/20230726_101937-e1701190782122.jpg 1104w, https:\/\/www.spa-grillon.fr\/wp-content\/uploads\/2011\/03\/20230726_101937-e1701190782122-300x268.jpg 300w, https:\/\/www.spa-grillon.fr\/wp-content\/uploads\/2011\/03\/20230726_101937-e1701190782122-768x687.jpg 768w, https:\/\/www.spa-grillon.fr\/wp-content\/uploads\/2011\/03\/20230726_101937-e1701190782122-1024x915.jpg 1024w\" sizes=\"(max-width: 558px) 100vw, 558px\" \/><\/figure><\/div>\n\n<div class=\"wp-block-image\">\n<figure class=\"aligncenter is-resized\"><img decoding=\"async\" loading=\"lazy\" src=\"https:\/\/www.spa-grillon.fr\/wp-content\/uploads\/2023\/07\/Sayaa-8-e1688414001438-725x1024.jpg\" alt=\"Sayaa (8)\" class=\"wp-image-13616\" width=\"504\" height=\"712\" srcset=\"https:\/\/www.spa-grillon.fr\/wp-content\/uploads\/2023\/07\/Sayaa-8-e1688414001438-725x1024.jpg 725w, https:\/\/www.spa-grillon.fr\/wp-content\/uploads\/2023\/07\/Sayaa-8-e1688414001438-212x300.jpg 212w, https:\/\/www.spa-grillon.fr\/wp-content\/uploads\/2023\/07\/Sayaa-8-e1688414001438-768x1085.jpg 768w, https:\/\/www.spa-grillon.fr\/wp-content\/uploads\/2023\/07\/Sayaa-8-e1688414001438.jpg 1776w\" sizes=\"(max-width: 504px) 100vw, 504px\" \/><\/figure><\/div>","protected":false},"excerpt":{"rendered":"<p>Sexe : femelle Race : malinois Age : n\u00e9 en 10\/2022 Taille : moyenne Caract\u00e9ristiques :\u00a0 La brunette qui prend la pose est un diamant brut. Adopt\u00e9e sans r\u00e9flexion pr\u00e9alable, elle n&rsquo;aurait pas pu s&rsquo;adapter \u00e0 la vie en appartement &hellip; <a href=\"https:\/\/www.spa-grillon.fr\/?page_id=13611\">Continuer la lecture <span class=\"meta-nav\">&rarr;<\/span><\/a><\/p>\n","protected":false},"author":2,"featured_media":0,"parent":0,"menu_order":0,"comment_status":"closed","ping_status":"closed","template":"","meta":[],"_links":{"self":[{"href":"https:\/\/www.spa-grillon.fr\/index.php?rest_route=\/wp\/v2\/pages\/13611"}],"collection":[{"href":"https:\/\/www.spa-grillon.fr\/index.php?rest_route=\/wp\/v2\/pages"}],"about":[{"href":"https:\/\/www.spa-grillon.fr\/index.php?rest_route=\/wp\/v2\/types\/page"}],"author":[{"embeddable":true,"href":"https:\/\/www.spa-grillon.fr\/index.php?rest_route=\/wp\/v2\/users\/2"}],"replies":[{"embeddable":true,"href":"https:\/\/www.spa-grillon.fr\/index.php?rest_route=%2Fwp%2Fv2%2Fcomments&post=13611"}],"version-history":[{"count":9,"href":"https:\/\/www.spa-grillon.fr\/index.php?rest_route=\/wp\/v2\/pages\/13611\/revisions"}],"predecessor-version":[{"id":17291,"href":"https:\/\/www.spa-grillon.fr\/index.php?rest_route=\/wp\/v2\/pages\/13611\/revisions\/17291"}],"wp:attachment":[{"href":"https:\/\/www.spa-grillon.fr\/index.php?rest_route=%2Fwp%2Fv2%2Fmedia&parent=13611"}],"curies":[{"name":"wp","href":"https:\/\/api.w.org\/{rel}","templated":true}]}}