{"id":13821,"date":"2023-09-04T12:57:19","date_gmt":"2023-09-04T11:57:19","guid":{"rendered":"http:\/\/www.spa-grillon.fr\/?page_id=13821"},"modified":"2023-09-24T20:56:42","modified_gmt":"2023-09-24T19:56:42","slug":"lio","status":"publish","type":"page","link":"https:\/\/www.spa-grillon.fr\/?page_id=13821","title":{"rendered":"LIO"},"content":{"rendered":"<p><a href=\"http:\/\/www.spa-grillon.fr\/wp-content\/uploads\/2023\/09\/20230903_180941.jpg\" rel=\"attachment wp-att-13833\"><img decoding=\"async\" loading=\"lazy\" class=\"size-medium wp-image-13833 alignleft\" src=\"http:\/\/www.spa-grillon.fr\/wp-content\/uploads\/2023\/09\/20230903_180941-300x300.jpg\" alt=\"20230903_180941\" width=\"300\" height=\"300\" srcset=\"https:\/\/www.spa-grillon.fr\/wp-content\/uploads\/2023\/09\/20230903_180941-300x300.jpg 300w, https:\/\/www.spa-grillon.fr\/wp-content\/uploads\/2023\/09\/20230903_180941-150x150.jpg 150w, https:\/\/www.spa-grillon.fr\/wp-content\/uploads\/2023\/09\/20230903_180941-768x768.jpg 768w, https:\/\/www.spa-grillon.fr\/wp-content\/uploads\/2023\/09\/20230903_180941-1024x1024.jpg 1024w, https:\/\/www.spa-grillon.fr\/wp-content\/uploads\/2023\/09\/20230903_180941.jpg 1516w\" sizes=\"(max-width: 300px) 100vw, 300px\" \/><\/a><\/p>\n<p>&nbsp;<\/p>\n<p><strong>Sexe<\/strong> : m\u00e2le<\/p>\n<p><strong>Race <\/strong>: commune<\/p>\n<p><strong>Age <\/strong>: n\u00e9 en 01\/2013<\/p>\n<p><strong>Taille <\/strong>: moyenne<\/p>\n<p>&nbsp;<\/p>\n<p dir=\"auto\" style=\"text-align: justify;\">\u00a0Caract\u00e9ristiques : Lio est un chien comme on en voudrait tous, un amour de chien qui ne garde pas rancune \u00e0 l&rsquo;homme de la vie difficile qu&rsquo;il semble avoir eue. Extr\u00eamement attachant, il est affectueux en diable, vous accueille avec un vrai sourire et passerait des heures \u00e0 se faire caresser. Son \u00e2ge entra\u00eene quelques difficult\u00e9s de locomotion (il faudra sans doute envisager un traitement anti-inflammatoire r\u00e9gulier et une maison sans\u00a0 d&rsquo;escaliers) mais cela ne l&#8217;emp\u00eache pas de gambader et de manifester sa joie de nous voir en sautillant. Il est sociable avec ses cong\u00e9n\u00e8res (il est en revanche vite souffre-douleur des autres), les chats n&rsquo;ont rien \u00e0 craindre avec lui. Il n&rsquo;aboie pas et semble savoir rester seul. Il ne sait pas marcher en laisse (il n&rsquo;est sans doute jamais all\u00e9 promener dans son ancienne vie): il faudra lui apprendre un minimum, pour sa s\u00e9curit\u00e9, car s&rsquo;il vous suit sans laisse facilement, il peut se pr\u00e9cipiter plein d&rsquo;enthousiasme sur les autres chiens qui ne l&rsquo;entendront peut-\u00eatre pas de cette oreille. Cet apprentissage, m\u00eame tardif, ne devrait pas \u00eatre trop difficile car il est tr\u00e8s attir\u00e9 par l&rsquo;humain. Lio serait parfait pour une personne \u00e2g\u00e9e ou \u00e0 mobilit\u00e9 r\u00e9duite qui chercherait une pr\u00e9sence. Il est doux et n&rsquo;a pas besoin de longues promenades : une petite cour ou un jardin pour faire ses besoins suffit s&rsquo;il peut compter sur la pr\u00e9sence de son humain.<br \/>\nLio b\u00e9n\u00e9ficie du plan DOYENS de 30 millions d&rsquo;amis qui offre 600 euros de frais v\u00e9t\u00e9rinaires pour l&rsquo;adoption d&rsquo;un chien de plus de dix ans. Il a encore de l&rsquo;avenir devant lui et r\u00eave de le passer dans une maison entour\u00e9 d&rsquo;affection. <a href=\"http:\/\/www.spa-grillon.fr\/wp-content\/uploads\/2023\/09\/20230903_180949.jpg\" rel=\"attachment wp-att-13835\"><img decoding=\"async\" loading=\"lazy\" class=\"wp-image-13835 aligncenter\" src=\"http:\/\/www.spa-grillon.fr\/wp-content\/uploads\/2023\/09\/20230903_180949-693x1024.jpg\" alt=\"20230903_180949\" width=\"467\" height=\"690\" srcset=\"https:\/\/www.spa-grillon.fr\/wp-content\/uploads\/2023\/09\/20230903_180949-693x1024.jpg 693w, https:\/\/www.spa-grillon.fr\/wp-content\/uploads\/2023\/09\/20230903_180949-203x300.jpg 203w, https:\/\/www.spa-grillon.fr\/wp-content\/uploads\/2023\/09\/20230903_180949-768x1135.jpg 768w, https:\/\/www.spa-grillon.fr\/wp-content\/uploads\/2023\/09\/20230903_180949.jpg 1790w\" sizes=\"(max-width: 467px) 100vw, 467px\" \/><\/a><\/p>\n<p dir=\"auto\" style=\"text-align: justify;\"><a href=\"http:\/\/www.spa-grillon.fr\/wp-content\/uploads\/2023\/09\/20230903_180902.jpg\" rel=\"attachment wp-att-13830\"><img decoding=\"async\" loading=\"lazy\" class=\"wp-image-13830 aligncenter\" src=\"http:\/\/www.spa-grillon.fr\/wp-content\/uploads\/2023\/09\/20230903_180902-1024x1024.jpg\" alt=\"20230903_180902\" width=\"482\" height=\"482\" srcset=\"https:\/\/www.spa-grillon.fr\/wp-content\/uploads\/2023\/09\/20230903_180902-1024x1024.jpg 1024w, https:\/\/www.spa-grillon.fr\/wp-content\/uploads\/2023\/09\/20230903_180902-150x150.jpg 150w, https:\/\/www.spa-grillon.fr\/wp-content\/uploads\/2023\/09\/20230903_180902-300x300.jpg 300w, https:\/\/www.spa-grillon.fr\/wp-content\/uploads\/2023\/09\/20230903_180902-768x768.jpg 768w, https:\/\/www.spa-grillon.fr\/wp-content\/uploads\/2023\/09\/20230903_180902.jpg 1800w\" sizes=\"(max-width: 482px) 100vw, 482px\" \/><\/a> <a href=\"http:\/\/www.spa-grillon.fr\/wp-content\/uploads\/2023\/09\/20230903_180942.jpg\" rel=\"attachment wp-att-13834\"><img decoding=\"async\" loading=\"lazy\" class=\"aligncenter wp-image-13834 \" src=\"http:\/\/www.spa-grillon.fr\/wp-content\/uploads\/2023\/09\/20230903_180942-768x1024.jpg\" alt=\"20230903_180942\" width=\"473\" height=\"630\" srcset=\"https:\/\/www.spa-grillon.fr\/wp-content\/uploads\/2023\/09\/20230903_180942-768x1024.jpg 768w, https:\/\/www.spa-grillon.fr\/wp-content\/uploads\/2023\/09\/20230903_180942-225x300.jpg 225w, https:\/\/www.spa-grillon.fr\/wp-content\/uploads\/2023\/09\/20230903_180942.jpg 1800w\" sizes=\"(max-width: 473px) 100vw, 473px\" \/><\/a><\/p>\n","protected":false},"excerpt":{"rendered":"<p>&nbsp; Sexe : m\u00e2le Race : commune Age : n\u00e9 en 01\/2013 Taille : moyenne &nbsp; \u00a0Caract\u00e9ristiques : Lio est un chien comme on en voudrait tous, un amour de chien qui ne garde pas rancune \u00e0 l&rsquo;homme de la &hellip; <a href=\"https:\/\/www.spa-grillon.fr\/?page_id=13821\">Continuer la lecture <span class=\"meta-nav\">&rarr;<\/span><\/a><\/p>\n","protected":false},"author":2,"featured_media":0,"parent":0,"menu_order":0,"comment_status":"closed","ping_status":"closed","template":"","meta":[],"_links":{"self":[{"href":"https:\/\/www.spa-grillon.fr\/index.php?rest_route=\/wp\/v2\/pages\/13821"}],"collection":[{"href":"https:\/\/www.spa-grillon.fr\/index.php?rest_route=\/wp\/v2\/pages"}],"about":[{"href":"https:\/\/www.spa-grillon.fr\/index.php?rest_route=\/wp\/v2\/types\/page"}],"author":[{"embeddable":true,"href":"https:\/\/www.spa-grillon.fr\/index.php?rest_route=\/wp\/v2\/users\/2"}],"replies":[{"embeddable":true,"href":"https:\/\/www.spa-grillon.fr\/index.php?rest_route=%2Fwp%2Fv2%2Fcomments&post=13821"}],"version-history":[{"count":5,"href":"https:\/\/www.spa-grillon.fr\/index.php?rest_route=\/wp\/v2\/pages\/13821\/revisions"}],"predecessor-version":[{"id":13941,"href":"https:\/\/www.spa-grillon.fr\/index.php?rest_route=\/wp\/v2\/pages\/13821\/revisions\/13941"}],"wp:attachment":[{"href":"https:\/\/www.spa-grillon.fr\/index.php?rest_route=%2Fwp%2Fv2%2Fmedia&parent=13821"}],"curies":[{"name":"wp","href":"https:\/\/api.w.org\/{rel}","templated":true}]}}