{"id":15503,"date":"2024-07-03T12:34:43","date_gmt":"2024-07-03T11:34:43","guid":{"rendered":"https:\/\/www.spa-grillon.fr\/?page_id=15503"},"modified":"2025-11-07T18:28:31","modified_gmt":"2025-11-07T17:28:31","slug":"teddy","status":"publish","type":"page","link":"https:\/\/www.spa-grillon.fr\/?page_id=15503","title":{"rendered":"TEDDY"},"content":{"rendered":"\n<div class=\"wp-block-media-text alignwide is-stacked-on-mobile\"><figure class=\"wp-block-media-text__media\"><img decoding=\"async\" loading=\"lazy\" width=\"1800\" height=\"1799\" src=\"https:\/\/www.spa-grillon.fr\/wp-content\/uploads\/2024\/07\/Teddy-13-edited.jpg\" alt=\"\" class=\"wp-image-15505 size-full\" srcset=\"https:\/\/www.spa-grillon.fr\/wp-content\/uploads\/2024\/07\/Teddy-13-edited.jpg 1800w, https:\/\/www.spa-grillon.fr\/wp-content\/uploads\/2024\/07\/Teddy-13-edited-300x300.jpg 300w, https:\/\/www.spa-grillon.fr\/wp-content\/uploads\/2024\/07\/Teddy-13-edited-1024x1024.jpg 1024w, https:\/\/www.spa-grillon.fr\/wp-content\/uploads\/2024\/07\/Teddy-13-edited-150x150.jpg 150w, https:\/\/www.spa-grillon.fr\/wp-content\/uploads\/2024\/07\/Teddy-13-edited-768x768.jpg 768w, https:\/\/www.spa-grillon.fr\/wp-content\/uploads\/2024\/07\/Teddy-13-edited-1536x1536.jpg 1536w\" sizes=\"(max-width: 1800px) 100vw, 1800px\" \/><\/figure><div class=\"wp-block-media-text__content\">\n<p><strong>Sexe<\/strong> : m\u00e2le<\/p>\n\n\n\n<p><strong>Race<\/strong> : griffon<\/p>\n\n\n\n<p><strong>Age<\/strong> : n\u00e9 en 06\/2020<\/p>\n\n\n\n<p><strong>Taille<\/strong> : grande<\/p>\n<\/div><\/div>\n\n\n\n<p style=\"text-align: justify;\"><strong>Caract\u00e9ristiques <\/strong>: Teddy est un gros nounours tr\u00e8s sensible, un gros baraqu\u00e9 avec un petit c\u0153ur tout mou ! Ses ma\u00eetres ne pouvaient plus s&rsquo;en occuper ni le promener et Teddy \u00e9tait donc dans le jardin, sans activit\u00e9 suffisante, sans occupation. Et il manifestait son mal-\u00eatre et son ennui en d\u00e9truisant. S&rsquo;il retrouve une vie de chien normale, avec des balades, des interactions avec sa famille, il s&rsquo;assagira certainement. Au refuge, il est sage et ne d\u00e9truit rien mais il est terriblement triste. C&rsquo;est vraiment un chien de famille : tr\u00e8s gentil, tr\u00e8s pot de colle, il est en revanche brusque, c&rsquo;est pourquoi on \u00e9vitera les jeunes enfants avec lui mais des ados pour jouer et c\u00e2liner seront les bienvenus. Il aura besoin d&rsquo;action, de promenades fr\u00e9quentes qui seront dans un premier temps sportives car comme tout chien priv\u00e9, il tire beaucoup et vu son gabarit, il faut bien tenir sur ses jambes ! Mais rien d&rsquo;insurmontable avec de l&rsquo;\u00e9ducation. Il s&rsquo;\u00e9clate en caniVTT (voir la vid\u00e9o ci-dessous) ce qui lui a permis de perdre ses bourrelets qu&rsquo;il avait respectables ! Il s&rsquo;entendait bien avec ses cong\u00e9n\u00e8res en balade, mais il est devenu plus compliqu\u00e9, notamment avec les m\u00e2les. Il a d&rsquo;ailleurs manqu\u00e9 une adoption car il n&rsquo;a pas support\u00e9 l&rsquo;autre chien de la famille, trop \u00e2g\u00e9 pour le remettre \u00e0 sa place. Il a \u00ab\u00a0\u00e9duqu\u00e9\u00a0\u00bb un chiot femelle tel un \u00ab\u00a0papa\u00a0\u00bb doux, patient et efficace : le d\u00e9part de ce chiot semble l&rsquo;avoir chang\u00e9&#8230; Les chats ne sont pas du tout ses amis. Teddy d\u00e9p\u00e9rit au refuge et nous savons que les chiens comme lui n&rsquo;attirent pas le regard mais si vous savez regarder au del\u00e0 du c\u00f4t\u00e9 un peu brut de d\u00e9coffrage, vous trouverez un chien attachant qui pourrait devenir un merveilleux compagnon. <p style=\"text-align: justify;\">\n\n\n\n<figure class=\"wp-block-image size-large\"><a href=\"https:\/\/www.spa-grillon.fr\/wp-content\/uploads\/2024\/12\/Teddy-5-scaled.jpg\"><img decoding=\"async\" loading=\"lazy\" width=\"1024\" height=\"1024\" src=\"https:\/\/www.spa-grillon.fr\/wp-content\/uploads\/2024\/12\/Teddy-5-1024x1024.jpg\" alt=\"\" class=\"wp-image-16474\" srcset=\"https:\/\/www.spa-grillon.fr\/wp-content\/uploads\/2024\/12\/Teddy-5-1024x1024.jpg 1024w, https:\/\/www.spa-grillon.fr\/wp-content\/uploads\/2024\/12\/Teddy-5-300x300.jpg 300w, https:\/\/www.spa-grillon.fr\/wp-content\/uploads\/2024\/12\/Teddy-5-150x150.jpg 150w, https:\/\/www.spa-grillon.fr\/wp-content\/uploads\/2024\/12\/Teddy-5-768x768.jpg 768w, https:\/\/www.spa-grillon.fr\/wp-content\/uploads\/2024\/12\/Teddy-5-1536x1536.jpg 1536w, https:\/\/www.spa-grillon.fr\/wp-content\/uploads\/2024\/12\/Teddy-5-2048x2048.jpg 2048w\" sizes=\"(max-width: 1024px) 100vw, 1024px\" \/><\/a><\/figure>\n\n\n<div class=\"wp-block-image\">\n<figure class=\"aligncenter size-large is-resized\"><a href=\"https:\/\/www.spa-grillon.fr\/wp-content\/uploads\/2025\/03\/Teddy-scaled.jpg\"><img decoding=\"async\" loading=\"lazy\" src=\"https:\/\/www.spa-grillon.fr\/wp-content\/uploads\/2025\/03\/Teddy-683x1024.jpg\" alt=\"\" class=\"wp-image-16890\" width=\"472\" height=\"707\" srcset=\"https:\/\/www.spa-grillon.fr\/wp-content\/uploads\/2025\/03\/Teddy-683x1024.jpg 683w, https:\/\/www.spa-grillon.fr\/wp-content\/uploads\/2025\/03\/Teddy-200x300.jpg 200w, https:\/\/www.spa-grillon.fr\/wp-content\/uploads\/2025\/03\/Teddy-768x1152.jpg 768w, https:\/\/www.spa-grillon.fr\/wp-content\/uploads\/2025\/03\/Teddy-1024x1536.jpg 1024w, https:\/\/www.spa-grillon.fr\/wp-content\/uploads\/2025\/03\/Teddy-1365x2048.jpg 1365w, https:\/\/www.spa-grillon.fr\/wp-content\/uploads\/2025\/03\/Teddy-scaled.jpg 1707w\" sizes=\"(max-width: 472px) 100vw, 472px\" \/><\/a><\/figure><\/div>\n\n<div class=\"wp-block-image\">\n<figure class=\"aligncenter size-large is-resized\"><a href=\"https:\/\/www.spa-grillon.fr\/wp-content\/uploads\/2024\/07\/Teddy-5.jpg\"><img decoding=\"async\" loading=\"lazy\" src=\"https:\/\/www.spa-grillon.fr\/wp-content\/uploads\/2024\/07\/Teddy-5-1024x907.jpg\" alt=\"\" class=\"wp-image-15509\" width=\"583\" height=\"516\"\/><\/a><\/figure><\/div>\n\n\n<figure class=\"wp-block-video\"><video controls src=\"https:\/\/www.spa-grillon.fr\/wp-content\/uploads\/2025\/06\/Teddy.mp4\"><\/video><\/figure>\n\n\n<div class=\"wp-block-image\">\n<figure class=\"aligncenter size-large is-resized\"><a href=\"https:\/\/www.spa-grillon.fr\/wp-content\/uploads\/2024\/07\/Teddy-7.jpg\"><img decoding=\"async\" loading=\"lazy\" src=\"https:\/\/www.spa-grillon.fr\/wp-content\/uploads\/2024\/07\/Teddy-7-823x1024.jpg\" alt=\"\" class=\"wp-image-15507\" width=\"441\" height=\"548\" srcset=\"https:\/\/www.spa-grillon.fr\/wp-content\/uploads\/2024\/07\/Teddy-7-823x1024.jpg 823w, https:\/\/www.spa-grillon.fr\/wp-content\/uploads\/2024\/07\/Teddy-7-241x300.jpg 241w, https:\/\/www.spa-grillon.fr\/wp-content\/uploads\/2024\/07\/Teddy-7-768x956.jpg 768w, https:\/\/www.spa-grillon.fr\/wp-content\/uploads\/2024\/07\/Teddy-7-1234x1536.jpg 1234w, https:\/\/www.spa-grillon.fr\/wp-content\/uploads\/2024\/07\/Teddy-7-1646x2048.jpg 1646w, https:\/\/www.spa-grillon.fr\/wp-content\/uploads\/2024\/07\/Teddy-7.jpg 1800w\" sizes=\"(max-width: 441px) 100vw, 441px\" \/><\/a><\/figure><\/div>\n\n<div class=\"wp-block-image\">\n<figure class=\"aligncenter size-large is-resized\"><a href=\"https:\/\/www.spa-grillon.fr\/wp-content\/uploads\/2024\/07\/Teddy-11-scaled.jpg\"><img decoding=\"async\" loading=\"lazy\" src=\"https:\/\/www.spa-grillon.fr\/wp-content\/uploads\/2024\/07\/Teddy-11-461x1024.jpg\" alt=\"\" class=\"wp-image-15511\" width=\"271\" height=\"602\" srcset=\"https:\/\/www.spa-grillon.fr\/wp-content\/uploads\/2024\/07\/Teddy-11-461x1024.jpg 461w, https:\/\/www.spa-grillon.fr\/wp-content\/uploads\/2024\/07\/Teddy-11-135x300.jpg 135w, https:\/\/www.spa-grillon.fr\/wp-content\/uploads\/2024\/07\/Teddy-11-768x1707.jpg 768w, https:\/\/www.spa-grillon.fr\/wp-content\/uploads\/2024\/07\/Teddy-11-691x1536.jpg 691w, https:\/\/www.spa-grillon.fr\/wp-content\/uploads\/2024\/07\/Teddy-11-922x2048.jpg 922w, https:\/\/www.spa-grillon.fr\/wp-content\/uploads\/2024\/07\/Teddy-11-scaled.jpg 1152w\" sizes=\"(max-width: 271px) 100vw, 271px\" \/><\/a><\/figure><\/div>","protected":false},"excerpt":{"rendered":"<p>Sexe : m\u00e2le Race : griffon Age : n\u00e9 en 06\/2020 Taille : grande Caract\u00e9ristiques : Teddy est un gros nounours tr\u00e8s sensible, un gros baraqu\u00e9 avec un petit c\u0153ur tout mou ! Ses ma\u00eetres ne pouvaient plus s&rsquo;en occuper &hellip; <a href=\"https:\/\/www.spa-grillon.fr\/?page_id=15503\">Continuer la lecture <span class=\"meta-nav\">&rarr;<\/span><\/a><\/p>\n","protected":false},"author":2,"featured_media":0,"parent":0,"menu_order":0,"comment_status":"closed","ping_status":"closed","template":"","meta":[],"_links":{"self":[{"href":"https:\/\/www.spa-grillon.fr\/index.php?rest_route=\/wp\/v2\/pages\/15503"}],"collection":[{"href":"https:\/\/www.spa-grillon.fr\/index.php?rest_route=\/wp\/v2\/pages"}],"about":[{"href":"https:\/\/www.spa-grillon.fr\/index.php?rest_route=\/wp\/v2\/types\/page"}],"author":[{"embeddable":true,"href":"https:\/\/www.spa-grillon.fr\/index.php?rest_route=\/wp\/v2\/users\/2"}],"replies":[{"embeddable":true,"href":"https:\/\/www.spa-grillon.fr\/index.php?rest_route=%2Fwp%2Fv2%2Fcomments&post=15503"}],"version-history":[{"count":10,"href":"https:\/\/www.spa-grillon.fr\/index.php?rest_route=\/wp\/v2\/pages\/15503\/revisions"}],"predecessor-version":[{"id":17913,"href":"https:\/\/www.spa-grillon.fr\/index.php?rest_route=\/wp\/v2\/pages\/15503\/revisions\/17913"}],"wp:attachment":[{"href":"https:\/\/www.spa-grillon.fr\/index.php?rest_route=%2Fwp%2Fv2%2Fmedia&parent=15503"}],"curies":[{"name":"wp","href":"https:\/\/api.w.org\/{rel}","templated":true}]}}