{"id":16208,"date":"2024-10-20T17:20:13","date_gmt":"2024-10-20T16:20:13","guid":{"rendered":"https:\/\/www.spa-grillon.fr\/?page_id=16208"},"modified":"2025-05-09T18:15:09","modified_gmt":"2025-05-09T17:15:09","slug":"prosper","status":"publish","type":"page","link":"https:\/\/www.spa-grillon.fr\/?page_id=16208","title":{"rendered":"PROSPER"},"content":{"rendered":"\n<div class=\"wp-block-media-text alignwide is-stacked-on-mobile\"><figure class=\"wp-block-media-text__media\"><img decoding=\"async\" loading=\"lazy\" width=\"999\" height=\"1024\" src=\"https:\/\/www.spa-grillon.fr\/wp-content\/uploads\/2024\/10\/Prosper-4-999x1024.jpg\" alt=\"\" class=\"wp-image-16210 size-full\" srcset=\"https:\/\/www.spa-grillon.fr\/wp-content\/uploads\/2024\/10\/Prosper-4-999x1024.jpg 999w, https:\/\/www.spa-grillon.fr\/wp-content\/uploads\/2024\/10\/Prosper-4-293x300.jpg 293w, https:\/\/www.spa-grillon.fr\/wp-content\/uploads\/2024\/10\/Prosper-4-768x787.jpg 768w, https:\/\/www.spa-grillon.fr\/wp-content\/uploads\/2024\/10\/Prosper-4-1499x1536.jpg 1499w, https:\/\/www.spa-grillon.fr\/wp-content\/uploads\/2024\/10\/Prosper-4-1999x2048.jpg 1999w\" sizes=\"(max-width: 999px) 100vw, 999px\" \/><\/figure><div class=\"wp-block-media-text__content\">\n<p><strong>Sexe <\/strong>: m\u00e2le<\/p>\n\n\n\n<p><strong>Race <\/strong>: crois\u00e9 malinois<\/p>\n\n\n\n<p><strong>Age <\/strong>: n\u00e9 en 11\/2022<\/p>\n\n\n\n<p><strong>Taille <\/strong>: grande<\/p>\n<\/div><\/div>\n\n\n\n<p style=\"text-align: justify;\"> <strong> Caract\u00e9ristiques <\/strong> : Prosper est ce qu&rsquo;on appelle une brute au grand c\u0153ur. En apparence, il semble fada ! Et pourtant, une fois qu&rsquo;il a domin\u00e9 son excitation devant la nouveaut\u00e9, il est tr\u00e8s sympa. C&rsquo;est un chien, qui n&rsquo;a pas eu vraiment d&rsquo;\u00e9ducation mais qui a bon fond. Il faut juste avoir l&rsquo;autorit\u00e9 et la volont\u00e9 de lui poser un cadre. Il apprend vite : si on se montre plus t\u00eatu que lui et qu&rsquo;on ne se laisse pas impressionner par ses bonds.Dans son ancienne vie, il fuguait mais il faut dire qu&rsquo;il n&rsquo;y avait pas de cl\u00f4ture : ici, il n&rsquo;a jamais essay\u00e9 de voir du pays. En balade, il est plut\u00f4t calme et se prom\u00e8ne sans tirer outre mesure. Il pratique le caniVTT mais aime aussi fl\u00e2ner et musarder dans les bas-c\u00f4t\u00e9s. Avec ses cong\u00e9n\u00e8res, il fait l&rsquo;affreux au grillage mais dans un autre contexte, il est sympa. Son c\u00f4t\u00e9 lourdaud et brutal peut en \u00e9nerver plus d&rsquo;un mais il accepte d&rsquo;\u00eatre recadr\u00e9 par plus grad\u00e9 que lui! Les chats, en revanche, il ne faut pas y songer : c&rsquo;est une v\u00e9ritable obsessions ! Il sera le vrai bon copain d&rsquo;un ma\u00eetre sportif et cool, comme lui. Une petite coquetterie dans la narine lui donne un air tout \u00e0 fait unique ! <p style=\"text-align: justify;\">\n\n\n<div class=\"wp-block-image\">\n<figure class=\"aligncenter size-large is-resized\"><a href=\"https:\/\/www.spa-grillon.fr\/wp-content\/uploads\/2024\/10\/Prosper-2-scaled.jpg\"><img decoding=\"async\" loading=\"lazy\" src=\"https:\/\/www.spa-grillon.fr\/wp-content\/uploads\/2024\/10\/Prosper-2-937x1024.jpg\" alt=\"\" class=\"wp-image-16211\" width=\"547\" height=\"598\" srcset=\"https:\/\/www.spa-grillon.fr\/wp-content\/uploads\/2024\/10\/Prosper-2-937x1024.jpg 937w, https:\/\/www.spa-grillon.fr\/wp-content\/uploads\/2024\/10\/Prosper-2-275x300.jpg 275w, https:\/\/www.spa-grillon.fr\/wp-content\/uploads\/2024\/10\/Prosper-2-768x839.jpg 768w, https:\/\/www.spa-grillon.fr\/wp-content\/uploads\/2024\/10\/Prosper-2-1406x1536.jpg 1406w, https:\/\/www.spa-grillon.fr\/wp-content\/uploads\/2024\/10\/Prosper-2-1875x2048.jpg 1875w\" sizes=\"(max-width: 547px) 100vw, 547px\" \/><\/a><\/figure><\/div>\n\n<div class=\"wp-block-image\">\n<figure class=\"aligncenter size-large is-resized\"><a href=\"https:\/\/www.spa-grillon.fr\/wp-content\/uploads\/2024\/10\/Prosper-6.jpg\"><img decoding=\"async\" loading=\"lazy\" src=\"https:\/\/www.spa-grillon.fr\/wp-content\/uploads\/2024\/10\/Prosper-6-1024x997.jpg\" alt=\"\" class=\"wp-image-16212\" width=\"550\" height=\"536\"\/><\/a><\/figure><\/div>\n\n<div class=\"wp-block-image\">\n<figure class=\"aligncenter size-large is-resized\"><a href=\"https:\/\/www.spa-grillon.fr\/wp-content\/uploads\/2024\/10\/Prosper-4-1.jpg\"><img decoding=\"async\" loading=\"lazy\" src=\"https:\/\/www.spa-grillon.fr\/wp-content\/uploads\/2024\/10\/Prosper-4-1-999x1024.jpg\" alt=\"\" class=\"wp-image-16213\" width=\"490\" height=\"501\"\/><\/a><\/figure><\/div>","protected":false},"excerpt":{"rendered":"<p>Sexe : m\u00e2le Race : crois\u00e9 malinois Age : n\u00e9 en 11\/2022 Taille : grande Caract\u00e9ristiques : Prosper est ce qu&rsquo;on appelle une brute au grand c\u0153ur. En apparence, il semble fada ! Et pourtant, une fois qu&rsquo;il a domin\u00e9 &hellip; <a href=\"https:\/\/www.spa-grillon.fr\/?page_id=16208\">Continuer la lecture <span class=\"meta-nav\">&rarr;<\/span><\/a><\/p>\n","protected":false},"author":2,"featured_media":0,"parent":0,"menu_order":0,"comment_status":"closed","ping_status":"closed","template":"","meta":[],"_links":{"self":[{"href":"https:\/\/www.spa-grillon.fr\/index.php?rest_route=\/wp\/v2\/pages\/16208"}],"collection":[{"href":"https:\/\/www.spa-grillon.fr\/index.php?rest_route=\/wp\/v2\/pages"}],"about":[{"href":"https:\/\/www.spa-grillon.fr\/index.php?rest_route=\/wp\/v2\/types\/page"}],"author":[{"embeddable":true,"href":"https:\/\/www.spa-grillon.fr\/index.php?rest_route=\/wp\/v2\/users\/2"}],"replies":[{"embeddable":true,"href":"https:\/\/www.spa-grillon.fr\/index.php?rest_route=%2Fwp%2Fv2%2Fcomments&post=16208"}],"version-history":[{"count":10,"href":"https:\/\/www.spa-grillon.fr\/index.php?rest_route=\/wp\/v2\/pages\/16208\/revisions"}],"predecessor-version":[{"id":17069,"href":"https:\/\/www.spa-grillon.fr\/index.php?rest_route=\/wp\/v2\/pages\/16208\/revisions\/17069"}],"wp:attachment":[{"href":"https:\/\/www.spa-grillon.fr\/index.php?rest_route=%2Fwp%2Fv2%2Fmedia&parent=16208"}],"curies":[{"name":"wp","href":"https:\/\/api.w.org\/{rel}","templated":true}]}}