{"id":16241,"date":"2024-10-24T08:38:14","date_gmt":"2024-10-24T07:38:14","guid":{"rendered":"https:\/\/www.spa-grillon.fr\/?page_id=16241"},"modified":"2024-10-24T08:38:16","modified_gmt":"2024-10-24T07:38:16","slug":"heidi","status":"publish","type":"page","link":"https:\/\/www.spa-grillon.fr\/?page_id=16241","title":{"rendered":"HEIDI"},"content":{"rendered":"\n<div class=\"wp-block-media-text alignwide is-stacked-on-mobile\"><figure class=\"wp-block-media-text__media\"><img decoding=\"async\" src=\"https:\/\/www.spa-grillon.fr\/wp-content\/uploads\/2024\/10\/20241021_122555-961x1024.jpg\" alt=\"\" class=\"wp-image-16242 size-full\"\/><\/figure><div class=\"wp-block-media-text__content\">\n<p style=\"text-align: justify;\">Heidi est une douce minette au regard\u00a0 expressif qui vous fait craquer.\u00a0Elle est assez solitaire et il faudra \u00eatre\u00a0patient pour qu&rsquo;elle vous accorde sa confiance. Elle vivait avec une personne \u00e2g\u00e9e qui est d\u00e9c\u00e9d\u00e9e et elle a \u00e9t\u00e9 boulevers\u00e9e par son arriv\u00e9e chez nous voil\u00e0 quelques ann\u00e9es. Mais elle \u00e9tait choy\u00e9e et on sait que le naturel qu&rsquo;elle avait avec son ancienne propri\u00e9taire reviendrait tr\u00e8s vite dans un environnement plus rassurant. Sa s\u0153ur, adopt\u00e9e, en a fait la d\u00e9monstration. Heidi n&rsquo;aime pas \u00eatre port\u00e9e et peut \u00eatre fuyante mais elle adore les c\u00e2lins : il faudra savoir pers\u00e9v\u00e9rer pour profiter de cette douce minette. <p style=\"text-align: justify;\">\n<\/div><\/div>\n\n\n\n<p>Elle sera plus \u00e0 l&rsquo;aise dans une famille sans enfant.<\/p>\n\n\n<div class=\"wp-block-image\">\n<figure class=\"aligncenter size-full\"><a href=\"https:\/\/www.spa-grillon.fr\/wp-content\/uploads\/2024\/10\/Heidi-2.jpg\"><img decoding=\"async\" loading=\"lazy\" width=\"621\" height=\"621\" src=\"https:\/\/www.spa-grillon.fr\/wp-content\/uploads\/2024\/10\/Heidi-2.jpg\" alt=\"\" class=\"wp-image-16247\" srcset=\"https:\/\/www.spa-grillon.fr\/wp-content\/uploads\/2024\/10\/Heidi-2.jpg 621w, https:\/\/www.spa-grillon.fr\/wp-content\/uploads\/2024\/10\/Heidi-2-300x300.jpg 300w, https:\/\/www.spa-grillon.fr\/wp-content\/uploads\/2024\/10\/Heidi-2-150x150.jpg 150w\" sizes=\"(max-width: 621px) 100vw, 621px\" \/><\/a><\/figure><\/div>\n\n<div class=\"wp-block-image\">\n<figure class=\"aligncenter size-full is-resized\"><a href=\"https:\/\/www.spa-grillon.fr\/wp-content\/uploads\/2024\/10\/IMG-20241022-WA0017-1.jpg\"><img decoding=\"async\" loading=\"lazy\" src=\"https:\/\/www.spa-grillon.fr\/wp-content\/uploads\/2024\/10\/IMG-20241022-WA0017-1.jpg\" alt=\"\" class=\"wp-image-16245\" width=\"458\" height=\"511\" srcset=\"https:\/\/www.spa-grillon.fr\/wp-content\/uploads\/2024\/10\/IMG-20241022-WA0017-1.jpg 714w, https:\/\/www.spa-grillon.fr\/wp-content\/uploads\/2024\/10\/IMG-20241022-WA0017-1-268x300.jpg 268w\" sizes=\"(max-width: 458px) 100vw, 458px\" \/><\/a><\/figure><\/div>","protected":false},"excerpt":{"rendered":"<p>Heidi est une douce minette au regard\u00a0 expressif qui vous fait craquer.\u00a0Elle est assez solitaire et il faudra \u00eatre\u00a0patient pour qu&rsquo;elle vous accorde sa confiance. Elle vivait avec une personne \u00e2g\u00e9e qui est d\u00e9c\u00e9d\u00e9e et elle a \u00e9t\u00e9 boulevers\u00e9e par &hellip; <a href=\"https:\/\/www.spa-grillon.fr\/?page_id=16241\">Continuer la lecture <span class=\"meta-nav\">&rarr;<\/span><\/a><\/p>\n","protected":false},"author":2,"featured_media":0,"parent":0,"menu_order":0,"comment_status":"closed","ping_status":"closed","template":"","meta":[],"_links":{"self":[{"href":"https:\/\/www.spa-grillon.fr\/index.php?rest_route=\/wp\/v2\/pages\/16241"}],"collection":[{"href":"https:\/\/www.spa-grillon.fr\/index.php?rest_route=\/wp\/v2\/pages"}],"about":[{"href":"https:\/\/www.spa-grillon.fr\/index.php?rest_route=\/wp\/v2\/types\/page"}],"author":[{"embeddable":true,"href":"https:\/\/www.spa-grillon.fr\/index.php?rest_route=\/wp\/v2\/users\/2"}],"replies":[{"embeddable":true,"href":"https:\/\/www.spa-grillon.fr\/index.php?rest_route=%2Fwp%2Fv2%2Fcomments&post=16241"}],"version-history":[{"count":1,"href":"https:\/\/www.spa-grillon.fr\/index.php?rest_route=\/wp\/v2\/pages\/16241\/revisions"}],"predecessor-version":[{"id":16248,"href":"https:\/\/www.spa-grillon.fr\/index.php?rest_route=\/wp\/v2\/pages\/16241\/revisions\/16248"}],"wp:attachment":[{"href":"https:\/\/www.spa-grillon.fr\/index.php?rest_route=%2Fwp%2Fv2%2Fmedia&parent=16241"}],"curies":[{"name":"wp","href":"https:\/\/api.w.org\/{rel}","templated":true}]}}