{"id":16428,"date":"2024-12-15T19:39:17","date_gmt":"2024-12-15T18:39:17","guid":{"rendered":"https:\/\/www.spa-grillon.fr\/?page_id=16428"},"modified":"2025-01-07T16:11:32","modified_gmt":"2025-01-07T15:11:32","slug":"rouky","status":"publish","type":"page","link":"https:\/\/www.spa-grillon.fr\/?page_id=16428","title":{"rendered":"ROUKY"},"content":{"rendered":"\n<div class=\"wp-block-media-text alignwide is-stacked-on-mobile\"><figure class=\"wp-block-media-text__media\"><img decoding=\"async\" src=\"https:\/\/www.spa-grillon.fr\/wp-content\/uploads\/2024\/12\/20241208_125809-1024x1004.jpg\" alt=\"\" class=\"wp-image-16429 size-full\"\/><\/figure><div class=\"wp-block-media-text__content\">\n<p style=\"text-align: justify;\">Rouky est un bon gros matou, grassouillet et tr\u00e8s gentil. Il vivait avec cinq autres chats et nous le pensions sociable mais un r\u00e9cent essai d&rsquo;adoption a \u00e9chou\u00e9 car il ne supportait pas les autres chats de la maison. Il semble donc ne tol\u00e9rer que les chats qu&rsquo;il a connus petit. Cet \u00e9chec nous aura toutefois permis de s&rsquo;assurer qu&rsquo;il ne voit pas de probl\u00e8me \u00e0 la cohabitation avec un chien calme et respectueux et qu&rsquo;il s&rsquo;adapte tr\u00e8s vite. <p style=\"text-align: justify;\">\n<\/div><\/div>\n\n\n\n<p> Il aime aussi les enfants. C&rsquo;est un chat assez cool et tr\u00e8s familier, m\u00eame avec les inconnus. Il serait bon qu&rsquo;il puisse s&rsquo;\u00e9battre dans un jardin. C&rsquo;est un bon candidat pour une premi\u00e8re exp\u00e9rience f\u00e9line. Les rouquins sont r\u00e9put\u00e9s pour \u00eatre des chats faciles et intelligents : Roucky en est un bon exemple. <\/p>\n\n\n<div class=\"wp-block-image\">\n<figure class=\"aligncenter size-large is-resized\"><a href=\"https:\/\/www.spa-grillon.fr\/wp-content\/uploads\/2024\/12\/20241208_125809-1.jpg\"><img decoding=\"async\" loading=\"lazy\" src=\"https:\/\/www.spa-grillon.fr\/wp-content\/uploads\/2024\/12\/20241208_125809-1-1024x1004.jpg\" alt=\"\" class=\"wp-image-16431\" width=\"574\" height=\"562\" srcset=\"https:\/\/www.spa-grillon.fr\/wp-content\/uploads\/2024\/12\/20241208_125809-1-1024x1004.jpg 1024w, https:\/\/www.spa-grillon.fr\/wp-content\/uploads\/2024\/12\/20241208_125809-1-300x294.jpg 300w, https:\/\/www.spa-grillon.fr\/wp-content\/uploads\/2024\/12\/20241208_125809-1-768x753.jpg 768w, https:\/\/www.spa-grillon.fr\/wp-content\/uploads\/2024\/12\/20241208_125809-1-1536x1506.jpg 1536w, https:\/\/www.spa-grillon.fr\/wp-content\/uploads\/2024\/12\/20241208_125809-1-2048x2007.jpg 2048w\" sizes=\"(max-width: 574px) 100vw, 574px\" \/><\/a><\/figure><\/div>","protected":false},"excerpt":{"rendered":"<p>Rouky est un bon gros matou, grassouillet et tr\u00e8s gentil. Il vivait avec cinq autres chats et nous le pensions sociable mais un r\u00e9cent essai d&rsquo;adoption a \u00e9chou\u00e9 car il ne supportait pas les autres chats de la maison. Il &hellip; <a href=\"https:\/\/www.spa-grillon.fr\/?page_id=16428\">Continuer la lecture <span class=\"meta-nav\">&rarr;<\/span><\/a><\/p>\n","protected":false},"author":2,"featured_media":0,"parent":0,"menu_order":0,"comment_status":"closed","ping_status":"closed","template":"","meta":[],"_links":{"self":[{"href":"https:\/\/www.spa-grillon.fr\/index.php?rest_route=\/wp\/v2\/pages\/16428"}],"collection":[{"href":"https:\/\/www.spa-grillon.fr\/index.php?rest_route=\/wp\/v2\/pages"}],"about":[{"href":"https:\/\/www.spa-grillon.fr\/index.php?rest_route=\/wp\/v2\/types\/page"}],"author":[{"embeddable":true,"href":"https:\/\/www.spa-grillon.fr\/index.php?rest_route=\/wp\/v2\/users\/2"}],"replies":[{"embeddable":true,"href":"https:\/\/www.spa-grillon.fr\/index.php?rest_route=%2Fwp%2Fv2%2Fcomments&post=16428"}],"version-history":[{"count":6,"href":"https:\/\/www.spa-grillon.fr\/index.php?rest_route=\/wp\/v2\/pages\/16428\/revisions"}],"predecessor-version":[{"id":16550,"href":"https:\/\/www.spa-grillon.fr\/index.php?rest_route=\/wp\/v2\/pages\/16428\/revisions\/16550"}],"wp:attachment":[{"href":"https:\/\/www.spa-grillon.fr\/index.php?rest_route=%2Fwp%2Fv2%2Fmedia&parent=16428"}],"curies":[{"name":"wp","href":"https:\/\/api.w.org\/{rel}","templated":true}]}}