{"id":16593,"date":"2025-01-07T18:40:58","date_gmt":"2025-01-07T17:40:58","guid":{"rendered":"https:\/\/www.spa-grillon.fr\/?page_id=16593"},"modified":"2025-11-07T18:38:46","modified_gmt":"2025-11-07T17:38:46","slug":"laika","status":"publish","type":"page","link":"https:\/\/www.spa-grillon.fr\/?page_id=16593","title":{"rendered":"LAIKA"},"content":{"rendered":"\n<div class=\"wp-block-media-text alignwide is-stacked-on-mobile\"><figure class=\"wp-block-media-text__media\"><img decoding=\"async\" loading=\"lazy\" width=\"872\" height=\"872\" src=\"https:\/\/www.spa-grillon.fr\/wp-content\/uploads\/2025\/01\/Laika-4.jpg\" alt=\"\" class=\"wp-image-16594 size-full\" srcset=\"https:\/\/www.spa-grillon.fr\/wp-content\/uploads\/2025\/01\/Laika-4.jpg 872w, https:\/\/www.spa-grillon.fr\/wp-content\/uploads\/2025\/01\/Laika-4-300x300.jpg 300w, https:\/\/www.spa-grillon.fr\/wp-content\/uploads\/2025\/01\/Laika-4-150x150.jpg 150w, https:\/\/www.spa-grillon.fr\/wp-content\/uploads\/2025\/01\/Laika-4-768x768.jpg 768w\" sizes=\"(max-width: 872px) 100vw, 872px\" \/><\/figure><div class=\"wp-block-media-text__content\">\n<p><strong>Sexe <\/strong>: femelle<\/p>\n\n\n\n<p><strong>Race <\/strong>: berger<\/p>\n\n\n\n<p><strong>Age <\/strong>: n\u00e9 en 27\/11\/2019<\/p>\n\n\n\n<p><strong>Taille <\/strong>: grande<\/p>\n<\/div><\/div>\n\n\n\n<p style=\"text-align: justify;\"> <strong> Caract\u00e9ristiques<\/strong> : La\u00efka a \u00e9t\u00e9 abandonn\u00e9e avec sa s\u0153ur, Alpha.  Toutes deux sont tr\u00e8s fusionnelles et s&rsquo;entendent tr\u00e8s bien. Mais La\u00efka a besoin d&rsquo;une vie de famille. Nous avons d\u00fb les s\u00e9parer pour maximiser leurs chances d&rsquo;\u00eatre adopt\u00e9es et elles ont plut\u00f4t bien v\u00e9cu leur s\u00e9paration. Avec ses cong\u00e9n\u00e8res, La\u00efka frime et essaie d&rsquo;en imposer mais elle est sociable en r\u00e9alit\u00e9: elle manque juste d&rsquo;habitude. A l&rsquo;heure actuelle, elle cohabite avec un autre chien et ce n&rsquo;est pas lui qui porte la culotte. Elle est tr\u00e8s joueuse et un autre chien de son gabarit et bien dans ses pattes ferait son bonheur. Elle semble tr\u00e8s d\u00e9lur\u00e9e dans son parc et la sortie est sportive mais une fois en promenade, elle est assez sage et a un bon rappel. Elle a besoin toutefois d&rsquo;autorit\u00e9 pour canaliser son \u00e9nergie. Avec les humains, elle est adorable mais brusque : elle saute mais c&rsquo;est surtout pour r\u00e9clamer de l&rsquo;attention, des caresses. Cependant, elle apprend tr\u00e8s vite : assis, couch\u00e9, il lui a fallu quelques minutes. C&rsquo;est une chienne intelligente qui se d\u00e9vouera corps et \u00e2me \u00e0 celui qui l&rsquo;adoptera car elle est tr\u00e8s demandeuse d&rsquo;interactions. Il faudra donc approfondir son \u00e9ducation et lui donner de l&rsquo;occupation autant que de l&rsquo;affection. <\/p>\n\n\n<div class=\"wp-block-image\">\n<figure class=\"aligncenter size-large is-resized\"><a href=\"https:\/\/www.spa-grillon.fr\/wp-content\/uploads\/2025\/01\/Laika-3.jpg\"><img decoding=\"async\" loading=\"lazy\" src=\"https:\/\/www.spa-grillon.fr\/wp-content\/uploads\/2025\/01\/Laika-3-1024x1024.jpg\" alt=\"\" class=\"wp-image-16597\" width=\"517\" height=\"517\" srcset=\"https:\/\/www.spa-grillon.fr\/wp-content\/uploads\/2025\/01\/Laika-3-1024x1024.jpg 1024w, https:\/\/www.spa-grillon.fr\/wp-content\/uploads\/2025\/01\/Laika-3-300x300.jpg 300w, https:\/\/www.spa-grillon.fr\/wp-content\/uploads\/2025\/01\/Laika-3-150x150.jpg 150w, https:\/\/www.spa-grillon.fr\/wp-content\/uploads\/2025\/01\/Laika-3-768x768.jpg 768w, https:\/\/www.spa-grillon.fr\/wp-content\/uploads\/2025\/01\/Laika-3.jpg 1119w\" sizes=\"(max-width: 517px) 100vw, 517px\" \/><\/a><\/figure><\/div>\n\n<div class=\"wp-block-image\">\n<figure class=\"aligncenter size-large is-resized\"><a href=\"https:\/\/www.spa-grillon.fr\/wp-content\/uploads\/2025\/11\/IMG-20251107-WA0043.jpg\"><img decoding=\"async\" loading=\"lazy\" src=\"https:\/\/www.spa-grillon.fr\/wp-content\/uploads\/2025\/11\/IMG-20251107-WA0043-576x1024.jpg\" alt=\"\" class=\"wp-image-17926\" width=\"468\" height=\"832\" srcset=\"https:\/\/www.spa-grillon.fr\/wp-content\/uploads\/2025\/11\/IMG-20251107-WA0043-576x1024.jpg 576w, https:\/\/www.spa-grillon.fr\/wp-content\/uploads\/2025\/11\/IMG-20251107-WA0043-169x300.jpg 169w, https:\/\/www.spa-grillon.fr\/wp-content\/uploads\/2025\/11\/IMG-20251107-WA0043-768x1365.jpg 768w, https:\/\/www.spa-grillon.fr\/wp-content\/uploads\/2025\/11\/IMG-20251107-WA0043-864x1536.jpg 864w, https:\/\/www.spa-grillon.fr\/wp-content\/uploads\/2025\/11\/IMG-20251107-WA0043.jpg 900w\" sizes=\"(max-width: 468px) 100vw, 468px\" \/><\/a><\/figure><\/div>\n\n<div class=\"wp-block-image\">\n<figure class=\"aligncenter size-large is-resized\"><a href=\"https:\/\/www.spa-grillon.fr\/wp-content\/uploads\/2025\/01\/Laika.jpg\"><img decoding=\"async\" loading=\"lazy\" src=\"https:\/\/www.spa-grillon.fr\/wp-content\/uploads\/2025\/01\/Laika-1024x1024.jpg\" alt=\"\" class=\"wp-image-16598\" width=\"516\" height=\"516\" srcset=\"https:\/\/www.spa-grillon.fr\/wp-content\/uploads\/2025\/01\/Laika-1024x1024.jpg 1024w, https:\/\/www.spa-grillon.fr\/wp-content\/uploads\/2025\/01\/Laika-300x300.jpg 300w, https:\/\/www.spa-grillon.fr\/wp-content\/uploads\/2025\/01\/Laika-150x150.jpg 150w, https:\/\/www.spa-grillon.fr\/wp-content\/uploads\/2025\/01\/Laika-768x768.jpg 768w, https:\/\/www.spa-grillon.fr\/wp-content\/uploads\/2025\/01\/Laika-1536x1536.jpg 1536w, https:\/\/www.spa-grillon.fr\/wp-content\/uploads\/2025\/01\/Laika.jpg 2045w\" sizes=\"(max-width: 516px) 100vw, 516px\" \/><\/a><\/figure><\/div>\n\n\n<figure class=\"wp-block-image size-large\"><a href=\"https:\/\/www.spa-grillon.fr\/wp-content\/uploads\/2025\/11\/Laika-scaled.jpg\"><img decoding=\"async\" loading=\"lazy\" width=\"1024\" height=\"683\" src=\"https:\/\/www.spa-grillon.fr\/wp-content\/uploads\/2025\/11\/Laika-1024x683.jpg\" alt=\"\" class=\"wp-image-17898\" srcset=\"https:\/\/www.spa-grillon.fr\/wp-content\/uploads\/2025\/11\/Laika-1024x683.jpg 1024w, https:\/\/www.spa-grillon.fr\/wp-content\/uploads\/2025\/11\/Laika-300x200.jpg 300w, https:\/\/www.spa-grillon.fr\/wp-content\/uploads\/2025\/11\/Laika-768x512.jpg 768w, https:\/\/www.spa-grillon.fr\/wp-content\/uploads\/2025\/11\/Laika-1536x1024.jpg 1536w, https:\/\/www.spa-grillon.fr\/wp-content\/uploads\/2025\/11\/Laika-2048x1365.jpg 2048w\" sizes=\"(max-width: 1024px) 100vw, 1024px\" \/><\/a><\/figure>\n\n\n<div class=\"wp-block-image\">\n<figure class=\"aligncenter size-large is-resized\"><a href=\"https:\/\/www.spa-grillon.fr\/wp-content\/uploads\/2025\/01\/Alpha-7.jpg\"><img decoding=\"async\" loading=\"lazy\" src=\"https:\/\/www.spa-grillon.fr\/wp-content\/uploads\/2025\/01\/Alpha-7-1024x1024.jpg\" alt=\"\" class=\"wp-image-16595\" width=\"580\" height=\"580\" srcset=\"https:\/\/www.spa-grillon.fr\/wp-content\/uploads\/2025\/01\/Alpha-7-1024x1024.jpg 1024w, https:\/\/www.spa-grillon.fr\/wp-content\/uploads\/2025\/01\/Alpha-7-300x300.jpg 300w, https:\/\/www.spa-grillon.fr\/wp-content\/uploads\/2025\/01\/Alpha-7-150x150.jpg 150w, https:\/\/www.spa-grillon.fr\/wp-content\/uploads\/2025\/01\/Alpha-7-768x768.jpg 768w, https:\/\/www.spa-grillon.fr\/wp-content\/uploads\/2025\/01\/Alpha-7.jpg 1393w\" sizes=\"(max-width: 580px) 100vw, 580px\" \/><\/a><\/figure><\/div>\n\n<div class=\"wp-block-image\">\n<figure class=\"aligncenter size-large is-resized\"><a href=\"https:\/\/www.spa-grillon.fr\/wp-content\/uploads\/2025\/01\/Laika-1.jpg\"><img decoding=\"async\" loading=\"lazy\" src=\"https:\/\/www.spa-grillon.fr\/wp-content\/uploads\/2025\/01\/Laika-1-1024x1024.jpg\" alt=\"\" class=\"wp-image-16596\" width=\"578\" height=\"578\" srcset=\"https:\/\/www.spa-grillon.fr\/wp-content\/uploads\/2025\/01\/Laika-1-1024x1024.jpg 1024w, https:\/\/www.spa-grillon.fr\/wp-content\/uploads\/2025\/01\/Laika-1-300x300.jpg 300w, https:\/\/www.spa-grillon.fr\/wp-content\/uploads\/2025\/01\/Laika-1-150x150.jpg 150w, https:\/\/www.spa-grillon.fr\/wp-content\/uploads\/2025\/01\/Laika-1-768x768.jpg 768w, https:\/\/www.spa-grillon.fr\/wp-content\/uploads\/2025\/01\/Laika-1-1536x1536.jpg 1536w, https:\/\/www.spa-grillon.fr\/wp-content\/uploads\/2025\/01\/Laika-1.jpg 1601w\" sizes=\"(max-width: 578px) 100vw, 578px\" \/><\/a><\/figure><\/div>","protected":false},"excerpt":{"rendered":"<p>Sexe : femelle Race : berger Age : n\u00e9 en 27\/11\/2019 Taille : grande Caract\u00e9ristiques : La\u00efka a \u00e9t\u00e9 abandonn\u00e9e avec sa s\u0153ur, Alpha. Toutes deux sont tr\u00e8s fusionnelles et s&rsquo;entendent tr\u00e8s bien. Mais La\u00efka a besoin d&rsquo;une vie de &hellip; <a href=\"https:\/\/www.spa-grillon.fr\/?page_id=16593\">Continuer la lecture <span class=\"meta-nav\">&rarr;<\/span><\/a><\/p>\n","protected":false},"author":2,"featured_media":0,"parent":0,"menu_order":0,"comment_status":"closed","ping_status":"closed","template":"","meta":[],"_links":{"self":[{"href":"https:\/\/www.spa-grillon.fr\/index.php?rest_route=\/wp\/v2\/pages\/16593"}],"collection":[{"href":"https:\/\/www.spa-grillon.fr\/index.php?rest_route=\/wp\/v2\/pages"}],"about":[{"href":"https:\/\/www.spa-grillon.fr\/index.php?rest_route=\/wp\/v2\/types\/page"}],"author":[{"embeddable":true,"href":"https:\/\/www.spa-grillon.fr\/index.php?rest_route=\/wp\/v2\/users\/2"}],"replies":[{"embeddable":true,"href":"https:\/\/www.spa-grillon.fr\/index.php?rest_route=%2Fwp%2Fv2%2Fcomments&post=16593"}],"version-history":[{"count":6,"href":"https:\/\/www.spa-grillon.fr\/index.php?rest_route=\/wp\/v2\/pages\/16593\/revisions"}],"predecessor-version":[{"id":17927,"href":"https:\/\/www.spa-grillon.fr\/index.php?rest_route=\/wp\/v2\/pages\/16593\/revisions\/17927"}],"wp:attachment":[{"href":"https:\/\/www.spa-grillon.fr\/index.php?rest_route=%2Fwp%2Fv2%2Fmedia&parent=16593"}],"curies":[{"name":"wp","href":"https:\/\/api.w.org\/{rel}","templated":true}]}}