{"id":17356,"date":"2025-07-15T17:04:37","date_gmt":"2025-07-15T16:04:37","guid":{"rendered":"https:\/\/www.spa-grillon.fr\/?page_id=17356"},"modified":"2026-03-20T17:37:15","modified_gmt":"2026-03-20T16:37:15","slug":"laya","status":"publish","type":"page","link":"https:\/\/www.spa-grillon.fr\/?page_id=17356","title":{"rendered":"LAYA"},"content":{"rendered":"\n<div class=\"wp-block-media-text alignwide is-stacked-on-mobile\"><figure class=\"wp-block-media-text__media\"><img decoding=\"async\" loading=\"lazy\" width=\"1024\" height=\"1024\" src=\"https:\/\/www.spa-grillon.fr\/wp-content\/uploads\/2025\/07\/Laya-10-e1752594393584-1024x1024.jpg\" alt=\"\" class=\"wp-image-17357 size-full\" srcset=\"https:\/\/www.spa-grillon.fr\/wp-content\/uploads\/2025\/07\/Laya-10-e1752594393584-1024x1024.jpg 1024w, https:\/\/www.spa-grillon.fr\/wp-content\/uploads\/2025\/07\/Laya-10-e1752594393584-300x300.jpg 300w, https:\/\/www.spa-grillon.fr\/wp-content\/uploads\/2025\/07\/Laya-10-e1752594393584-150x150.jpg 150w, https:\/\/www.spa-grillon.fr\/wp-content\/uploads\/2025\/07\/Laya-10-e1752594393584-768x768.jpg 768w, https:\/\/www.spa-grillon.fr\/wp-content\/uploads\/2025\/07\/Laya-10-e1752594393584.jpg 1179w\" sizes=\"(max-width: 1024px) 100vw, 1024px\" \/><\/figure><div class=\"wp-block-media-text__content\">\n<p><strong>Sexe <\/strong>: femelle<\/p>\n\n\n\n<p><strong>Race <\/strong>: crois\u00e9e sharpei<\/p>\n\n\n\n<p><strong>Age <\/strong>: n\u00e9 en 08\/2021<\/p>\n\n\n\n<p><strong>Taille <\/strong>: grande<\/p>\n<\/div><\/div>\n\n\n\n<p align=\"justify\"><strong>Caract\u00e9ristiques <\/strong>: Laya nous est arriv\u00e9e par une fourri\u00e8re dans laquelle elle a pass\u00e9 pr\u00e8s d&rsquo;un an. Elle avait \u00e9t\u00e9 trouv\u00e9e attach\u00e9e \u00e0 la grille. Peu de sorties, pas de contacts avec ses cong\u00e9n\u00e8res pendant tout ce temps&#8230; Laya a donc besoin de se poser et de retrouver des rep\u00e8res. C&rsquo;est une gentille chienne au caract\u00e8re bien affirm\u00e9. Le premier contact peut \u00eatre vigoureux car elle est bonne gardienne et ne se laisse pas approcher par les inconnus. Elle entend qu&rsquo;on la respecte et ce n&rsquo;est pas le genre de chien \u00e0 qui on pourra faire des agaceries. Mais une fois qu&rsquo;elle conna\u00eet, elle se d\u00e9tend et se montre tr\u00e8s affectueuse. Elle adore l&rsquo;eau et passe son temps \u00e0 patauger dans sa piscine. Elle ne supporte pas les chats et semble pr\u00e9f\u00e9rer la solitude \u00e0 la compagnie de ses cong\u00e9n\u00e8res. Elle adore promener et se rattrape de ses mois de claustration mais elle ne tire pas en laisse. Elle appr\u00e9cie maintenant de flairer et musarder. En box, elle est calme et n&rsquo;aboie pas. Un appartement peut sans doute s&rsquo;envisager, \u00e0 condition, comme pour tous les chiens, de sortir suffisamment. On \u00e9vitera les enfants avec Laya. <p align=\"justify\">\n\n\n<div class=\"wp-block-image\">\n<figure class=\"aligncenter size-large is-resized\"><a href=\"https:\/\/www.spa-grillon.fr\/wp-content\/uploads\/2025\/12\/20251207_122911.jpg\"><img decoding=\"async\" loading=\"lazy\" src=\"https:\/\/www.spa-grillon.fr\/wp-content\/uploads\/2025\/12\/20251207_122911-1024x1024.jpg\" alt=\"\" class=\"wp-image-18147\" width=\"506\" height=\"506\" srcset=\"https:\/\/www.spa-grillon.fr\/wp-content\/uploads\/2025\/12\/20251207_122911-1024x1024.jpg 1024w, https:\/\/www.spa-grillon.fr\/wp-content\/uploads\/2025\/12\/20251207_122911-300x300.jpg 300w, https:\/\/www.spa-grillon.fr\/wp-content\/uploads\/2025\/12\/20251207_122911-150x150.jpg 150w, https:\/\/www.spa-grillon.fr\/wp-content\/uploads\/2025\/12\/20251207_122911-768x768.jpg 768w, https:\/\/www.spa-grillon.fr\/wp-content\/uploads\/2025\/12\/20251207_122911-1536x1536.jpg 1536w, https:\/\/www.spa-grillon.fr\/wp-content\/uploads\/2025\/12\/20251207_122911-2048x2048.jpg 2048w\" sizes=\"(max-width: 506px) 100vw, 506px\" \/><\/a><\/figure><\/div>\n\n<div class=\"wp-block-image\">\n<figure class=\"aligncenter size-large is-resized\"><a href=\"https:\/\/www.spa-grillon.fr\/wp-content\/uploads\/2025\/12\/20251207_123025.jpg\"><img decoding=\"async\" loading=\"lazy\" src=\"https:\/\/www.spa-grillon.fr\/wp-content\/uploads\/2025\/12\/20251207_123025-793x1024.jpg\" alt=\"\" class=\"wp-image-18148\" width=\"515\" height=\"664\" srcset=\"https:\/\/www.spa-grillon.fr\/wp-content\/uploads\/2025\/12\/20251207_123025-793x1024.jpg 793w, https:\/\/www.spa-grillon.fr\/wp-content\/uploads\/2025\/12\/20251207_123025-232x300.jpg 232w, https:\/\/www.spa-grillon.fr\/wp-content\/uploads\/2025\/12\/20251207_123025-768x992.jpg 768w, https:\/\/www.spa-grillon.fr\/wp-content\/uploads\/2025\/12\/20251207_123025-1190x1536.jpg 1190w, https:\/\/www.spa-grillon.fr\/wp-content\/uploads\/2025\/12\/20251207_123025-1586x2048.jpg 1586w, https:\/\/www.spa-grillon.fr\/wp-content\/uploads\/2025\/12\/20251207_123025.jpg 1680w\" sizes=\"(max-width: 515px) 100vw, 515px\" \/><\/a><\/figure><\/div>\n\n<div class=\"wp-block-image\">\n<figure class=\"aligncenter size-large is-resized\"><a href=\"https:\/\/www.spa-grillon.fr\/wp-content\/uploads\/2025\/07\/Laya-10-1.jpg\"><img decoding=\"async\" loading=\"lazy\" src=\"https:\/\/www.spa-grillon.fr\/wp-content\/uploads\/2025\/07\/Laya-10-1-edited.jpg\" alt=\"\" class=\"wp-image-17359\" width=\"511\" height=\"511\" srcset=\"https:\/\/www.spa-grillon.fr\/wp-content\/uploads\/2025\/07\/Laya-10-1-edited.jpg 1404w, https:\/\/www.spa-grillon.fr\/wp-content\/uploads\/2025\/07\/Laya-10-1-edited-300x300.jpg 300w, https:\/\/www.spa-grillon.fr\/wp-content\/uploads\/2025\/07\/Laya-10-1-edited-1024x1024.jpg 1024w, https:\/\/www.spa-grillon.fr\/wp-content\/uploads\/2025\/07\/Laya-10-1-edited-150x150.jpg 150w, https:\/\/www.spa-grillon.fr\/wp-content\/uploads\/2025\/07\/Laya-10-1-edited-768x768.jpg 768w\" sizes=\"(max-width: 511px) 100vw, 511px\" \/><\/a><\/figure><\/div>\n\n<div class=\"wp-block-image\">\n<figure class=\"aligncenter size-large is-resized\"><a href=\"https:\/\/www.spa-grillon.fr\/wp-content\/uploads\/2025\/07\/Laya-9-scaled.jpg\"><img decoding=\"async\" loading=\"lazy\" src=\"https:\/\/www.spa-grillon.fr\/wp-content\/uploads\/2025\/07\/Laya-9-1024x1024.jpg\" alt=\"\" class=\"wp-image-17360\" width=\"509\" height=\"509\" srcset=\"https:\/\/www.spa-grillon.fr\/wp-content\/uploads\/2025\/07\/Laya-9-1024x1024.jpg 1024w, https:\/\/www.spa-grillon.fr\/wp-content\/uploads\/2025\/07\/Laya-9-300x300.jpg 300w, https:\/\/www.spa-grillon.fr\/wp-content\/uploads\/2025\/07\/Laya-9-150x150.jpg 150w, https:\/\/www.spa-grillon.fr\/wp-content\/uploads\/2025\/07\/Laya-9-768x768.jpg 768w, https:\/\/www.spa-grillon.fr\/wp-content\/uploads\/2025\/07\/Laya-9-1536x1536.jpg 1536w, https:\/\/www.spa-grillon.fr\/wp-content\/uploads\/2025\/07\/Laya-9-2048x2048.jpg 2048w\" sizes=\"(max-width: 509px) 100vw, 509px\" \/><\/a><\/figure><\/div>\n\n<div class=\"wp-block-image\">\n<figure class=\"aligncenter size-large is-resized\"><a href=\"https:\/\/www.spa-grillon.fr\/wp-content\/uploads\/2025\/07\/Laya-18.jpg\"><img decoding=\"async\" loading=\"lazy\" src=\"https:\/\/www.spa-grillon.fr\/wp-content\/uploads\/2025\/07\/Laya-18-edited.jpg\" alt=\"\" class=\"wp-image-17362\" width=\"622\" height=\"617\" srcset=\"https:\/\/www.spa-grillon.fr\/wp-content\/uploads\/2025\/07\/Laya-18-edited.jpg 1330w, https:\/\/www.spa-grillon.fr\/wp-content\/uploads\/2025\/07\/Laya-18-edited-300x298.jpg 300w, https:\/\/www.spa-grillon.fr\/wp-content\/uploads\/2025\/07\/Laya-18-edited-1024x1018.jpg 1024w, https:\/\/www.spa-grillon.fr\/wp-content\/uploads\/2025\/07\/Laya-18-edited-150x150.jpg 150w, https:\/\/www.spa-grillon.fr\/wp-content\/uploads\/2025\/07\/Laya-18-edited-768x763.jpg 768w\" sizes=\"(max-width: 622px) 100vw, 622px\" \/><\/a><\/figure><\/div>\n\n<div class=\"wp-block-image\">\n<figure class=\"aligncenter size-full is-resized\"><a href=\"https:\/\/www.spa-grillon.fr\/wp-content\/uploads\/2025\/07\/Laya.jpg\"><img decoding=\"async\" loading=\"lazy\" src=\"https:\/\/www.spa-grillon.fr\/wp-content\/uploads\/2025\/07\/Laya.jpg\" alt=\"\" class=\"wp-image-17363\" width=\"549\" height=\"732\" srcset=\"https:\/\/www.spa-grillon.fr\/wp-content\/uploads\/2025\/07\/Laya.jpg 720w, https:\/\/www.spa-grillon.fr\/wp-content\/uploads\/2025\/07\/Laya-225x300.jpg 225w\" sizes=\"(max-width: 549px) 100vw, 549px\" \/><\/a><\/figure><\/div>","protected":false},"excerpt":{"rendered":"<p>Sexe : femelle Race : crois\u00e9e sharpei Age : n\u00e9 en 08\/2021 Taille : grande Caract\u00e9ristiques : Laya nous est arriv\u00e9e par une fourri\u00e8re dans laquelle elle a pass\u00e9 pr\u00e8s d&rsquo;un an. Elle avait \u00e9t\u00e9 trouv\u00e9e attach\u00e9e \u00e0 la grille. &hellip; <a href=\"https:\/\/www.spa-grillon.fr\/?page_id=17356\">Continuer la lecture <span class=\"meta-nav\">&rarr;<\/span><\/a><\/p>\n","protected":false},"author":2,"featured_media":0,"parent":0,"menu_order":0,"comment_status":"closed","ping_status":"closed","template":"","meta":[],"_links":{"self":[{"href":"https:\/\/www.spa-grillon.fr\/index.php?rest_route=\/wp\/v2\/pages\/17356"}],"collection":[{"href":"https:\/\/www.spa-grillon.fr\/index.php?rest_route=\/wp\/v2\/pages"}],"about":[{"href":"https:\/\/www.spa-grillon.fr\/index.php?rest_route=\/wp\/v2\/types\/page"}],"author":[{"embeddable":true,"href":"https:\/\/www.spa-grillon.fr\/index.php?rest_route=\/wp\/v2\/users\/2"}],"replies":[{"embeddable":true,"href":"https:\/\/www.spa-grillon.fr\/index.php?rest_route=%2Fwp%2Fv2%2Fcomments&post=17356"}],"version-history":[{"count":4,"href":"https:\/\/www.spa-grillon.fr\/index.php?rest_route=\/wp\/v2\/pages\/17356\/revisions"}],"predecessor-version":[{"id":18509,"href":"https:\/\/www.spa-grillon.fr\/index.php?rest_route=\/wp\/v2\/pages\/17356\/revisions\/18509"}],"wp:attachment":[{"href":"https:\/\/www.spa-grillon.fr\/index.php?rest_route=%2Fwp%2Fv2%2Fmedia&parent=17356"}],"curies":[{"name":"wp","href":"https:\/\/api.w.org\/{rel}","templated":true}]}}