{"id":18325,"date":"2026-02-10T18:24:00","date_gmt":"2026-02-10T17:24:00","guid":{"rendered":"https:\/\/www.spa-grillon.fr\/?page_id=18325"},"modified":"2026-02-20T18:37:17","modified_gmt":"2026-02-20T17:37:17","slug":"vany","status":"publish","type":"page","link":"https:\/\/www.spa-grillon.fr\/?page_id=18325","title":{"rendered":"VANY"},"content":{"rendered":"\n<div class=\"wp-block-media-text alignwide is-stacked-on-mobile\"><figure class=\"wp-block-media-text__media\"><img decoding=\"async\" loading=\"lazy\" width=\"1024\" height=\"1024\" src=\"https:\/\/www.spa-grillon.fr\/wp-content\/uploads\/2026\/02\/20260218_125813-1-e1771608755724-1024x1024.jpg\" alt=\"\" class=\"wp-image-18448 size-full\" srcset=\"https:\/\/www.spa-grillon.fr\/wp-content\/uploads\/2026\/02\/20260218_125813-1-e1771608755724-1024x1024.jpg 1024w, https:\/\/www.spa-grillon.fr\/wp-content\/uploads\/2026\/02\/20260218_125813-1-e1771608755724-300x300.jpg 300w, https:\/\/www.spa-grillon.fr\/wp-content\/uploads\/2026\/02\/20260218_125813-1-e1771608755724-150x150.jpg 150w, https:\/\/www.spa-grillon.fr\/wp-content\/uploads\/2026\/02\/20260218_125813-1-e1771608755724-768x768.jpg 768w, https:\/\/www.spa-grillon.fr\/wp-content\/uploads\/2026\/02\/20260218_125813-1-e1771608755724.jpg 1429w\" sizes=\"(max-width: 1024px) 100vw, 1024px\" \/><\/figure><div class=\"wp-block-media-text__content\">\n<p><strong>Sexe <\/strong>: m\u00e2le<\/p>\n\n\n\n<p><strong>Race <\/strong>: berger<\/p>\n\n\n\n<p><strong>Age <\/strong>: n\u00e9 en 06\/2024<\/p>\n\n\n\n<p><strong>Taille <\/strong>: moyen<\/p>\n<\/div><\/div>\n\n\n\n<p align=\"justify\">Vany a une histoire douloureuse mais tristement banale. Il vivait avec ses fr\u00e8res et s\u0153urs dans un environnement aimant mais socialement en difficult\u00e9. Aim\u00e9 mais d\u00e9s\u0153uvr\u00e9 et pas \u00e9duqu\u00e9. Il ne promenait pas, avait pour seule distraction les gens qui passaient devant sa cour et qui l&#8217;emb\u00eataient. Et ce qui devait arriver est arriv\u00e9 : il a fini par sauter le grillage et par mordre un passant. Il a suivi le protocole, menac\u00e9 d&rsquo;euthanasie et a \u00e9t\u00e9 abandonn\u00e9 avec sa famille canine. Son fr\u00e8re, Vemo et sa s\u0153ur Vinry ont \u00e9t\u00e9 adopt\u00e9s. Lui, c&rsquo;est en fait le plus timide, le plus sensible et c&rsquo;est lui qui a le plus souffert de son abandon. Il \u00e9tait si proche de sa famille, en particulier la petite fille qui en faisait ce qu&rsquo;elle voulait. Vany n&rsquo;est donc pas un chien dangereux. C&rsquo;est un chien qui a besoin d&rsquo;un cadre stable, d&rsquo;affection et d&rsquo;un sentiment de s\u00e9curit\u00e9 qu&rsquo;il a perdu en perdant sa famille. Il ne se laisse pas approcher par les inconnus mais une fois qu&rsquo;il a franchi le cap, il est d&rsquo;une tendresse sans borne. Pourtant, il reste poursuivi par cette \u00e9tiquette de chien mordeur dont il n&rsquo;est pas vraiment responsable. Si vous savez lui apporter de nouveaux rep\u00e8res, \u00eatre un peu patient, appr\u00e9cier ce nounours timide qui a juste besoin d&rsquo;un c\u0153ur o\u00f9 loger sa grande carcasse, alors Vany sera le coeur battant de votre famille.<p align=\"justify\">\n\n\n<div class=\"wp-block-image\">\n<figure class=\"aligncenter size-large is-resized\"><a href=\"https:\/\/www.spa-grillon.fr\/wp-content\/uploads\/2026\/02\/20260218_125813.jpg\"><img decoding=\"async\" loading=\"lazy\" src=\"https:\/\/www.spa-grillon.fr\/wp-content\/uploads\/2026\/02\/20260218_125813-931x1024.jpg\" alt=\"\" class=\"wp-image-18446\" width=\"495\" height=\"544\" srcset=\"https:\/\/www.spa-grillon.fr\/wp-content\/uploads\/2026\/02\/20260218_125813-931x1024.jpg 931w, https:\/\/www.spa-grillon.fr\/wp-content\/uploads\/2026\/02\/20260218_125813-273x300.jpg 273w, https:\/\/www.spa-grillon.fr\/wp-content\/uploads\/2026\/02\/20260218_125813-768x845.jpg 768w, https:\/\/www.spa-grillon.fr\/wp-content\/uploads\/2026\/02\/20260218_125813-1396x1536.jpg 1396w, https:\/\/www.spa-grillon.fr\/wp-content\/uploads\/2026\/02\/20260218_125813-1861x2048.jpg 1861w\" sizes=\"(max-width: 495px) 100vw, 495px\" \/><\/a><\/figure><\/div>\n\n<div class=\"wp-block-image\">\n<figure class=\"aligncenter size-large is-resized\"><a href=\"https:\/\/www.spa-grillon.fr\/wp-content\/uploads\/2026\/02\/20260218_125742.jpg\"><img decoding=\"async\" loading=\"lazy\" src=\"https:\/\/www.spa-grillon.fr\/wp-content\/uploads\/2026\/02\/20260218_125742-1024x1024.jpg\" alt=\"\" class=\"wp-image-18447\" width=\"582\" height=\"582\" srcset=\"https:\/\/www.spa-grillon.fr\/wp-content\/uploads\/2026\/02\/20260218_125742-1024x1024.jpg 1024w, https:\/\/www.spa-grillon.fr\/wp-content\/uploads\/2026\/02\/20260218_125742-300x300.jpg 300w, https:\/\/www.spa-grillon.fr\/wp-content\/uploads\/2026\/02\/20260218_125742-150x150.jpg 150w, https:\/\/www.spa-grillon.fr\/wp-content\/uploads\/2026\/02\/20260218_125742-768x768.jpg 768w, https:\/\/www.spa-grillon.fr\/wp-content\/uploads\/2026\/02\/20260218_125742-1536x1536.jpg 1536w, https:\/\/www.spa-grillon.fr\/wp-content\/uploads\/2026\/02\/20260218_125742.jpg 1925w\" sizes=\"(max-width: 582px) 100vw, 582px\" \/><\/a><\/figure><\/div>\n\n<div class=\"wp-block-image\">\n<figure class=\"aligncenter size-large is-resized\"><a href=\"https:\/\/www.spa-grillon.fr\/wp-content\/uploads\/2026\/02\/Vany-19.jpg\"><img decoding=\"async\" loading=\"lazy\" src=\"https:\/\/www.spa-grillon.fr\/wp-content\/uploads\/2026\/02\/Vany-19-1024x1024.jpg\" alt=\"\" class=\"wp-image-18327\" width=\"496\" height=\"496\" srcset=\"https:\/\/www.spa-grillon.fr\/wp-content\/uploads\/2026\/02\/Vany-19-1024x1024.jpg 1024w, https:\/\/www.spa-grillon.fr\/wp-content\/uploads\/2026\/02\/Vany-19-300x300.jpg 300w, https:\/\/www.spa-grillon.fr\/wp-content\/uploads\/2026\/02\/Vany-19-150x150.jpg 150w, https:\/\/www.spa-grillon.fr\/wp-content\/uploads\/2026\/02\/Vany-19-768x768.jpg 768w, https:\/\/www.spa-grillon.fr\/wp-content\/uploads\/2026\/02\/Vany-19-1536x1536.jpg 1536w, https:\/\/www.spa-grillon.fr\/wp-content\/uploads\/2026\/02\/Vany-19.jpg 1801w\" sizes=\"(max-width: 496px) 100vw, 496px\" \/><\/a><\/figure><\/div>\n\n<div class=\"wp-block-image\">\n<figure class=\"aligncenter size-large is-resized\"><a href=\"https:\/\/www.spa-grillon.fr\/wp-content\/uploads\/2026\/02\/Vany-10.jpg\"><img decoding=\"async\" loading=\"lazy\" src=\"https:\/\/www.spa-grillon.fr\/wp-content\/uploads\/2026\/02\/Vany-10-1024x1024.jpg\" alt=\"\" class=\"wp-image-18326\" width=\"495\" height=\"495\" srcset=\"https:\/\/www.spa-grillon.fr\/wp-content\/uploads\/2026\/02\/Vany-10-1024x1024.jpg 1024w, https:\/\/www.spa-grillon.fr\/wp-content\/uploads\/2026\/02\/Vany-10-300x300.jpg 300w, https:\/\/www.spa-grillon.fr\/wp-content\/uploads\/2026\/02\/Vany-10-150x150.jpg 150w, https:\/\/www.spa-grillon.fr\/wp-content\/uploads\/2026\/02\/Vany-10-768x768.jpg 768w, https:\/\/www.spa-grillon.fr\/wp-content\/uploads\/2026\/02\/Vany-10-1536x1536.jpg 1536w, https:\/\/www.spa-grillon.fr\/wp-content\/uploads\/2026\/02\/Vany-10-2048x2048.jpg 2048w\" sizes=\"(max-width: 495px) 100vw, 495px\" \/><\/a><\/figure><\/div>\n\n<div class=\"wp-block-image\">\n<figure class=\"aligncenter size-large is-resized\"><a href=\"https:\/\/www.spa-grillon.fr\/wp-content\/uploads\/2026\/02\/Vany-18.jpg\"><img decoding=\"async\" loading=\"lazy\" src=\"https:\/\/www.spa-grillon.fr\/wp-content\/uploads\/2026\/02\/Vany-18-1024x1024.jpg\" alt=\"\" class=\"wp-image-18329\" width=\"496\" height=\"496\" srcset=\"https:\/\/www.spa-grillon.fr\/wp-content\/uploads\/2026\/02\/Vany-18-1024x1024.jpg 1024w, https:\/\/www.spa-grillon.fr\/wp-content\/uploads\/2026\/02\/Vany-18-300x300.jpg 300w, https:\/\/www.spa-grillon.fr\/wp-content\/uploads\/2026\/02\/Vany-18-150x150.jpg 150w, https:\/\/www.spa-grillon.fr\/wp-content\/uploads\/2026\/02\/Vany-18-768x768.jpg 768w, https:\/\/www.spa-grillon.fr\/wp-content\/uploads\/2026\/02\/Vany-18-1536x1536.jpg 1536w, https:\/\/www.spa-grillon.fr\/wp-content\/uploads\/2026\/02\/Vany-18.jpg 1800w\" sizes=\"(max-width: 496px) 100vw, 496px\" \/><\/a><\/figure><\/div>\n\n<div class=\"wp-block-image\">\n<figure class=\"aligncenter size-large is-resized\"><a href=\"https:\/\/www.spa-grillon.fr\/wp-content\/uploads\/2026\/02\/Vany-15-scaled.jpg\"><img decoding=\"async\" loading=\"lazy\" src=\"https:\/\/www.spa-grillon.fr\/wp-content\/uploads\/2026\/02\/Vany-15-768x1024.jpg\" alt=\"\" class=\"wp-image-18328\" width=\"491\" height=\"654\" srcset=\"https:\/\/www.spa-grillon.fr\/wp-content\/uploads\/2026\/02\/Vany-15-768x1024.jpg 768w, https:\/\/www.spa-grillon.fr\/wp-content\/uploads\/2026\/02\/Vany-15-225x300.jpg 225w, https:\/\/www.spa-grillon.fr\/wp-content\/uploads\/2026\/02\/Vany-15-1152x1536.jpg 1152w, https:\/\/www.spa-grillon.fr\/wp-content\/uploads\/2026\/02\/Vany-15-1536x2048.jpg 1536w, https:\/\/www.spa-grillon.fr\/wp-content\/uploads\/2026\/02\/Vany-15-scaled.jpg 1920w\" sizes=\"(max-width: 491px) 100vw, 491px\" \/><\/a><\/figure><\/div>\n\n<div class=\"wp-block-image\">\n<figure class=\"aligncenter size-large is-resized\"><a href=\"https:\/\/www.spa-grillon.fr\/wp-content\/uploads\/2026\/02\/20260218_125810-scaled.jpg\"><img decoding=\"async\" loading=\"lazy\" src=\"https:\/\/www.spa-grillon.fr\/wp-content\/uploads\/2026\/02\/20260218_125810-884x1024.jpg\" alt=\"\" class=\"wp-image-18449\" width=\"492\" height=\"570\" srcset=\"https:\/\/www.spa-grillon.fr\/wp-content\/uploads\/2026\/02\/20260218_125810-884x1024.jpg 884w, https:\/\/www.spa-grillon.fr\/wp-content\/uploads\/2026\/02\/20260218_125810-259x300.jpg 259w, https:\/\/www.spa-grillon.fr\/wp-content\/uploads\/2026\/02\/20260218_125810-768x890.jpg 768w, https:\/\/www.spa-grillon.fr\/wp-content\/uploads\/2026\/02\/20260218_125810-1326x1536.jpg 1326w, https:\/\/www.spa-grillon.fr\/wp-content\/uploads\/2026\/02\/20260218_125810-1768x2048.jpg 1768w\" sizes=\"(max-width: 492px) 100vw, 492px\" \/><\/a><\/figure><\/div>","protected":false},"excerpt":{"rendered":"<p>Sexe : m\u00e2le Race : berger Age : n\u00e9 en 06\/2024 Taille : moyen Vany a une histoire douloureuse mais tristement banale. Il vivait avec ses fr\u00e8res et s\u0153urs dans un environnement aimant mais socialement en difficult\u00e9. Aim\u00e9 mais d\u00e9s\u0153uvr\u00e9 &hellip; <a href=\"https:\/\/www.spa-grillon.fr\/?page_id=18325\">Continuer la lecture <span class=\"meta-nav\">&rarr;<\/span><\/a><\/p>\n","protected":false},"author":2,"featured_media":0,"parent":0,"menu_order":0,"comment_status":"closed","ping_status":"closed","template":"","meta":[],"_links":{"self":[{"href":"https:\/\/www.spa-grillon.fr\/index.php?rest_route=\/wp\/v2\/pages\/18325"}],"collection":[{"href":"https:\/\/www.spa-grillon.fr\/index.php?rest_route=\/wp\/v2\/pages"}],"about":[{"href":"https:\/\/www.spa-grillon.fr\/index.php?rest_route=\/wp\/v2\/types\/page"}],"author":[{"embeddable":true,"href":"https:\/\/www.spa-grillon.fr\/index.php?rest_route=\/wp\/v2\/users\/2"}],"replies":[{"embeddable":true,"href":"https:\/\/www.spa-grillon.fr\/index.php?rest_route=%2Fwp%2Fv2%2Fcomments&post=18325"}],"version-history":[{"count":3,"href":"https:\/\/www.spa-grillon.fr\/index.php?rest_route=\/wp\/v2\/pages\/18325\/revisions"}],"predecessor-version":[{"id":18453,"href":"https:\/\/www.spa-grillon.fr\/index.php?rest_route=\/wp\/v2\/pages\/18325\/revisions\/18453"}],"wp:attachment":[{"href":"https:\/\/www.spa-grillon.fr\/index.php?rest_route=%2Fwp%2Fv2%2Fmedia&parent=18325"}],"curies":[{"name":"wp","href":"https:\/\/api.w.org\/{rel}","templated":true}]}}