{"id":18334,"date":"2026-02-10T18:43:40","date_gmt":"2026-02-10T17:43:40","guid":{"rendered":"https:\/\/www.spa-grillon.fr\/?page_id=18334"},"modified":"2026-03-07T12:19:06","modified_gmt":"2026-03-07T11:19:06","slug":"vaiana","status":"publish","type":"page","link":"https:\/\/www.spa-grillon.fr\/?page_id=18334","title":{"rendered":"VAIANA"},"content":{"rendered":"\n<div class=\"wp-block-media-text alignwide is-stacked-on-mobile\"><figure class=\"wp-block-media-text__media\"><img decoding=\"async\" loading=\"lazy\" width=\"1024\" height=\"1024\" src=\"https:\/\/www.spa-grillon.fr\/wp-content\/uploads\/2026\/02\/Vaiana-5-e1770745395917-1024x1024.jpg\" alt=\"\" class=\"wp-image-18335 size-full\" srcset=\"https:\/\/www.spa-grillon.fr\/wp-content\/uploads\/2026\/02\/Vaiana-5-e1770745395917-1024x1024.jpg 1024w, https:\/\/www.spa-grillon.fr\/wp-content\/uploads\/2026\/02\/Vaiana-5-e1770745395917-300x300.jpg 300w, https:\/\/www.spa-grillon.fr\/wp-content\/uploads\/2026\/02\/Vaiana-5-e1770745395917-150x150.jpg 150w, https:\/\/www.spa-grillon.fr\/wp-content\/uploads\/2026\/02\/Vaiana-5-e1770745395917-768x768.jpg 768w, https:\/\/www.spa-grillon.fr\/wp-content\/uploads\/2026\/02\/Vaiana-5-e1770745395917.jpg 1046w\" sizes=\"(max-width: 1024px) 100vw, 1024px\" \/><\/figure><div class=\"wp-block-media-text__content\">\n<p><strong>Sexe<\/strong> : femelle<\/p>\n\n\n\n<p><strong>Race<\/strong> : berger belge malinois<\/p>\n\n\n\n<p><strong>Age<\/strong> : n\u00e9e en 02\/2025<\/p>\n\n\n\n<p><strong>Taille<\/strong> : grande<\/p>\n<\/div><\/div>\n\n\n\n<p align=\"justify\">Va\u00efana est une perle de chienne. Son propri\u00e9taire d\u00e9c\u00e9d\u00e9, son repreneur incapable de s&rsquo;en occuper vraiment, elle se trouvait sans cesse sur la route, \u00e0 divaguer, entour\u00e9e de deux chiots (qui ont aussi \u00e9chou\u00e9 chez nous), qui ne sont pas les siens mais avec qui elle a v\u00e9cu. Elle est adorable : p\u00eachue mais tr\u00e8s affectueuse aussi. Elle fait partie de ces malinois tr\u00e8s g\u00e9rables pour peu qu&rsquo;on leur consacre le temps n\u00e9cessaire. Une cl\u00f4ture et le sentiment qu&rsquo;on s&rsquo;occupe d&rsquo;elle suffiront \u00e0 juguler ses envies de fugue. Elle est ob\u00e9issante, sociable avec les chiens, avec certains chats (son \u00e9ducation sera \u00e0 poursuivre et un matou de caract\u00e8re sera indispensable pour ne pas fuir devant elle). Elle est pos\u00e9e pour son \u00e2ge et si son arriv\u00e9e au refuge la perturbe, elle qui a connu la vie de famille, elle devrait vite retrouver sa s\u00e9r\u00e9nit\u00e9. En laisse, elle est puissante mais ne tire pas outre mesure, elle a plut\u00f4t bon rappel. Elle apprend petit \u00e0 petit avec les b\u00e9n\u00e9voles qui la sortent. Elle sera une chienne de famille parfaite avec les enfants. Ne vous arr\u00eatez pas \u00e0 la r\u00e9serve que cause souvent le mot de malinois : c&rsquo;est avant tout une chienne avec un c\u0153ur grand comme \u00e7a ! <p align=\"justify\">\n\n\n<div class=\"wp-block-image\">\n<figure class=\"aligncenter size-large is-resized\"><a href=\"https:\/\/www.spa-grillon.fr\/wp-content\/uploads\/2026\/02\/Vaiana-5-1.jpg\"><img decoding=\"async\" loading=\"lazy\" src=\"https:\/\/www.spa-grillon.fr\/wp-content\/uploads\/2026\/02\/Vaiana-5-1-1024x1024.jpg\" alt=\"\" class=\"wp-image-18340\" width=\"527\" height=\"527\" srcset=\"https:\/\/www.spa-grillon.fr\/wp-content\/uploads\/2026\/02\/Vaiana-5-1-1024x1024.jpg 1024w, https:\/\/www.spa-grillon.fr\/wp-content\/uploads\/2026\/02\/Vaiana-5-1-300x300.jpg 300w, https:\/\/www.spa-grillon.fr\/wp-content\/uploads\/2026\/02\/Vaiana-5-1-150x150.jpg 150w, https:\/\/www.spa-grillon.fr\/wp-content\/uploads\/2026\/02\/Vaiana-5-1-768x768.jpg 768w, https:\/\/www.spa-grillon.fr\/wp-content\/uploads\/2026\/02\/Vaiana-5-1-1536x1536.jpg 1536w, https:\/\/www.spa-grillon.fr\/wp-content\/uploads\/2026\/02\/Vaiana-5-1.jpg 1921w\" sizes=\"(max-width: 527px) 100vw, 527px\" \/><\/a><\/figure><\/div>\n\n<div class=\"wp-block-image\">\n<figure class=\"aligncenter size-large is-resized\"><a href=\"https:\/\/www.spa-grillon.fr\/wp-content\/uploads\/2026\/02\/Vaiana-1.jpg\"><img decoding=\"async\" loading=\"lazy\" src=\"https:\/\/www.spa-grillon.fr\/wp-content\/uploads\/2026\/02\/Vaiana-1-1024x1024.jpg\" alt=\"\" class=\"wp-image-18336\" width=\"542\" height=\"542\" srcset=\"https:\/\/www.spa-grillon.fr\/wp-content\/uploads\/2026\/02\/Vaiana-1-1024x1024.jpg 1024w, https:\/\/www.spa-grillon.fr\/wp-content\/uploads\/2026\/02\/Vaiana-1-300x300.jpg 300w, https:\/\/www.spa-grillon.fr\/wp-content\/uploads\/2026\/02\/Vaiana-1-150x150.jpg 150w, https:\/\/www.spa-grillon.fr\/wp-content\/uploads\/2026\/02\/Vaiana-1-768x768.jpg 768w, https:\/\/www.spa-grillon.fr\/wp-content\/uploads\/2026\/02\/Vaiana-1-1536x1536.jpg 1536w, https:\/\/www.spa-grillon.fr\/wp-content\/uploads\/2026\/02\/Vaiana-1.jpg 1626w\" sizes=\"(max-width: 542px) 100vw, 542px\" \/><\/a><\/figure><\/div>\n\n<div class=\"wp-block-image\">\n<figure class=\"aligncenter size-large is-resized\"><a href=\"https:\/\/www.spa-grillon.fr\/wp-content\/uploads\/2026\/02\/Vaiana-2-1.jpg\"><img decoding=\"async\" loading=\"lazy\" src=\"https:\/\/www.spa-grillon.fr\/wp-content\/uploads\/2026\/02\/Vaiana-2-1-1024x1024.jpg\" alt=\"\" class=\"wp-image-18338\" width=\"544\" height=\"544\" srcset=\"https:\/\/www.spa-grillon.fr\/wp-content\/uploads\/2026\/02\/Vaiana-2-1-1024x1024.jpg 1024w, https:\/\/www.spa-grillon.fr\/wp-content\/uploads\/2026\/02\/Vaiana-2-1-300x300.jpg 300w, https:\/\/www.spa-grillon.fr\/wp-content\/uploads\/2026\/02\/Vaiana-2-1-150x150.jpg 150w, https:\/\/www.spa-grillon.fr\/wp-content\/uploads\/2026\/02\/Vaiana-2-1-768x768.jpg 768w, https:\/\/www.spa-grillon.fr\/wp-content\/uploads\/2026\/02\/Vaiana-2-1-1536x1536.jpg 1536w, https:\/\/www.spa-grillon.fr\/wp-content\/uploads\/2026\/02\/Vaiana-2-1-2048x2048.jpg 2048w\" sizes=\"(max-width: 544px) 100vw, 544px\" \/><\/a><\/figure><\/div>\n\n<div class=\"wp-block-image\">\n<figure class=\"aligncenter size-large is-resized\"><a href=\"https:\/\/www.spa-grillon.fr\/wp-content\/uploads\/2026\/02\/Vaiana-4.jpg\"><img decoding=\"async\" loading=\"lazy\" src=\"https:\/\/www.spa-grillon.fr\/wp-content\/uploads\/2026\/02\/Vaiana-4-1024x1024.jpg\" alt=\"\" class=\"wp-image-18339\" width=\"540\" height=\"540\" srcset=\"https:\/\/www.spa-grillon.fr\/wp-content\/uploads\/2026\/02\/Vaiana-4-1024x1024.jpg 1024w, https:\/\/www.spa-grillon.fr\/wp-content\/uploads\/2026\/02\/Vaiana-4-300x300.jpg 300w, https:\/\/www.spa-grillon.fr\/wp-content\/uploads\/2026\/02\/Vaiana-4-150x150.jpg 150w, https:\/\/www.spa-grillon.fr\/wp-content\/uploads\/2026\/02\/Vaiana-4-768x768.jpg 768w, https:\/\/www.spa-grillon.fr\/wp-content\/uploads\/2026\/02\/Vaiana-4-1536x1536.jpg 1536w, https:\/\/www.spa-grillon.fr\/wp-content\/uploads\/2026\/02\/Vaiana-4.jpg 1880w\" sizes=\"(max-width: 540px) 100vw, 540px\" \/><\/a><\/figure><\/div>","protected":false},"excerpt":{"rendered":"<p>Sexe : femelle Race : berger belge malinois Age : n\u00e9e en 02\/2025 Taille : grande Va\u00efana est une perle de chienne. Son propri\u00e9taire d\u00e9c\u00e9d\u00e9, son repreneur incapable de s&rsquo;en occuper vraiment, elle se trouvait sans cesse sur la route, &hellip; <a href=\"https:\/\/www.spa-grillon.fr\/?page_id=18334\">Continuer la lecture <span class=\"meta-nav\">&rarr;<\/span><\/a><\/p>\n","protected":false},"author":2,"featured_media":0,"parent":0,"menu_order":0,"comment_status":"closed","ping_status":"closed","template":"","meta":[],"_links":{"self":[{"href":"https:\/\/www.spa-grillon.fr\/index.php?rest_route=\/wp\/v2\/pages\/18334"}],"collection":[{"href":"https:\/\/www.spa-grillon.fr\/index.php?rest_route=\/wp\/v2\/pages"}],"about":[{"href":"https:\/\/www.spa-grillon.fr\/index.php?rest_route=\/wp\/v2\/types\/page"}],"author":[{"embeddable":true,"href":"https:\/\/www.spa-grillon.fr\/index.php?rest_route=\/wp\/v2\/users\/2"}],"replies":[{"embeddable":true,"href":"https:\/\/www.spa-grillon.fr\/index.php?rest_route=%2Fwp%2Fv2%2Fcomments&post=18334"}],"version-history":[{"count":3,"href":"https:\/\/www.spa-grillon.fr\/index.php?rest_route=\/wp\/v2\/pages\/18334\/revisions"}],"predecessor-version":[{"id":18475,"href":"https:\/\/www.spa-grillon.fr\/index.php?rest_route=\/wp\/v2\/pages\/18334\/revisions\/18475"}],"wp:attachment":[{"href":"https:\/\/www.spa-grillon.fr\/index.php?rest_route=%2Fwp%2Fv2%2Fmedia&parent=18334"}],"curies":[{"name":"wp","href":"https:\/\/api.w.org\/{rel}","templated":true}]}}