{"id":18552,"date":"2026-04-14T17:47:25","date_gmt":"2026-04-14T16:47:25","guid":{"rendered":"https:\/\/www.spa-grillon.fr\/?page_id=18552"},"modified":"2026-04-14T17:50:19","modified_gmt":"2026-04-14T16:50:19","slug":"perle-2","status":"publish","type":"page","link":"https:\/\/www.spa-grillon.fr\/?page_id=18552","title":{"rendered":"PERLE"},"content":{"rendered":"\n<div class=\"wp-block-media-text alignwide is-stacked-on-mobile\"><figure class=\"wp-block-media-text__media\"><img decoding=\"async\" loading=\"lazy\" width=\"1003\" height=\"1004\" src=\"https:\/\/www.spa-grillon.fr\/wp-content\/uploads\/2026\/04\/Perle-1.jpg\" alt=\"\" class=\"wp-image-18553 size-full\" srcset=\"https:\/\/www.spa-grillon.fr\/wp-content\/uploads\/2026\/04\/Perle-1.jpg 1003w, https:\/\/www.spa-grillon.fr\/wp-content\/uploads\/2026\/04\/Perle-1-300x300.jpg 300w, https:\/\/www.spa-grillon.fr\/wp-content\/uploads\/2026\/04\/Perle-1-150x150.jpg 150w, https:\/\/www.spa-grillon.fr\/wp-content\/uploads\/2026\/04\/Perle-1-768x769.jpg 768w\" sizes=\"(max-width: 1003px) 100vw, 1003px\" \/><\/figure><div class=\"wp-block-media-text__content\">\n<p><p><strong>Sexe <\/strong>: femelle<\/p><p><strong>Race <\/strong>: crois\u00e9e setter<\/p><p><strong>Age <\/strong>: n\u00e9 en 2016<\/p><p><strong>Taille <\/strong>: grande<\/p><\/p>\n<\/div><\/div>\n\n\n\n<p align=\"justify\"><strong>Caract\u00e9ristiques<\/strong> : Perle a \u00e9t\u00e9 sortie d&rsquo;une maison, ou plut\u00f4t d&rsquo;un chenil, o\u00f9 elle vivait avec cinq cong\u00e9n\u00e8res, sans soins, sans attention. On ne sait m\u00eame pas vraiment comment elle est arriv\u00e9e parmi ce groupe de chiens. Quand elle rentrait dans la maison, c&rsquo;\u00e9tait pour vivre dans un lieu couvert d&rsquo;immondices. Elle n&rsquo;\u00e9tait pas battue mais elle a fait les frais d&rsquo;une vision r\u00e9trograde de ce qu&rsquo;est un chien et de la mis\u00e8re sociale. Son nom vient de son adorable caract\u00e8re. Tr\u00e8s douce, elle est une adorable vieille dame, calme, avenante, qui s&rsquo;entend avec tout le monde : chiens, chats, humains, quels qu&rsquo;ils soient. Comment trouver chienne plus attachante? Elle a tant d&rsquo;amour \u00e0 donner ! La vie en appartement semble un peu difficile \u00e0 envisager ; un petit ext\u00e9rieur, une cour, un jardin, serait sans doute plus adapt\u00e9 mais elle n&rsquo;a pas de gros besoins physiques : elle pr\u00e9f\u00e8re les siestes au soleil aux longues balades : elle renifle volontiers les foss\u00e9s mais les randonn\u00e9es a priori ne l&rsquo;enchantent gu\u00e8re. Tout ce dont elle r\u00eave, ce sont des c\u00e2lins, de l&rsquo;attention, quelques gourmandises. La pr\u00e9sence d&rsquo;un autre chien lui plairait certainement mais elle n&rsquo;est pas indispensable. Elle a sans doute fait de nombreuses port\u00e9es et n&rsquo;\u00e9tant pas st\u00e9rilis\u00e9e elle a d\u00e9velopp\u00e9 une tumeur mammaire. Une op\u00e9ration est possible et sera envisag\u00e9e si elle peut faire sa convalescence au chaud, en famille d&rsquo;accueil ou d\u00e9finitive. A son \u00e2ge, elle est \u00e9ligible \u00e0 l&rsquo;op\u00e9ration Doyens de 30 Millions d&rsquo;Amis qui prend en charge jusqu&rsquo;\u00e0 mille euros de frais v\u00e9t\u00e9rinaires. <p align=\"justify\">\n\n\n\n<figure class=\"wp-block-image size-large\"><a href=\"https:\/\/www.spa-grillon.fr\/wp-content\/uploads\/2026\/04\/Perle-4.jpg\"><img decoding=\"async\" loading=\"lazy\" width=\"1024\" height=\"1024\" src=\"https:\/\/www.spa-grillon.fr\/wp-content\/uploads\/2026\/04\/Perle-4-1024x1024.jpg\" alt=\"\" class=\"wp-image-18555\" srcset=\"https:\/\/www.spa-grillon.fr\/wp-content\/uploads\/2026\/04\/Perle-4-1024x1024.jpg 1024w, https:\/\/www.spa-grillon.fr\/wp-content\/uploads\/2026\/04\/Perle-4-300x300.jpg 300w, https:\/\/www.spa-grillon.fr\/wp-content\/uploads\/2026\/04\/Perle-4-150x150.jpg 150w, https:\/\/www.spa-grillon.fr\/wp-content\/uploads\/2026\/04\/Perle-4-768x768.jpg 768w, https:\/\/www.spa-grillon.fr\/wp-content\/uploads\/2026\/04\/Perle-4.jpg 1272w\" sizes=\"(max-width: 1024px) 100vw, 1024px\" \/><\/a><\/figure>\n\n\n\n<figure class=\"wp-block-image size-large\"><a href=\"https:\/\/www.spa-grillon.fr\/wp-content\/uploads\/2026\/04\/Perle-2.jpg\"><img decoding=\"async\" loading=\"lazy\" width=\"1024\" height=\"1024\" src=\"https:\/\/www.spa-grillon.fr\/wp-content\/uploads\/2026\/04\/Perle-2-1024x1024.jpg\" alt=\"\" class=\"wp-image-18554\" srcset=\"https:\/\/www.spa-grillon.fr\/wp-content\/uploads\/2026\/04\/Perle-2-1024x1024.jpg 1024w, https:\/\/www.spa-grillon.fr\/wp-content\/uploads\/2026\/04\/Perle-2-300x300.jpg 300w, https:\/\/www.spa-grillon.fr\/wp-content\/uploads\/2026\/04\/Perle-2-150x150.jpg 150w, https:\/\/www.spa-grillon.fr\/wp-content\/uploads\/2026\/04\/Perle-2-768x768.jpg 768w, https:\/\/www.spa-grillon.fr\/wp-content\/uploads\/2026\/04\/Perle-2-1536x1536.jpg 1536w, https:\/\/www.spa-grillon.fr\/wp-content\/uploads\/2026\/04\/Perle-2.jpg 1800w\" sizes=\"(max-width: 1024px) 100vw, 1024px\" \/><\/a><\/figure>\n\n\n<div class=\"wp-block-image\">\n<figure class=\"aligncenter size-full is-resized\"><a href=\"https:\/\/www.spa-grillon.fr\/wp-content\/uploads\/2026\/04\/Perle-7.jpg\"><img decoding=\"async\" loading=\"lazy\" src=\"https:\/\/www.spa-grillon.fr\/wp-content\/uploads\/2026\/04\/Perle-7.jpg\" alt=\"\" class=\"wp-image-18556\" width=\"445\" height=\"445\" srcset=\"https:\/\/www.spa-grillon.fr\/wp-content\/uploads\/2026\/04\/Perle-7.jpg 811w, https:\/\/www.spa-grillon.fr\/wp-content\/uploads\/2026\/04\/Perle-7-300x300.jpg 300w, https:\/\/www.spa-grillon.fr\/wp-content\/uploads\/2026\/04\/Perle-7-150x150.jpg 150w, https:\/\/www.spa-grillon.fr\/wp-content\/uploads\/2026\/04\/Perle-7-768x768.jpg 768w\" sizes=\"(max-width: 445px) 100vw, 445px\" \/><\/a><\/figure><\/div>","protected":false},"excerpt":{"rendered":"<p>Sexe : femelle Race : crois\u00e9e setter Age : n\u00e9 en 2016 Taille : grande Caract\u00e9ristiques : Perle a \u00e9t\u00e9 sortie d&rsquo;une maison, ou plut\u00f4t d&rsquo;un chenil, o\u00f9 elle vivait avec cinq cong\u00e9n\u00e8res, sans soins, sans attention. On ne sait &hellip; <a href=\"https:\/\/www.spa-grillon.fr\/?page_id=18552\">Continuer la lecture <span class=\"meta-nav\">&rarr;<\/span><\/a><\/p>\n","protected":false},"author":2,"featured_media":0,"parent":0,"menu_order":0,"comment_status":"closed","ping_status":"closed","template":"","meta":[],"_links":{"self":[{"href":"https:\/\/www.spa-grillon.fr\/index.php?rest_route=\/wp\/v2\/pages\/18552"}],"collection":[{"href":"https:\/\/www.spa-grillon.fr\/index.php?rest_route=\/wp\/v2\/pages"}],"about":[{"href":"https:\/\/www.spa-grillon.fr\/index.php?rest_route=\/wp\/v2\/types\/page"}],"author":[{"embeddable":true,"href":"https:\/\/www.spa-grillon.fr\/index.php?rest_route=\/wp\/v2\/users\/2"}],"replies":[{"embeddable":true,"href":"https:\/\/www.spa-grillon.fr\/index.php?rest_route=%2Fwp%2Fv2%2Fcomments&post=18552"}],"version-history":[{"count":4,"href":"https:\/\/www.spa-grillon.fr\/index.php?rest_route=\/wp\/v2\/pages\/18552\/revisions"}],"predecessor-version":[{"id":18563,"href":"https:\/\/www.spa-grillon.fr\/index.php?rest_route=\/wp\/v2\/pages\/18552\/revisions\/18563"}],"wp:attachment":[{"href":"https:\/\/www.spa-grillon.fr\/index.php?rest_route=%2Fwp%2Fv2%2Fmedia&parent=18552"}],"curies":[{"name":"wp","href":"https:\/\/api.w.org\/{rel}","templated":true}]}}