{"id":18586,"date":"2026-04-29T19:42:05","date_gmt":"2026-04-29T18:42:05","guid":{"rendered":"https:\/\/www.spa-grillon.fr\/?page_id=18586"},"modified":"2026-04-29T19:49:58","modified_gmt":"2026-04-29T18:49:58","slug":"zorro","status":"publish","type":"page","link":"https:\/\/www.spa-grillon.fr\/?page_id=18586","title":{"rendered":"ZORRO"},"content":{"rendered":"\n<div class=\"wp-block-media-text alignwide is-stacked-on-mobile\"><figure class=\"wp-block-media-text__media\"><img decoding=\"async\" src=\"https:\/\/www.spa-grillon.fr\/wp-content\/uploads\/2026\/04\/Zorro-3-768x1024.jpg\" alt=\"\" class=\"wp-image-18590 size-full\"\/><\/figure><div class=\"wp-block-media-text__content\">\n<p><strong>Sexe <\/strong>: m\u00e2le<\/p>\n\n\n\n<p><strong>Race <\/strong>: border collie X griffon<\/p>\n\n\n\n<p><strong>Age <\/strong>: n\u00e9 en 01\/2024<\/p>\n\n\n\n<p><strong>Taille <\/strong>: grand<\/p>\n<\/div><\/div>\n\n\n<p align=\"justify\"><strong>Caract\u00e9ristiques<\/strong> : Zorro est arriv\u00e9 par la fourri\u00e8re accompagn\u00e9 d&rsquo;une odeur de chenil caract\u00e9ristique d&rsquo;un chien qui ne conna\u00eet pas la vie de famille. Et il faut bien avouer qu&rsquo;il ne conna\u00eet rien \u00e0 rien ! Dans sa t\u00eate, c&rsquo;est un b\u00e9b\u00e9 de quatre mois qui d\u00e9couvre tout avec un enthousiasme d\u00e9bordant. Sa gaiet\u00e9 est adorable ! Les caresses, la laisse, les copains, la marche&nbsp; sans se cogner dans tout ce qui bouge, c&rsquo;est tout nouveau pour lui. Les b\u00e9n\u00e9voles se chargent de lui faire d\u00e9couvrir tout cela. Gentil comme tout, il aime beaucoup ses cong\u00e9n\u00e8res et la pr\u00e9sence d&rsquo;un autre chien dans son nouveau foyer serait sans doute un plus. Ne connaissant pas son pass\u00e9, on ne sait pas comment il peut se comporter dans une maison ni s&rsquo;il saura supporter la solitude : il faudra, comme pour toute adoption, le temps n\u00e9cessaire \u00e0 l&rsquo;apprentissage. Il s&rsquo;entendra sans doute tr\u00e8s bien avec des enfants. Il ne sera peut-\u00eatre pas un h\u00e9ros masqu\u00e9 mais un super chien, \u00e7a, c&rsquo;est certain !&nbsp;<\/p>\n\n<div class=\"wp-block-image\">\n<figure class=\"aligncenter size-large is-resized\"><a href=\"https:\/\/www.spa-grillon.fr\/wp-content\/uploads\/2026\/04\/Zorro-1.jpg\"><img decoding=\"async\" loading=\"lazy\" src=\"https:\/\/www.spa-grillon.fr\/wp-content\/uploads\/2026\/04\/Zorro-1-1024x1024.jpg\" alt=\"\" class=\"wp-image-18593\" width=\"578\" height=\"578\"\/><\/a><\/figure><\/div>\n\n<div class=\"wp-block-image\">\n<figure class=\"aligncenter size-full is-resized\"><a href=\"https:\/\/www.spa-grillon.fr\/wp-content\/uploads\/2026\/04\/Zorro-10.jpg\"><img decoding=\"async\" loading=\"lazy\" src=\"https:\/\/www.spa-grillon.fr\/wp-content\/uploads\/2026\/04\/Zorro-10.jpg\" alt=\"\" class=\"wp-image-18592\" width=\"381\" height=\"381\" srcset=\"https:\/\/www.spa-grillon.fr\/wp-content\/uploads\/2026\/04\/Zorro-10.jpg 986w, https:\/\/www.spa-grillon.fr\/wp-content\/uploads\/2026\/04\/Zorro-10-300x300.jpg 300w, https:\/\/www.spa-grillon.fr\/wp-content\/uploads\/2026\/04\/Zorro-10-150x150.jpg 150w, https:\/\/www.spa-grillon.fr\/wp-content\/uploads\/2026\/04\/Zorro-10-768x768.jpg 768w\" sizes=\"(max-width: 381px) 100vw, 381px\" \/><\/a><\/figure><\/div>\n\n<div class=\"wp-block-image\">\n<figure class=\"aligncenter size-large is-resized\"><a href=\"https:\/\/www.spa-grillon.fr\/wp-content\/uploads\/2026\/04\/Zorro-4-scaled.jpg\"><img decoding=\"async\" loading=\"lazy\" src=\"https:\/\/www.spa-grillon.fr\/wp-content\/uploads\/2026\/04\/Zorro-4-819x1024.jpg\" alt=\"\" class=\"wp-image-18598\" width=\"544\" height=\"679\"\/><\/a><\/figure><\/div>","protected":false},"excerpt":{"rendered":"<p>Sexe : m\u00e2le Race : border collie X griffon Age : n\u00e9 en 01\/2024 Taille : grand Caract\u00e9ristiques : Zorro est arriv\u00e9 par la fourri\u00e8re accompagn\u00e9 d&rsquo;une odeur de chenil caract\u00e9ristique d&rsquo;un chien qui ne conna\u00eet pas la vie de &hellip; <a href=\"https:\/\/www.spa-grillon.fr\/?page_id=18586\">Continuer la lecture <span class=\"meta-nav\">&rarr;<\/span><\/a><\/p>\n","protected":false},"author":2,"featured_media":0,"parent":0,"menu_order":0,"comment_status":"closed","ping_status":"closed","template":"","meta":[],"_links":{"self":[{"href":"https:\/\/www.spa-grillon.fr\/index.php?rest_route=\/wp\/v2\/pages\/18586"}],"collection":[{"href":"https:\/\/www.spa-grillon.fr\/index.php?rest_route=\/wp\/v2\/pages"}],"about":[{"href":"https:\/\/www.spa-grillon.fr\/index.php?rest_route=\/wp\/v2\/types\/page"}],"author":[{"embeddable":true,"href":"https:\/\/www.spa-grillon.fr\/index.php?rest_route=\/wp\/v2\/users\/2"}],"replies":[{"embeddable":true,"href":"https:\/\/www.spa-grillon.fr\/index.php?rest_route=%2Fwp%2Fv2%2Fcomments&post=18586"}],"version-history":[{"count":4,"href":"https:\/\/www.spa-grillon.fr\/index.php?rest_route=\/wp\/v2\/pages\/18586\/revisions"}],"predecessor-version":[{"id":18599,"href":"https:\/\/www.spa-grillon.fr\/index.php?rest_route=\/wp\/v2\/pages\/18586\/revisions\/18599"}],"wp:attachment":[{"href":"https:\/\/www.spa-grillon.fr\/index.php?rest_route=%2Fwp%2Fv2%2Fmedia&parent=18586"}],"curies":[{"name":"wp","href":"https:\/\/api.w.org\/{rel}","templated":true}]}}