{"id":18665,"date":"2026-05-12T20:44:54","date_gmt":"2026-05-12T19:44:54","guid":{"rendered":"https:\/\/www.spa-grillon.fr\/?page_id=18665"},"modified":"2026-05-12T20:44:55","modified_gmt":"2026-05-12T19:44:55","slug":"eddie","status":"publish","type":"page","link":"https:\/\/www.spa-grillon.fr\/?page_id=18665","title":{"rendered":"EDDIE"},"content":{"rendered":"\n<div class=\"wp-block-media-text alignwide is-stacked-on-mobile\"><figure class=\"wp-block-media-text__media\"><img decoding=\"async\" loading=\"lazy\" width=\"1024\" height=\"1024\" src=\"https:\/\/www.spa-grillon.fr\/wp-content\/uploads\/2026\/05\/20260426_142806-1024x1024.jpg\" alt=\"\" class=\"wp-image-18666 size-full\" srcset=\"https:\/\/www.spa-grillon.fr\/wp-content\/uploads\/2026\/05\/20260426_142806-1024x1024.jpg 1024w, https:\/\/www.spa-grillon.fr\/wp-content\/uploads\/2026\/05\/20260426_142806-300x300.jpg 300w, https:\/\/www.spa-grillon.fr\/wp-content\/uploads\/2026\/05\/20260426_142806-150x150.jpg 150w, https:\/\/www.spa-grillon.fr\/wp-content\/uploads\/2026\/05\/20260426_142806-768x768.jpg 768w, https:\/\/www.spa-grillon.fr\/wp-content\/uploads\/2026\/05\/20260426_142806-1536x1536.jpg 1536w, https:\/\/www.spa-grillon.fr\/wp-content\/uploads\/2026\/05\/20260426_142806-2048x2048.jpg 2048w\" sizes=\"(max-width: 1024px) 100vw, 1024px\" \/><\/figure><div class=\"wp-block-media-text__content\">\n<p align=\"justify\">Eddie nous a \u00e9t\u00e9 confi\u00e9 par une association amie. Il s&rsquo;est retrouv\u00e9 \u00e0 la rue apr\u00e8s que son ancien d\u00e9tenteur a laiss\u00e9 sa maison, laissant les chats \u00e0 leur triste sort : les nouveaux   propri\u00e9taires avaient un chien tueur de chats et un d&rsquo;entre eux au moins en a fait les frais et deux autres ont disparu. Eddie lui, apr\u00e8s quelques jours d&rsquo;errance a fini par \u00eatre retrouv\u00e9. C&rsquo;est un chat adorable et familier malgr\u00e9 ce qu&rsquo;il a v\u00e9cu. Caressant et affectueux, il est propre et tr\u00e8s sociable avec les chats. Pour des raisons \u00e9videntes, on \u00e9vitera la cohabitation avec un chien. <p align=\"justify\">\n<\/div><\/div>\n\n\n<div class=\"wp-block-image\">\n<figure class=\"aligncenter size-large is-resized\"><a href=\"https:\/\/www.spa-grillon.fr\/wp-content\/uploads\/2026\/05\/20260426_142825.jpg\"><img decoding=\"async\" loading=\"lazy\" src=\"https:\/\/www.spa-grillon.fr\/wp-content\/uploads\/2026\/05\/20260426_142825-1024x1024.jpg\" alt=\"\" class=\"wp-image-18667\" width=\"587\" height=\"587\" srcset=\"https:\/\/www.spa-grillon.fr\/wp-content\/uploads\/2026\/05\/20260426_142825-1024x1024.jpg 1024w, https:\/\/www.spa-grillon.fr\/wp-content\/uploads\/2026\/05\/20260426_142825-300x300.jpg 300w, https:\/\/www.spa-grillon.fr\/wp-content\/uploads\/2026\/05\/20260426_142825-150x150.jpg 150w, https:\/\/www.spa-grillon.fr\/wp-content\/uploads\/2026\/05\/20260426_142825-768x768.jpg 768w, https:\/\/www.spa-grillon.fr\/wp-content\/uploads\/2026\/05\/20260426_142825-1536x1536.jpg 1536w, https:\/\/www.spa-grillon.fr\/wp-content\/uploads\/2026\/05\/20260426_142825.jpg 1639w\" sizes=\"(max-width: 587px) 100vw, 587px\" \/><\/a><\/figure><\/div>","protected":false},"excerpt":{"rendered":"<p>Eddie nous a \u00e9t\u00e9 confi\u00e9 par une association amie. Il s&rsquo;est retrouv\u00e9 \u00e0 la rue apr\u00e8s que son ancien d\u00e9tenteur a laiss\u00e9 sa maison, laissant les chats \u00e0 leur triste sort : les nouveaux propri\u00e9taires avaient un chien tueur de &hellip; <a href=\"https:\/\/www.spa-grillon.fr\/?page_id=18665\">Continuer la lecture <span class=\"meta-nav\">&rarr;<\/span><\/a><\/p>\n","protected":false},"author":2,"featured_media":0,"parent":0,"menu_order":0,"comment_status":"closed","ping_status":"closed","template":"","meta":[],"_links":{"self":[{"href":"https:\/\/www.spa-grillon.fr\/index.php?rest_route=\/wp\/v2\/pages\/18665"}],"collection":[{"href":"https:\/\/www.spa-grillon.fr\/index.php?rest_route=\/wp\/v2\/pages"}],"about":[{"href":"https:\/\/www.spa-grillon.fr\/index.php?rest_route=\/wp\/v2\/types\/page"}],"author":[{"embeddable":true,"href":"https:\/\/www.spa-grillon.fr\/index.php?rest_route=\/wp\/v2\/users\/2"}],"replies":[{"embeddable":true,"href":"https:\/\/www.spa-grillon.fr\/index.php?rest_route=%2Fwp%2Fv2%2Fcomments&post=18665"}],"version-history":[{"count":1,"href":"https:\/\/www.spa-grillon.fr\/index.php?rest_route=\/wp\/v2\/pages\/18665\/revisions"}],"predecessor-version":[{"id":18668,"href":"https:\/\/www.spa-grillon.fr\/index.php?rest_route=\/wp\/v2\/pages\/18665\/revisions\/18668"}],"wp:attachment":[{"href":"https:\/\/www.spa-grillon.fr\/index.php?rest_route=%2Fwp%2Fv2%2Fmedia&parent=18665"}],"curies":[{"name":"wp","href":"https:\/\/api.w.org\/{rel}","templated":true}]}}