{"id":262,"date":"2011-03-22T15:40:21","date_gmt":"2011-03-22T14:40:21","guid":{"rendered":"http:\/\/www.spa-grillon.fr\/?page_id=262"},"modified":"2020-05-09T17:32:07","modified_gmt":"2020-05-09T16:32:07","slug":"j%e2%80%99ai-trouve-un-animal-que-faire","status":"publish","type":"page","link":"https:\/\/www.spa-grillon.fr\/?page_id=262","title":{"rendered":"J\u2019ai trouv\u00e9 un animal : que faire ?"},"content":{"rendered":"<p style=\"text-align: justify;\"><span style=\"text-decoration: underline;\">1- V\u00e9rifier si l&rsquo;animal est identifi\u00e9<\/span> : il peut avoir une m\u00e9daille ou un collier avec un num\u00e9ro de t\u00e9l\u00e9phone. Dans ce cas, vous pouvez joindre son propri\u00e9taire directement. S&rsquo;il a un tatouage (dans l\u2019oreille ou plus rarement \u00e0 l\u2019int\u00e9rieur de la cuisse) ou <span style=\"text-decoration: underline;\">une puce \u00e9lectronique, seuls les v\u00e9t\u00e9rinaires, les refuges et les fourri\u00e8res<\/span>, pourront lire ces r\u00e9f\u00e9rences gr\u00e2ce \u00e0 un appareil sp\u00e9cial et retrouver les propri\u00e9taires. Vous pouvez alors conduire votre \u00e9gar\u00e9 en fourri\u00e8re, m\u00eame si, en th\u00e9orie, ce sont les agents municipaux qui sont les seuls habilit\u00e9s \u00e0 le faire.<\/p>\n<p style=\"text-align: justify;\">2-\u00a0 Vous pouvez mettre l&rsquo;animal sur le site Pet alert de votre d\u00e9partement. Les annonces sont gratuites pour les animaux trouv\u00e9s.<\/p>\n<p style=\"text-align: justify;\">3- Si vous ne pouvez pas prendre soin de l&rsquo;animal imm\u00e9diatement ou si l\u2019animal ne se laisse pas approcher, contactez la police municipale ou la mairie qui essaieront de le capturer pour le conduire en fourri\u00e8re.<\/p>\n<p style=\"text-align: justify;\">Beaucoup d&rsquo;animaux, pourtant identifi\u00e9s, sont gard\u00e9s par des personnes croyant bien faire en recueillant un \u00e9gar\u00e9. Il faut alors compter sur la chance pour qu&rsquo;un v\u00e9t\u00e9rinaire, \u00e0 l&rsquo;occasion d&rsquo;une visite, s&rsquo;aper\u00e7oive qu&rsquo;il est puc\u00e9. <strong>Ne gardez donc pas un animal trouv\u00e9 avant d&rsquo;avoir eu la certitude qu&rsquo;il n&rsquo;appartient pas \u00e0 quelqu&rsquo;un,<\/strong> mais confiez-le une fourri\u00e8re : c\u2019est sa seule chance d\u2019\u00eatre retrouv\u00e9 par ses propri\u00e9taires.<\/p>\n<p style=\"text-align: justify;\"><strong>Attention<\/strong> : beaucoup de gens \u00ab\u00a0ramassent\u00a0\u00bb des <span style=\"text-decoration: underline;\">chats<\/span> qui sont tout simplement en train de se promener, leur causant ainsi beaucoup de tracas et parfois la perte de leur maison. En effet, malgr\u00e9 l&rsquo;obligation l\u00e9gale depuis 2012, de nombreux chats ne sont encore pas identifi\u00e9s et une fois hors de leur quartier, il est tr\u00e8s difficile de retrouver leurs propri\u00e9taires.<\/p>\n<p style=\"text-align: justify;\">Derni\u00e8re information importante : <span style=\"text-decoration: underline;\">dans notre fourri\u00e8re, les animaux ne sont pas euthanasi\u00e9s<\/span> (sauf si leur \u00e9tat de sant\u00e9 ou une souffrance extr\u00eame l&rsquo;exigent : c&rsquo;est le v\u00e9t\u00e9rinaire qui prend alors la d\u00e9cision). Ils restent pendant 8 jours ouvr\u00e9s en fourri\u00e8re, et apr\u00e8s ce d\u00e9lai l\u00e9gal, ils passent au refuge et sont mis \u00e0 l&rsquo;adoption.<\/p>\n","protected":false},"excerpt":{"rendered":"<p>1- V\u00e9rifier si l&rsquo;animal est identifi\u00e9 : il peut avoir une m\u00e9daille ou un collier avec un num\u00e9ro de t\u00e9l\u00e9phone. Dans ce cas, vous pouvez joindre son propri\u00e9taire directement. S&rsquo;il a un tatouage (dans l\u2019oreille ou plus rarement \u00e0 l\u2019int\u00e9rieur &hellip; <a href=\"https:\/\/www.spa-grillon.fr\/?page_id=262\">Continuer la lecture <span class=\"meta-nav\">&rarr;<\/span><\/a><\/p>\n","protected":false},"author":2,"featured_media":0,"parent":0,"menu_order":0,"comment_status":"closed","ping_status":"closed","template":"","meta":[],"_links":{"self":[{"href":"https:\/\/www.spa-grillon.fr\/index.php?rest_route=\/wp\/v2\/pages\/262"}],"collection":[{"href":"https:\/\/www.spa-grillon.fr\/index.php?rest_route=\/wp\/v2\/pages"}],"about":[{"href":"https:\/\/www.spa-grillon.fr\/index.php?rest_route=\/wp\/v2\/types\/page"}],"author":[{"embeddable":true,"href":"https:\/\/www.spa-grillon.fr\/index.php?rest_route=\/wp\/v2\/users\/2"}],"replies":[{"embeddable":true,"href":"https:\/\/www.spa-grillon.fr\/index.php?rest_route=%2Fwp%2Fv2%2Fcomments&post=262"}],"version-history":[{"count":9,"href":"https:\/\/www.spa-grillon.fr\/index.php?rest_route=\/wp\/v2\/pages\/262\/revisions"}],"predecessor-version":[{"id":8931,"href":"https:\/\/www.spa-grillon.fr\/index.php?rest_route=\/wp\/v2\/pages\/262\/revisions\/8931"}],"wp:attachment":[{"href":"https:\/\/www.spa-grillon.fr\/index.php?rest_route=%2Fwp%2Fv2%2Fmedia&parent=262"}],"curies":[{"name":"wp","href":"https:\/\/api.w.org\/{rel}","templated":true}]}}