{"id":3921,"date":"2016-11-05T18:44:33","date_gmt":"2016-11-05T17:44:33","guid":{"rendered":"http:\/\/www.spa-grillon.fr\/?page_id=3921"},"modified":"2020-07-19T16:40:10","modified_gmt":"2020-07-19T15:40:10","slug":"magnum","status":"publish","type":"page","link":"https:\/\/www.spa-grillon.fr\/?page_id=3921","title":{"rendered":"MAGNUM"},"content":{"rendered":"<p style=\"text-align: justify;\"><img decoding=\"async\" loading=\"lazy\" class=\"alignleft size-medium wp-image-3922\" src=\"http:\/\/www.spa-grillon.fr\/wp-content\/uploads\/2016\/11\/Magnum-300x300.jpg\" alt=\"magnum\" width=\"300\" height=\"300\" srcset=\"https:\/\/www.spa-grillon.fr\/wp-content\/uploads\/2016\/11\/Magnum-300x300.jpg 300w, https:\/\/www.spa-grillon.fr\/wp-content\/uploads\/2016\/11\/Magnum-150x150.jpg 150w, https:\/\/www.spa-grillon.fr\/wp-content\/uploads\/2016\/11\/Magnum-768x768.jpg 768w, https:\/\/www.spa-grillon.fr\/wp-content\/uploads\/2016\/11\/Magnum-1024x1024.jpg 1024w, https:\/\/www.spa-grillon.fr\/wp-content\/uploads\/2016\/11\/Magnum.jpg 1052w\" sizes=\"(max-width: 300px) 100vw, 300px\" \/>Voici un matou de caract\u00e8re et tr\u00e8s dr\u00f4le. Tr\u00e8s ind\u00e9pendant, ce n&rsquo;est pas le genre \u00e0 r\u00e9clamer des c\u00e2lins \u00e0 toute heure ni \u00e0 venir patouner sur vos genoux m\u00eame s&rsquo;il est tr\u00e8s proche des gens. C&rsquo;est quand il veut ! Cela dit, c&rsquo;est un des premiers \u00e0 vous accueillir au refuge. Comme beaucoup de chats, il aime explorer, partir \u00e0 l&rsquo;aventure, au passage \u00e9gratigner quelques museaux concurrents et faire le faraud au milieu de ses copains chats. Il cohabite assez bien avec ses cong\u00e9n\u00e8res mais il peut avoir la patte leste : notre galopin adore faire des farces, courir apr\u00e8s les plus timides, jouer les fiers \u00e0 bras. C&rsquo;est un chat s\u00fbr de lui, qui devra avoir obligatoirement un acc\u00e8s \u00e0 l&rsquo;ext\u00e9rieur. Nettement moins fier en voiture et chez le v\u00e9t\u00e9rinaire, il faudra l&rsquo;accoutumer progressivement \u00e0 ce qui repr\u00e9sente encore pour lui une \u00e9preuve. Mais il vous pardonne vite et revient chercher une caresse (et une gourmandise, si possible!).<\/p>\n<p><img decoding=\"async\" loading=\"lazy\" class=\"aligncenter wp-image-3923 \" src=\"http:\/\/www.spa-grillon.fr\/wp-content\/uploads\/2016\/11\/Magnum-1.jpg\" alt=\"magnum\" width=\"460\" height=\"471\" \/><\/p>\n<div id=\"attachment_5908\" style=\"width: 500px\" class=\"wp-caption aligncenter\"><img aria-describedby=\"caption-attachment-5908\" decoding=\"async\" loading=\"lazy\" class=\"wp-image-5908 \" src=\"http:\/\/www.spa-grillon.fr\/wp-content\/uploads\/2016\/11\/IMG_3563-e1595172859625-998x1024.jpg\" alt=\"IMG_3563\" width=\"490\" height=\"478\" \/><p id=\"caption-attachment-5908\" class=\"wp-caption-text\">Avec sa copine Malice, il sait trouver les bons coins confortables o\u00f9 se caler le rein !<\/p><\/div>\n<div id=\"attachment_5907\" style=\"width: 498px\" class=\"wp-caption aligncenter\"><img aria-describedby=\"caption-attachment-5907\" decoding=\"async\" loading=\"lazy\" class=\"wp-image-5907 \" src=\"http:\/\/www.spa-grillon.fr\/wp-content\/uploads\/2016\/11\/IMG_3562-e1595172916894-1024x936.jpg\" alt=\"IMG_3562\" width=\"488\" height=\"534\" \/><p id=\"caption-attachment-5907\" class=\"wp-caption-text\">Bon, photographe, tu me d\u00e9ranges, vu?<\/p><\/div>\n<p><img decoding=\"async\" loading=\"lazy\" class=\"wp-image-9254  aligncenter\" src=\"http:\/\/www.spa-grillon.fr\/wp-content\/uploads\/2016\/11\/Magnum-8-e1595173111243.jpg\" alt=\"Magnum (8)\" width=\"432\" height=\"473\" srcset=\"https:\/\/www.spa-grillon.fr\/wp-content\/uploads\/2016\/11\/Magnum-8-e1595173111243.jpg 892w, https:\/\/www.spa-grillon.fr\/wp-content\/uploads\/2016\/11\/Magnum-8-e1595173111243-274x300.jpg 274w, https:\/\/www.spa-grillon.fr\/wp-content\/uploads\/2016\/11\/Magnum-8-e1595173111243-768x840.jpg 768w\" sizes=\"(max-width: 432px) 100vw, 432px\" \/> <img decoding=\"async\" loading=\"lazy\" class=\"wp-image-9255  aligncenter\" src=\"http:\/\/www.spa-grillon.fr\/wp-content\/uploads\/2016\/11\/Magnum-3.jpg\" alt=\"Magnum\" width=\"539\" height=\"404\" srcset=\"https:\/\/www.spa-grillon.fr\/wp-content\/uploads\/2016\/11\/Magnum-3.jpg 960w, https:\/\/www.spa-grillon.fr\/wp-content\/uploads\/2016\/11\/Magnum-3-300x225.jpg 300w, https:\/\/www.spa-grillon.fr\/wp-content\/uploads\/2016\/11\/Magnum-3-768x576.jpg 768w\" sizes=\"(max-width: 539px) 100vw, 539px\" \/><\/p>\n<div id=\"attachment_5917\" style=\"width: 547px\" class=\"wp-caption aligncenter\"><img aria-describedby=\"caption-attachment-5917\" decoding=\"async\" loading=\"lazy\" class=\"wp-image-5917 \" src=\"http:\/\/www.spa-grillon.fr\/wp-content\/uploads\/2016\/11\/Magnum-2-e1595172966198.jpg\" alt=\"\" width=\"537\" height=\"537\" srcset=\"https:\/\/www.spa-grillon.fr\/wp-content\/uploads\/2016\/11\/Magnum-2-e1595172966198.jpg 1009w, https:\/\/www.spa-grillon.fr\/wp-content\/uploads\/2016\/11\/Magnum-2-e1595172966198-150x150.jpg 150w, https:\/\/www.spa-grillon.fr\/wp-content\/uploads\/2016\/11\/Magnum-2-e1595172966198-300x300.jpg 300w, https:\/\/www.spa-grillon.fr\/wp-content\/uploads\/2016\/11\/Magnum-2-e1595172966198-768x768.jpg 768w\" sizes=\"(max-width: 537px) 100vw, 537px\" \/><p id=\"caption-attachment-5917\" class=\"wp-caption-text\">Un peu de lecture, \u00e7a ne peut pas faire de mal !<\/p><\/div>\n<p style=\"text-align: justify;\">\n","protected":false},"excerpt":{"rendered":"<p>Voici un matou de caract\u00e8re et tr\u00e8s dr\u00f4le. Tr\u00e8s ind\u00e9pendant, ce n&rsquo;est pas le genre \u00e0 r\u00e9clamer des c\u00e2lins \u00e0 toute heure ni \u00e0 venir patouner sur vos genoux m\u00eame s&rsquo;il est tr\u00e8s proche des gens. C&rsquo;est quand il veut &hellip; <a href=\"https:\/\/www.spa-grillon.fr\/?page_id=3921\">Continuer la lecture <span class=\"meta-nav\">&rarr;<\/span><\/a><\/p>\n","protected":false},"author":2,"featured_media":0,"parent":0,"menu_order":0,"comment_status":"closed","ping_status":"closed","template":"","meta":[],"_links":{"self":[{"href":"https:\/\/www.spa-grillon.fr\/index.php?rest_route=\/wp\/v2\/pages\/3921"}],"collection":[{"href":"https:\/\/www.spa-grillon.fr\/index.php?rest_route=\/wp\/v2\/pages"}],"about":[{"href":"https:\/\/www.spa-grillon.fr\/index.php?rest_route=\/wp\/v2\/types\/page"}],"author":[{"embeddable":true,"href":"https:\/\/www.spa-grillon.fr\/index.php?rest_route=\/wp\/v2\/users\/2"}],"replies":[{"embeddable":true,"href":"https:\/\/www.spa-grillon.fr\/index.php?rest_route=%2Fwp%2Fv2%2Fcomments&post=3921"}],"version-history":[{"count":10,"href":"https:\/\/www.spa-grillon.fr\/index.php?rest_route=\/wp\/v2\/pages\/3921\/revisions"}],"predecessor-version":[{"id":9256,"href":"https:\/\/www.spa-grillon.fr\/index.php?rest_route=\/wp\/v2\/pages\/3921\/revisions\/9256"}],"wp:attachment":[{"href":"https:\/\/www.spa-grillon.fr\/index.php?rest_route=%2Fwp%2Fv2%2Fmedia&parent=3921"}],"curies":[{"name":"wp","href":"https:\/\/api.w.org\/{rel}","templated":true}]}}