{"id":4280,"date":"2017-04-27T11:22:16","date_gmt":"2017-04-27T10:22:16","guid":{"rendered":"http:\/\/www.spa-grillon.fr\/?page_id=4280"},"modified":"2021-11-13T11:41:27","modified_gmt":"2021-11-13T10:41:27","slug":"mystere","status":"publish","type":"page","link":"https:\/\/www.spa-grillon.fr\/?page_id=4280","title":{"rendered":"MOKA"},"content":{"rendered":"<p style=\"text-align: justify;\">Moka fait partie de ces matous qu&rsquo;on ne regarde pas parce qu&rsquo;ils sont noirs (eh oui, les pr\u00e9jug\u00e9s contre les chats porte-malheur existent encore !) alors que ce sont de v\u00e9ritables perles. Ce chat est d&rsquo;une extr\u00eame gentillesse, ne nourrit aucune m\u00e9fiance envers l&rsquo;humain qu&rsquo;il fr\u00e9quente depuis qu&rsquo;il est tout b\u00e9b\u00e9, recherche la compagnie et tous, hommes et chats. Il n&rsquo;a aucune m\u00e9chancet\u00e9, aucune fripouillerie. Il n&rsquo;aime rien tant que les gourmandises, les papouilles et les siestes au soleil. Il poursuit les b\u00e9n\u00e9voles en qu\u00e9mandant des caresses et serait un vrai rayon de soleil dans une famille qui prendrait soin de lui. Faites mentir les pr\u00e9jug\u00e9s en lui donnant sa chance !<\/p>\n<p style=\"text-align: justify;\"><img decoding=\"async\" loading=\"lazy\" class=\"aligncenter wp-image-5407 \" src=\"http:\/\/www.spa-grillon.fr\/wp-content\/uploads\/2017\/04\/Moka-3-1024x1024.jpg\" alt=\"\" width=\"481\" height=\"481\" srcset=\"https:\/\/www.spa-grillon.fr\/wp-content\/uploads\/2017\/04\/Moka-3-1024x1024.jpg 1024w, https:\/\/www.spa-grillon.fr\/wp-content\/uploads\/2017\/04\/Moka-3-150x150.jpg 150w, https:\/\/www.spa-grillon.fr\/wp-content\/uploads\/2017\/04\/Moka-3-300x300.jpg 300w, https:\/\/www.spa-grillon.fr\/wp-content\/uploads\/2017\/04\/Moka-3-768x768.jpg 768w, https:\/\/www.spa-grillon.fr\/wp-content\/uploads\/2017\/04\/Moka-3.jpg 1311w\" sizes=\"(max-width: 481px) 100vw, 481px\" \/><\/p>\n<p style=\"text-align: justify;\"><img decoding=\"async\" loading=\"lazy\" class=\"alignleft wp-image-4283 size-medium\" src=\"http:\/\/www.spa-grillon.fr\/wp-content\/uploads\/2017\/04\/IMG_2809-e1518347025375-300x288.jpg\" alt=\"IMG_2809\" width=\"300\" height=\"288\" srcset=\"https:\/\/www.spa-grillon.fr\/wp-content\/uploads\/2017\/04\/IMG_2809-e1518347025375-300x288.jpg 300w, https:\/\/www.spa-grillon.fr\/wp-content\/uploads\/2017\/04\/IMG_2809-e1518347025375-768x738.jpg 768w, https:\/\/www.spa-grillon.fr\/wp-content\/uploads\/2017\/04\/IMG_2809-e1518347025375-1024x985.jpg 1024w, https:\/\/www.spa-grillon.fr\/wp-content\/uploads\/2017\/04\/IMG_2809-e1518347025375.jpg 2004w\" sizes=\"(max-width: 300px) 100vw, 300px\" \/><\/p>\n<p style=\"text-align: justify;\">Il\u00a0 a \u00e9t\u00e9 adopt\u00e9 il y a deux ans mais le voil\u00e0 \u00e0 nouveau abandonn\u00e9 sous pr\u00e9texte qu&rsquo;il ne s&rsquo;entendait pas avec l&rsquo;autre chat de la famille Adopt\u00e9 l&rsquo;\u00e9t\u00e9 2021, le voil\u00e0 encore de retour pour la m\u00eame raison. Au refuge il n&rsquo;a aucun probl\u00e8me d&rsquo;entente avec les autres, aucune bagarre : avec son copain Loco, il s&rsquo;entend \u00e0 merveille, comme avec tous les autres chats qu&rsquo;il c\u00f4toie aimablement&#8230; C&rsquo;est plut\u00f4t lui qui prend quelques tartes bien senties des divas de la chatterie ! Alors peut-\u00eatre qu&rsquo;une fois en maison il cherche \u00e0 s&rsquo;approprier les lieux? Le mieux sera donc de le placer dans une famille sans autre chat.<\/p>\n<p style=\"text-align: justify;\">Son abandon est tr\u00e8s douloureux pour lui : on dit les chats ind\u00e9pendants&#8230; pourtant, on entend ses appels dans tout le refuge et il poursuit les b\u00e9n\u00e9voles d\u00e9sesp\u00e9r\u00e9ment en qu\u00e9mandant des caresses. Il lui faudra un ext\u00e9rieur, m\u00eame petit mais surtout de la pr\u00e9sence, des c\u00e2lins, de l&rsquo;attention.<\/p>\n<p style=\"text-align: justify;\"><img decoding=\"async\" loading=\"lazy\" class=\"aligncenter wp-image-5939 \" src=\"http:\/\/www.spa-grillon.fr\/wp-content\/uploads\/2017\/04\/Moka-2-e1626714059384-1024x911.jpg\" alt=\"Moka (2)\" width=\"522\" height=\"464\" srcset=\"https:\/\/www.spa-grillon.fr\/wp-content\/uploads\/2017\/04\/Moka-2-e1626714059384-1024x911.jpg 1024w, https:\/\/www.spa-grillon.fr\/wp-content\/uploads\/2017\/04\/Moka-2-e1626714059384-300x267.jpg 300w, https:\/\/www.spa-grillon.fr\/wp-content\/uploads\/2017\/04\/Moka-2-e1626714059384-768x683.jpg 768w\" sizes=\"(max-width: 522px) 100vw, 522px\" \/><\/p>\n<div style=\"width: 640px;\" class=\"wp-video\"><!--[if lt IE 9]><script>document.createElement('video');<\/script><![endif]-->\n<video class=\"wp-video-shortcode\" id=\"video-4280-1\" width=\"640\" height=\"360\" preload=\"metadata\" controls=\"controls\"><source type=\"video\/mp4\" src=\"http:\/\/www.spa-grillon.fr\/wp-content\/uploads\/2017\/04\/Moka.mp4?_=1\" \/><a href=\"http:\/\/www.spa-grillon.fr\/wp-content\/uploads\/2017\/04\/Moka.mp4\">http:\/\/www.spa-grillon.fr\/wp-content\/uploads\/2017\/04\/Moka.mp4<\/a><\/video><\/div>\n","protected":false},"excerpt":{"rendered":"<p>Moka fait partie de ces matous qu&rsquo;on ne regarde pas parce qu&rsquo;ils sont noirs (eh oui, les pr\u00e9jug\u00e9s contre les chats porte-malheur existent encore !) alors que ce sont de v\u00e9ritables perles. Ce chat est d&rsquo;une extr\u00eame gentillesse, ne nourrit &hellip; <a href=\"https:\/\/www.spa-grillon.fr\/?page_id=4280\">Continuer la lecture <span class=\"meta-nav\">&rarr;<\/span><\/a><\/p>\n","protected":false},"author":2,"featured_media":0,"parent":0,"menu_order":0,"comment_status":"closed","ping_status":"closed","template":"","meta":[],"_links":{"self":[{"href":"https:\/\/www.spa-grillon.fr\/index.php?rest_route=\/wp\/v2\/pages\/4280"}],"collection":[{"href":"https:\/\/www.spa-grillon.fr\/index.php?rest_route=\/wp\/v2\/pages"}],"about":[{"href":"https:\/\/www.spa-grillon.fr\/index.php?rest_route=\/wp\/v2\/types\/page"}],"author":[{"embeddable":true,"href":"https:\/\/www.spa-grillon.fr\/index.php?rest_route=\/wp\/v2\/users\/2"}],"replies":[{"embeddable":true,"href":"https:\/\/www.spa-grillon.fr\/index.php?rest_route=%2Fwp%2Fv2%2Fcomments&post=4280"}],"version-history":[{"count":8,"href":"https:\/\/www.spa-grillon.fr\/index.php?rest_route=\/wp\/v2\/pages\/4280\/revisions"}],"predecessor-version":[{"id":11271,"href":"https:\/\/www.spa-grillon.fr\/index.php?rest_route=\/wp\/v2\/pages\/4280\/revisions\/11271"}],"wp:attachment":[{"href":"https:\/\/www.spa-grillon.fr\/index.php?rest_route=%2Fwp%2Fv2%2Fmedia&parent=4280"}],"curies":[{"name":"wp","href":"https:\/\/api.w.org\/{rel}","templated":true}]}}