{"id":4888,"date":"2017-09-06T17:00:44","date_gmt":"2017-09-06T16:00:44","guid":{"rendered":"http:\/\/www.spa-grillon.fr\/?page_id=4888"},"modified":"2017-09-06T17:00:44","modified_gmt":"2017-09-06T16:00:44","slug":"romeo-2","status":"publish","type":"page","link":"https:\/\/www.spa-grillon.fr\/?page_id=4888","title":{"rendered":"ROMEO"},"content":{"rendered":"<p><img decoding=\"async\" loading=\"lazy\" class=\"alignleft size-medium wp-image-4849\" src=\"http:\/\/www.spa-grillon.fr\/wp-content\/uploads\/2015\/07\/Rom\u00e9o-300x300.jpg\" alt=\"Rom\u00e9o\" width=\"300\" height=\"300\" \/><\/p>\n<p>&nbsp;<\/p>\n<p><strong>Sexe <\/strong>: m\u00e2le<\/p>\n<p><strong>Race <\/strong>: beagle<\/p>\n<p><strong>Age <\/strong>: n\u00e9 en 2010<\/p>\n<p><strong>Taille <\/strong>: petite<\/p>\n<p>&nbsp;<\/p>\n<p style=\"text-align: justify;\"><strong><\/p>\n<p>Caract\u00e9ristiques <\/strong>: Rom\u00e9o, mon Rom\u00e9o&#8230; un peu vieillissant notre jeune premier, il faut bien le dire ! C&rsquo;est un gentil petit p\u00e9p\u00e8re, un peu fragile et fatigu\u00e9 (il a une otite persistante) mais tr\u00e8s doux et tr\u00e8s c\u00e2lin. Cela ne l\u2019emp\u00eache pas de se promener volontiers, mais pas trop vite. Il peut se montrer un peu grincheux avec les autres m\u00e2les mais il s\u2019entend bien avec les femelles. Il ne chasse pas. L\u2019entente avec les chats sera \u00e0 v\u00e9rifier le cas \u00e9ch\u00e9ant. Il conviendrait parfaitement \u00e0 une personne \u00e2g\u00e9e. Une maison avec un petit jardin pour l\u00e9zarder au soleil, quelques balades et il sera le plus heureux du monde.<\/p>\n","protected":false},"excerpt":{"rendered":"<p>&nbsp; Sexe : m\u00e2le Race : beagle Age : n\u00e9 en 2010 Taille : petite &nbsp; Caract\u00e9ristiques : Rom\u00e9o, mon Rom\u00e9o&#8230; un peu vieillissant notre jeune premier, il faut bien le dire ! C&rsquo;est un gentil petit p\u00e9p\u00e8re, un peu &hellip; <a href=\"https:\/\/www.spa-grillon.fr\/?page_id=4888\">Continuer la lecture <span class=\"meta-nav\">&rarr;<\/span><\/a><\/p>\n","protected":false},"author":2,"featured_media":0,"parent":0,"menu_order":0,"comment_status":"closed","ping_status":"closed","template":"","meta":[],"_links":{"self":[{"href":"https:\/\/www.spa-grillon.fr\/index.php?rest_route=\/wp\/v2\/pages\/4888"}],"collection":[{"href":"https:\/\/www.spa-grillon.fr\/index.php?rest_route=\/wp\/v2\/pages"}],"about":[{"href":"https:\/\/www.spa-grillon.fr\/index.php?rest_route=\/wp\/v2\/types\/page"}],"author":[{"embeddable":true,"href":"https:\/\/www.spa-grillon.fr\/index.php?rest_route=\/wp\/v2\/users\/2"}],"replies":[{"embeddable":true,"href":"https:\/\/www.spa-grillon.fr\/index.php?rest_route=%2Fwp%2Fv2%2Fcomments&post=4888"}],"version-history":[{"count":1,"href":"https:\/\/www.spa-grillon.fr\/index.php?rest_route=\/wp\/v2\/pages\/4888\/revisions"}],"predecessor-version":[{"id":4889,"href":"https:\/\/www.spa-grillon.fr\/index.php?rest_route=\/wp\/v2\/pages\/4888\/revisions\/4889"}],"wp:attachment":[{"href":"https:\/\/www.spa-grillon.fr\/index.php?rest_route=%2Fwp%2Fv2%2Fmedia&parent=4888"}],"curies":[{"name":"wp","href":"https:\/\/api.w.org\/{rel}","templated":true}]}}