{"id":5787,"date":"2018-06-10T14:40:56","date_gmt":"2018-06-10T13:40:56","guid":{"rendered":"http:\/\/www.spa-grillon.fr\/?page_id=5787"},"modified":"2018-06-13T16:37:33","modified_gmt":"2018-06-13T15:37:33","slug":"smoke","status":"publish","type":"page","link":"https:\/\/www.spa-grillon.fr\/?page_id=5787","title":{"rendered":"SMOKE"},"content":{"rendered":"<p><strong><img decoding=\"async\" loading=\"lazy\" class=\"alignleft size-medium wp-image-5790\" src=\"http:\/\/www.spa-grillon.fr\/wp-content\/uploads\/2018\/06\/Smoke-1-300x300.jpg\" alt=\"Smoke'\" width=\"300\" height=\"300\" \/><\/strong><\/p>\n<p>&nbsp;<\/p>\n<p><strong>Race<\/strong> : berger<\/p>\n<p><span style=\"color: #000000;\"><strong>Age<\/strong> <\/span>: n\u00e9 en 2014<\/p>\n<p><strong><span style=\"color: #000000;\">Sexe<\/span><\/strong> : m\u00e2le<\/p>\n<p><strong><span style=\"color: #000000;\">Taille<\/span><\/strong> : moyenne<\/p>\n<p>&nbsp;<\/p>\n<p>&nbsp;<\/p>\n<p style=\"text-align: justify;\"><strong>Caract\u00e9ristiques<\/strong> : Smoke est un gentil chien qui a vraisemblablement connu la vie paisible d\u2019une famille avant d\u2019arriver ici. Trouv\u00e9 \u00e0 Visan, voil\u00e0 la seule chose qu&rsquo;on sait de lui. Il est ob\u00e9issant, tr\u00e8s sympa, affectueux. Il s\u2019entend bien avec les autres chiens mais peut \u00eatre un peu grincheux avec certains m\u00e2les. Les filles, en revanche, pas de souci ! En balade, il est calme, ne tire pas sur sa laisse. Les chats seront \u00e0 tester si n\u00e9cessaire. Il ferait un parfait chien de famille. Son seul\u00a0 d\u00e9faut? Il n&rsquo;est pas photog\u00e9nique (ou le photographe n&rsquo;est pas dou\u00e9!) : il a l&rsquo;air presque m\u00e9chant sur ses photos alors que c&rsquo;est un si gentil loulou!<\/p>\n<p style=\"text-align: justify;\"><img decoding=\"async\" loading=\"lazy\" class=\"wp-image-5789 aligncenter\" src=\"http:\/\/www.spa-grillon.fr\/wp-content\/uploads\/2018\/06\/Smoke-1024x1024.jpg\" alt=\"Smoke\" width=\"570\" height=\"570\" srcset=\"https:\/\/www.spa-grillon.fr\/wp-content\/uploads\/2018\/06\/Smoke-1024x1024.jpg 1024w, https:\/\/www.spa-grillon.fr\/wp-content\/uploads\/2018\/06\/Smoke-150x150.jpg 150w, https:\/\/www.spa-grillon.fr\/wp-content\/uploads\/2018\/06\/Smoke-300x300.jpg 300w, https:\/\/www.spa-grillon.fr\/wp-content\/uploads\/2018\/06\/Smoke-768x768.jpg 768w\" sizes=\"(max-width: 570px) 100vw, 570px\" \/><\/p>\n","protected":false},"excerpt":{"rendered":"<p>&nbsp; Race : berger Age : n\u00e9 en 2014 Sexe : m\u00e2le Taille : moyenne &nbsp; &nbsp; Caract\u00e9ristiques : Smoke est un gentil chien qui a vraisemblablement connu la vie paisible d\u2019une famille avant d\u2019arriver ici. Trouv\u00e9 \u00e0 Visan, voil\u00e0 &hellip; <a href=\"https:\/\/www.spa-grillon.fr\/?page_id=5787\">Continuer la lecture <span class=\"meta-nav\">&rarr;<\/span><\/a><\/p>\n","protected":false},"author":2,"featured_media":0,"parent":0,"menu_order":0,"comment_status":"closed","ping_status":"closed","template":"","meta":[],"_links":{"self":[{"href":"https:\/\/www.spa-grillon.fr\/index.php?rest_route=\/wp\/v2\/pages\/5787"}],"collection":[{"href":"https:\/\/www.spa-grillon.fr\/index.php?rest_route=\/wp\/v2\/pages"}],"about":[{"href":"https:\/\/www.spa-grillon.fr\/index.php?rest_route=\/wp\/v2\/types\/page"}],"author":[{"embeddable":true,"href":"https:\/\/www.spa-grillon.fr\/index.php?rest_route=\/wp\/v2\/users\/2"}],"replies":[{"embeddable":true,"href":"https:\/\/www.spa-grillon.fr\/index.php?rest_route=%2Fwp%2Fv2%2Fcomments&post=5787"}],"version-history":[{"count":5,"href":"https:\/\/www.spa-grillon.fr\/index.php?rest_route=\/wp\/v2\/pages\/5787\/revisions"}],"predecessor-version":[{"id":5833,"href":"https:\/\/www.spa-grillon.fr\/index.php?rest_route=\/wp\/v2\/pages\/5787\/revisions\/5833"}],"wp:attachment":[{"href":"https:\/\/www.spa-grillon.fr\/index.php?rest_route=%2Fwp%2Fv2%2Fmedia&parent=5787"}],"curies":[{"name":"wp","href":"https:\/\/api.w.org\/{rel}","templated":true}]}}