{"id":5807,"date":"2018-06-10T15:18:42","date_gmt":"2018-06-10T14:18:42","guid":{"rendered":"http:\/\/www.spa-grillon.fr\/?page_id=5807"},"modified":"2018-07-16T20:42:39","modified_gmt":"2018-07-16T19:42:39","slug":"orion-odin-oural","status":"publish","type":"page","link":"https:\/\/www.spa-grillon.fr\/?page_id=5807","title":{"rendered":"ORION"},"content":{"rendered":"<p><strong><img decoding=\"async\" loading=\"lazy\" class=\"alignleft size-medium wp-image-5751\" src=\"http:\/\/www.spa-grillon.fr\/wp-content\/uploads\/2018\/05\/orion-300x300.jpg\" alt=\"orion'\" width=\"300\" height=\"300\" srcset=\"https:\/\/www.spa-grillon.fr\/wp-content\/uploads\/2018\/05\/orion-300x300.jpg 300w, https:\/\/www.spa-grillon.fr\/wp-content\/uploads\/2018\/05\/orion-150x150.jpg 150w, https:\/\/www.spa-grillon.fr\/wp-content\/uploads\/2018\/05\/orion-768x768.jpg 768w, https:\/\/www.spa-grillon.fr\/wp-content\/uploads\/2018\/05\/orion-1024x1024.jpg 1024w, https:\/\/www.spa-grillon.fr\/wp-content\/uploads\/2018\/05\/orion.jpg 1719w\" sizes=\"(max-width: 300px) 100vw, 300px\" \/><\/strong><\/p>\n<p>&nbsp;<\/p>\n<p><strong>Race<\/strong> : berger<\/p>\n<p><strong>Age<\/strong> : n\u00e9 en 01\/2018<\/p>\n<p><strong>Sexe<\/strong> : m\u00e2le<\/p>\n<p><strong>Taille<\/strong> : moyenne<\/p>\n<p>&nbsp;<\/p>\n<p>&nbsp;<\/p>\n<p style=\"text-align: justify;\"><strong>Caract\u00e9ristiques<\/strong> : Orion est arriv\u00e9 avec ses deux fr\u00e8res et sa maman. Elle a fini par les mettre dehors parce qu&rsquo;ils \u00e9taient un peu envahissants pour elle. Elle les a \u00e9lev\u00e9s jusque l\u00e0 et ils sont donc tr\u00e8s \u00e9quilibr\u00e9s. Ils n&rsquo;ont pas peur des autres chiens avec qui ils jouent autant qu&rsquo;ils le supportent, ni des hommes. Sans doute chiens de ferme livr\u00e9s \u00e0 eux-m\u00eames, ils ont le calme et la s\u00e9r\u00e9nit\u00e9 de ces chiens qui ont tout d\u00e9couvert tout seuls. On leur a appris \u00e0 marcher en laisse. Le reste, ce sera \u00e0 leurs adoptants de le faire : difficile d&rsquo;apprendre \u00e0 ne pas monter sur le canap\u00e9 au refuge !<\/p>\n<p style=\"text-align: justify;\">Orion, aux yeux vairons, \u00e9tait le plus coquin, le plus intr\u00e9pide. Pourtant, l&rsquo;\u00e2ge de raison est venu et il est devenu un chien tr\u00e8s calme, d&rsquo;une gentillesse et d&rsquo;une douceur sans bornes. Il est perturb\u00e9 par les chiens trop agit\u00e9s et appr\u00e9cierait une famille avec des enfants qu&rsquo;ilpourrait accompagner dans meurs jeux. C&rsquo;est un amour !<\/p>\n<p style=\"text-align: justify;\"><img decoding=\"async\" loading=\"lazy\" class=\"alignleft wp-image-5927 \" src=\"http:\/\/www.spa-grillon.fr\/wp-content\/uploads\/2018\/06\/orion-e1531770103578-300x280.jpg\" alt=\"orion\" width=\"286\" height=\"267\" \/><\/p>\n<p><img decoding=\"async\" loading=\"lazy\" class=\"alignleft wp-image-5750\" src=\"http:\/\/www.spa-grillon.fr\/wp-content\/uploads\/2018\/05\/Orion-300x300.jpg\" alt=\"Quel regard! \" width=\"275\" height=\"275\" srcset=\"https:\/\/www.spa-grillon.fr\/wp-content\/uploads\/2018\/05\/Orion-300x300.jpg 300w, https:\/\/www.spa-grillon.fr\/wp-content\/uploads\/2018\/05\/Orion-150x150.jpg 150w, https:\/\/www.spa-grillon.fr\/wp-content\/uploads\/2018\/05\/Orion-768x768.jpg 768w, https:\/\/www.spa-grillon.fr\/wp-content\/uploads\/2018\/05\/Orion-1024x1024.jpg 1024w, https:\/\/www.spa-grillon.fr\/wp-content\/uploads\/2018\/05\/Orion.jpg 1749w\" sizes=\"(max-width: 275px) 100vw, 275px\" \/><\/p>\n","protected":false},"excerpt":{"rendered":"<p>&nbsp; Race : berger Age : n\u00e9 en 01\/2018 Sexe : m\u00e2le Taille : moyenne &nbsp; &nbsp; Caract\u00e9ristiques : Orion est arriv\u00e9 avec ses deux fr\u00e8res et sa maman. Elle a fini par les mettre dehors parce qu&rsquo;ils \u00e9taient un &hellip; <a href=\"https:\/\/www.spa-grillon.fr\/?page_id=5807\">Continuer la lecture <span class=\"meta-nav\">&rarr;<\/span><\/a><\/p>\n","protected":false},"author":2,"featured_media":0,"parent":0,"menu_order":0,"comment_status":"closed","ping_status":"closed","template":"","meta":[],"_links":{"self":[{"href":"https:\/\/www.spa-grillon.fr\/index.php?rest_route=\/wp\/v2\/pages\/5807"}],"collection":[{"href":"https:\/\/www.spa-grillon.fr\/index.php?rest_route=\/wp\/v2\/pages"}],"about":[{"href":"https:\/\/www.spa-grillon.fr\/index.php?rest_route=\/wp\/v2\/types\/page"}],"author":[{"embeddable":true,"href":"https:\/\/www.spa-grillon.fr\/index.php?rest_route=\/wp\/v2\/users\/2"}],"replies":[{"embeddable":true,"href":"https:\/\/www.spa-grillon.fr\/index.php?rest_route=%2Fwp%2Fv2%2Fcomments&post=5807"}],"version-history":[{"count":6,"href":"https:\/\/www.spa-grillon.fr\/index.php?rest_route=\/wp\/v2\/pages\/5807\/revisions"}],"predecessor-version":[{"id":5929,"href":"https:\/\/www.spa-grillon.fr\/index.php?rest_route=\/wp\/v2\/pages\/5807\/revisions\/5929"}],"wp:attachment":[{"href":"https:\/\/www.spa-grillon.fr\/index.php?rest_route=%2Fwp%2Fv2%2Fmedia&parent=5807"}],"curies":[{"name":"wp","href":"https:\/\/api.w.org\/{rel}","templated":true}]}}