{"id":6058,"date":"2018-08-17T16:03:52","date_gmt":"2018-08-17T15:03:52","guid":{"rendered":"http:\/\/www.spa-grillon.fr\/?page_id=6058"},"modified":"2018-08-17T16:09:05","modified_gmt":"2018-08-17T15:09:05","slug":"paquito","status":"publish","type":"page","link":"https:\/\/www.spa-grillon.fr\/?page_id=6058","title":{"rendered":"PAQUITO"},"content":{"rendered":"<p><strong><img decoding=\"async\" loading=\"lazy\" class=\"alignleft size-medium wp-image-6059\" src=\"http:\/\/www.spa-grillon.fr\/wp-content\/uploads\/2018\/08\/IMG_20180817_093351-300x300.jpg\" alt=\"All-focus\" width=\"300\" height=\"300\" srcset=\"https:\/\/www.spa-grillon.fr\/wp-content\/uploads\/2018\/08\/IMG_20180817_093351-300x300.jpg 300w, https:\/\/www.spa-grillon.fr\/wp-content\/uploads\/2018\/08\/IMG_20180817_093351-150x150.jpg 150w, https:\/\/www.spa-grillon.fr\/wp-content\/uploads\/2018\/08\/IMG_20180817_093351-768x768.jpg 768w, https:\/\/www.spa-grillon.fr\/wp-content\/uploads\/2018\/08\/IMG_20180817_093351-1024x1024.jpg 1024w, https:\/\/www.spa-grillon.fr\/wp-content\/uploads\/2018\/08\/IMG_20180817_093351.jpg 1632w\" sizes=\"(max-width: 300px) 100vw, 300px\" \/><\/strong><\/p>\n<p>&nbsp;<\/p>\n<p><strong>Race<\/strong> : jack russel<\/p>\n<p><strong>Age<\/strong> : n\u00e9 en 2014<\/p>\n<p><strong>Sexe<\/strong> : m\u00e2le<\/p>\n<p><strong>Taille<\/strong> : petite<\/p>\n<p>&nbsp;<\/p>\n<p>&nbsp;<\/p>\n<p style=\"text-align: justify;\"><strong>Caract\u00e9ristiques<\/strong> : Paquito est un amour de chien, de tout petit gabarit, pas plus gros qu&rsquo;un chat. Gentil et rigolo, il vient d&rsquo;une famille nombreuse et s&rsquo;entend par cons\u00e9quent tr\u00e8s bien avec ses cong\u00e9n\u00e8res et les chats lui sont indiff\u00e9rents. Il a de l&rsquo;\u00e9nergie \u00e0 revendre et adore jouer \u00e0 la balle. Il lui faudra des ma\u00eetres joueurs, pr\u00eats \u00e0 de belles balades ou \u00e0 des parties de jeux endiabl\u00e9es. La pr\u00e9sence d&rsquo;un autre compagnon correspondrait bien \u00e0 son gai caract\u00e8re. Plus adapt\u00e9 peut-\u00eatre \u00e0 une famille nombreuse, ce petit gars tout craquant apportera dans tout foyer un bonheur sans nuages.<\/p>\n<p>&nbsp;<\/p>\n","protected":false},"excerpt":{"rendered":"<p>&nbsp; Race : jack russel Age : n\u00e9 en 2014 Sexe : m\u00e2le Taille : petite &nbsp; &nbsp; Caract\u00e9ristiques : Paquito est un amour de chien, de tout petit gabarit, pas plus gros qu&rsquo;un chat. Gentil et rigolo, il vient &hellip; <a href=\"https:\/\/www.spa-grillon.fr\/?page_id=6058\">Continuer la lecture <span class=\"meta-nav\">&rarr;<\/span><\/a><\/p>\n","protected":false},"author":2,"featured_media":0,"parent":0,"menu_order":0,"comment_status":"closed","ping_status":"closed","template":"","meta":[],"_links":{"self":[{"href":"https:\/\/www.spa-grillon.fr\/index.php?rest_route=\/wp\/v2\/pages\/6058"}],"collection":[{"href":"https:\/\/www.spa-grillon.fr\/index.php?rest_route=\/wp\/v2\/pages"}],"about":[{"href":"https:\/\/www.spa-grillon.fr\/index.php?rest_route=\/wp\/v2\/types\/page"}],"author":[{"embeddable":true,"href":"https:\/\/www.spa-grillon.fr\/index.php?rest_route=\/wp\/v2\/users\/2"}],"replies":[{"embeddable":true,"href":"https:\/\/www.spa-grillon.fr\/index.php?rest_route=%2Fwp%2Fv2%2Fcomments&post=6058"}],"version-history":[{"count":3,"href":"https:\/\/www.spa-grillon.fr\/index.php?rest_route=\/wp\/v2\/pages\/6058\/revisions"}],"predecessor-version":[{"id":6064,"href":"https:\/\/www.spa-grillon.fr\/index.php?rest_route=\/wp\/v2\/pages\/6058\/revisions\/6064"}],"wp:attachment":[{"href":"https:\/\/www.spa-grillon.fr\/index.php?rest_route=%2Fwp%2Fv2%2Fmedia&parent=6058"}],"curies":[{"name":"wp","href":"https:\/\/api.w.org\/{rel}","templated":true}]}}