{"id":6065,"date":"2018-08-17T16:17:47","date_gmt":"2018-08-17T15:17:47","guid":{"rendered":"http:\/\/www.spa-grillon.fr\/?page_id=6065"},"modified":"2018-08-17T22:18:23","modified_gmt":"2018-08-17T21:18:23","slug":"kenzo","status":"publish","type":"page","link":"https:\/\/www.spa-grillon.fr\/?page_id=6065","title":{"rendered":"KENZO"},"content":{"rendered":"<p><img decoding=\"async\" loading=\"lazy\" class=\"alignleft size-medium wp-image-6066\" src=\"http:\/\/www.spa-grillon.fr\/wp-content\/uploads\/2018\/08\/IMG_20180817_093256-300x300.jpg\" alt=\"\" width=\"300\" height=\"300\" srcset=\"https:\/\/www.spa-grillon.fr\/wp-content\/uploads\/2018\/08\/IMG_20180817_093256-300x300.jpg 300w, https:\/\/www.spa-grillon.fr\/wp-content\/uploads\/2018\/08\/IMG_20180817_093256-150x150.jpg 150w, https:\/\/www.spa-grillon.fr\/wp-content\/uploads\/2018\/08\/IMG_20180817_093256-768x768.jpg 768w, https:\/\/www.spa-grillon.fr\/wp-content\/uploads\/2018\/08\/IMG_20180817_093256-1024x1024.jpg 1024w, https:\/\/www.spa-grillon.fr\/wp-content\/uploads\/2018\/08\/IMG_20180817_093256.jpg 1640w\" sizes=\"(max-width: 300px) 100vw, 300px\" \/><\/p>\n<p>&nbsp;<\/p>\n<p><strong>Race<\/strong> : Yorkshire crois\u00e9 basset<\/p>\n<p><strong>Age<\/strong> : n\u00e9 en 01\/2015<\/p>\n<p><strong>Sexe<\/strong> : m\u00e2le<\/p>\n<p><strong>Taille<\/strong> : petite<\/p>\n<p>&nbsp;<\/p>\n<p>&nbsp;<\/p>\n<p style=\"text-align: justify;\"><strong>Caract\u00e9ristiques<\/strong> : Kenzo \u00e9tait un chien plut\u00f4t livr\u00e9 \u00e0 lui-m\u00eame, qui a souvent train\u00e9 tout seul dans les rues. Il est pourtant tout \u00e0 fait gentil, se prom\u00e8ne tranquillement en laisse et ne semble pas faire de b\u00eatises. Des promenades r\u00e9guli\u00e8res et de l&rsquo;attention lui feront vite oublier ses balades solitaires car tout ce qu&rsquo;il cherche, c&rsquo;est qu&rsquo;on fasse attention \u00e0 lui. Il cohabite bien avec ses cong\u00e9n\u00e8res mais il est dominant et, notamment autour de la gamelle, il peut \u00eatre tr\u00e8s possessif. Il faudra veiller \u00e0 le faire manger \u00e0 part de ses \u00e9ventuels colocataires et \u00e0 ne pas laisser trainer de nourriture. Mis \u00e0 part cette pr\u00e9caution, Kenzo est tr\u00e8s affectueux et peut s&rsquo;adapter \u00e0 tout type de foyer : une grande famille comme une personne seule ferait son bonheur.<\/p>\n<p><img decoding=\"async\" loading=\"lazy\" class=\"aligncenter wp-image-6067\" src=\"http:\/\/www.spa-grillon.fr\/wp-content\/uploads\/2018\/08\/IMG_20180817_093239-1024x1024.jpg\" alt=\"\" width=\"540\" height=\"540\" srcset=\"https:\/\/www.spa-grillon.fr\/wp-content\/uploads\/2018\/08\/IMG_20180817_093239-1024x1024.jpg 1024w, https:\/\/www.spa-grillon.fr\/wp-content\/uploads\/2018\/08\/IMG_20180817_093239-150x150.jpg 150w, https:\/\/www.spa-grillon.fr\/wp-content\/uploads\/2018\/08\/IMG_20180817_093239-300x300.jpg 300w, https:\/\/www.spa-grillon.fr\/wp-content\/uploads\/2018\/08\/IMG_20180817_093239-768x768.jpg 768w\" sizes=\"(max-width: 540px) 100vw, 540px\" \/><\/p>\n","protected":false},"excerpt":{"rendered":"<p>&nbsp; Race : Yorkshire crois\u00e9 basset Age : n\u00e9 en 01\/2015 Sexe : m\u00e2le Taille : petite &nbsp; &nbsp; Caract\u00e9ristiques : Kenzo \u00e9tait un chien plut\u00f4t livr\u00e9 \u00e0 lui-m\u00eame, qui a souvent train\u00e9 tout seul dans les rues. Il est &hellip; <a href=\"https:\/\/www.spa-grillon.fr\/?page_id=6065\">Continuer la lecture <span class=\"meta-nav\">&rarr;<\/span><\/a><\/p>\n","protected":false},"author":2,"featured_media":0,"parent":0,"menu_order":0,"comment_status":"closed","ping_status":"closed","template":"","meta":[],"_links":{"self":[{"href":"https:\/\/www.spa-grillon.fr\/index.php?rest_route=\/wp\/v2\/pages\/6065"}],"collection":[{"href":"https:\/\/www.spa-grillon.fr\/index.php?rest_route=\/wp\/v2\/pages"}],"about":[{"href":"https:\/\/www.spa-grillon.fr\/index.php?rest_route=\/wp\/v2\/types\/page"}],"author":[{"embeddable":true,"href":"https:\/\/www.spa-grillon.fr\/index.php?rest_route=\/wp\/v2\/users\/2"}],"replies":[{"embeddable":true,"href":"https:\/\/www.spa-grillon.fr\/index.php?rest_route=%2Fwp%2Fv2%2Fcomments&post=6065"}],"version-history":[{"count":3,"href":"https:\/\/www.spa-grillon.fr\/index.php?rest_route=\/wp\/v2\/pages\/6065\/revisions"}],"predecessor-version":[{"id":6097,"href":"https:\/\/www.spa-grillon.fr\/index.php?rest_route=\/wp\/v2\/pages\/6065\/revisions\/6097"}],"wp:attachment":[{"href":"https:\/\/www.spa-grillon.fr\/index.php?rest_route=%2Fwp%2Fv2%2Fmedia&parent=6065"}],"curies":[{"name":"wp","href":"https:\/\/api.w.org\/{rel}","templated":true}]}}