{"id":6114,"date":"2018-08-25T12:47:50","date_gmt":"2018-08-25T11:47:50","guid":{"rendered":"http:\/\/www.spa-grillon.fr\/?page_id=6114"},"modified":"2018-08-25T12:47:50","modified_gmt":"2018-08-25T11:47:50","slug":"nesquik-2","status":"publish","type":"page","link":"https:\/\/www.spa-grillon.fr\/?page_id=6114","title":{"rendered":"NESQUIK"},"content":{"rendered":"<p><strong><img decoding=\"async\" loading=\"lazy\" class=\"alignleft size-medium wp-image-5957\" src=\"http:\/\/www.spa-grillon.fr\/wp-content\/uploads\/2018\/07\/IMG_6028-300x300.jpg\" alt=\"IMG_6028\" width=\"300\" height=\"300\" srcset=\"https:\/\/www.spa-grillon.fr\/wp-content\/uploads\/2018\/07\/IMG_6028-300x300.jpg 300w, https:\/\/www.spa-grillon.fr\/wp-content\/uploads\/2018\/07\/IMG_6028-150x150.jpg 150w, https:\/\/www.spa-grillon.fr\/wp-content\/uploads\/2018\/07\/IMG_6028-768x768.jpg 768w, https:\/\/www.spa-grillon.fr\/wp-content\/uploads\/2018\/07\/IMG_6028-1024x1024.jpg 1024w, https:\/\/www.spa-grillon.fr\/wp-content\/uploads\/2018\/07\/IMG_6028.jpg 1737w\" sizes=\"(max-width: 300px) 100vw, 300px\" \/><br \/>\n<\/strong><\/p>\n<p><strong>Race<\/strong> : berger<\/p>\n<p><strong>Age<\/strong> : n\u00e9 en 06\/2017<\/p>\n<p><strong>Sexe<\/strong> : m\u00e2le<\/p>\n<p><strong>Taille<\/strong> : moyenne<\/p>\n<p>&nbsp;<\/p>\n<p>&nbsp;<\/p>\n<p style=\"text-align: justify;\"><strong>Caract\u00e9ristiques<\/strong> : Nesquik est un adorable jeune chien. Pour son \u00e2ge, il n&rsquo;est pas trop dissip\u00e9 et surtout il ob\u00e9it tr\u00e8s bien \u00e0 plusieurs ordres. Il ne tire pas trop sur sa laisse en promenade, bref, c&rsquo;est un chien tr\u00e8s sage. Il s&rsquo;entend tr\u00e8s bien avec ses cong\u00e9n\u00e8res m\u00e2les et femelles dont il cherche le contact amical, les jeux, les farces, sans brutalit\u00e9 ni tentatives de domination. Il faudra si n\u00e9cessaire \u00e9valuer son comportement vis \u00e0 vis des chats. Il vous t\u00e9moigne une affection sans limites, m\u00eame sil vous conna\u00eet peu. Il semble capable de s&rsquo;adapter vite aux diverses situations qu&rsquo;il rencontre. Et il a surtout une bouille carr\u00e9ment craquante, non? Une cr\u00e8me de chien qui n&rsquo;attend qu&rsquo;un foyer&#8230;<\/p>\n<p style=\"text-align: justify;\"><img decoding=\"async\" loading=\"lazy\" class=\"wp-image-6085 aligncenter\" src=\"http:\/\/www.spa-grillon.fr\/wp-content\/uploads\/2018\/08\/IMG_20180817_120337-1024x1024.jpg\" alt=\"\" width=\"540\" height=\"540\" srcset=\"https:\/\/www.spa-grillon.fr\/wp-content\/uploads\/2018\/08\/IMG_20180817_120337-1024x1024.jpg 1024w, https:\/\/www.spa-grillon.fr\/wp-content\/uploads\/2018\/08\/IMG_20180817_120337-150x150.jpg 150w, https:\/\/www.spa-grillon.fr\/wp-content\/uploads\/2018\/08\/IMG_20180817_120337-300x300.jpg 300w, https:\/\/www.spa-grillon.fr\/wp-content\/uploads\/2018\/08\/IMG_20180817_120337-768x768.jpg 768w, https:\/\/www.spa-grillon.fr\/wp-content\/uploads\/2018\/08\/IMG_20180817_120337.jpg 1970w\" sizes=\"(max-width: 540px) 100vw, 540px\" \/><\/p>\n<p style=\"text-align: justify;\"><img decoding=\"async\" loading=\"lazy\" class=\"wp-image-6086 aligncenter\" src=\"http:\/\/www.spa-grillon.fr\/wp-content\/uploads\/2018\/08\/IMG_20180817_120509-1024x1024.jpg\" alt=\"All-focus\" width=\"541\" height=\"541\" \/><\/p>\n","protected":false},"excerpt":{"rendered":"<p>Race : berger Age : n\u00e9 en 06\/2017 Sexe : m\u00e2le Taille : moyenne &nbsp; &nbsp; Caract\u00e9ristiques : Nesquik est un adorable jeune chien. Pour son \u00e2ge, il n&rsquo;est pas trop dissip\u00e9 et surtout il ob\u00e9it tr\u00e8s bien \u00e0 plusieurs &hellip; <a href=\"https:\/\/www.spa-grillon.fr\/?page_id=6114\">Continuer la lecture <span class=\"meta-nav\">&rarr;<\/span><\/a><\/p>\n","protected":false},"author":2,"featured_media":0,"parent":0,"menu_order":0,"comment_status":"closed","ping_status":"closed","template":"","meta":[],"_links":{"self":[{"href":"https:\/\/www.spa-grillon.fr\/index.php?rest_route=\/wp\/v2\/pages\/6114"}],"collection":[{"href":"https:\/\/www.spa-grillon.fr\/index.php?rest_route=\/wp\/v2\/pages"}],"about":[{"href":"https:\/\/www.spa-grillon.fr\/index.php?rest_route=\/wp\/v2\/types\/page"}],"author":[{"embeddable":true,"href":"https:\/\/www.spa-grillon.fr\/index.php?rest_route=\/wp\/v2\/users\/2"}],"replies":[{"embeddable":true,"href":"https:\/\/www.spa-grillon.fr\/index.php?rest_route=%2Fwp%2Fv2%2Fcomments&post=6114"}],"version-history":[{"count":1,"href":"https:\/\/www.spa-grillon.fr\/index.php?rest_route=\/wp\/v2\/pages\/6114\/revisions"}],"predecessor-version":[{"id":6115,"href":"https:\/\/www.spa-grillon.fr\/index.php?rest_route=\/wp\/v2\/pages\/6114\/revisions\/6115"}],"wp:attachment":[{"href":"https:\/\/www.spa-grillon.fr\/index.php?rest_route=%2Fwp%2Fv2%2Fmedia&parent=6114"}],"curies":[{"name":"wp","href":"https:\/\/api.w.org\/{rel}","templated":true}]}}