{"id":620,"date":"2011-03-27T11:41:18","date_gmt":"2011-03-27T10:41:18","guid":{"rendered":"http:\/\/www.spa-grillon.fr\/?page_id=620"},"modified":"2020-10-05T16:47:54","modified_gmt":"2020-10-05T15:47:54","slug":"les-premiers-jours-dans-leur-nouveau-foyer","status":"publish","type":"page","link":"https:\/\/www.spa-grillon.fr\/?page_id=620","title":{"rendered":"Les premiers jours dans son nouveau foyer"},"content":{"rendered":"<p style=\"text-align: center;\"><em>Avoir un chien ou un chat n\u2019est pas compliqu\u00e9.<\/em><br \/>\n<em>Un peu de bon sens et quelques connaissances de base conditionneront<\/em><br \/>\n<em>les relations harmonieuses entre vous et le nouvel arrivant.<\/em><\/p>\n<h2 style=\"text-align: center;\"><strong>Pour M\u00e9dor<\/strong><\/h2>\n<p style=\"text-align: justify;\"><strong>La premi\u00e8re nuit apr\u00e8s le refuge<\/strong><br \/>\nSi la sortie du refuge est, la plupart du temps, une d\u00e9livrance pour les chiens qui retrouvent un foyer et qui reprennent tout de suite leurs aises, il arrive qu\u2019il leur soit difficile de se r\u00e9adapter \u00e0 une maison apr\u00e8s avoir connu plusieurs mois ou plusieurs ann\u00e9es de box, sans compter le traumatisme que leur a caus\u00e9 leur abandon. Le ma\u00eetre\u00a0 mot est donc la patience. Laissez \u00e0 votre nouvel ami le temps de trouver ses marques, de comprendre qu\u2019il ne faut pas toucher ceci ou cela, grimper ici ou l\u00e0, prenez le temps de l\u2019\u00e9duquer. Il est arriv\u00e9 que certains adoptants, mal renseign\u00e9s et peu pers\u00e9v\u00e9rants, ram\u00e8nent le chien qu\u2019ils avaient adopt\u00e9 d\u00e8s le lendemain parce que la nuit avait \u00e9t\u00e9 agit\u00e9e\u00a0! Ne commettez pas cette erreur\u00a0: soyez conscients qu\u2019un changement brutal s\u2019est produit pour cet animal qui, comme tout un chacun, a besoin de temps pour s\u2019adapter \u00e0 son nouvel environnement, pour se faire des rep\u00e8res. Il m\u00e9rite cette bienveillance.<br \/>\nLors de son arriv\u00e9e chez vous, \u00e9vitez-lui une trop grande agitation. Venez le chercher de pr\u00e9f\u00e9rence le matin pour lui laisser le temps d&rsquo;explorer dans la journ\u00e9e. Montrez-vous calme et rassurant. Pr\u00e9sentez lui son panier, le coin o\u00f9 il va manger, faites-lui faire un petit tour du jardin, par exemple, puis laissez-le se familiariser avec tout cela. Ne vous d\u00e9couragez pas s\u2019il ne vient pas tout de suite vers vous\u00a0: son affection viendra avec la confiance qu\u2019il prendra en vous.<em><br \/>\nOn ne laisse jamais un enfant seul avec un chien, quelle que soit sa race, m\u00eame si c\u2019est le chien de la maison. <\/em><\/p>\n<p><strong>Les balades<\/strong><br \/>\nUn chien doit sortir tous les jours\u00a0:<br \/>\n&#8211; trois ou quatre fois par jour, (selon la capacit\u00e9 de sa vessie, son \u00e2ge aussi\u00a0!) on fait le tour du p\u00e2t\u00e9 de maison pour la pause pipi.<br \/>\n&#8211; une vraie balade, d\u2019une demi-heure minimum pour se d\u00e9fouler, se d\u00e9gourdir les pattes. Attention, pour certaines races ou certains individus, ce sera tr\u00e8s insuffisant.<\/p>\n<p>De l&rsquo;exercice en quantit\u00e9 suffisante est la condition pour avoir un chien calme\u00a0 \u00e0 la maison.<\/p>\n<p style=\"text-align: justify;\">Attention, les premiers temps, \u00e0 le garder en laisse, le temps qu\u2019il s\u2019habitue \u00e0 vous et \u00e0 son nouveau territoire. Le rappel se travaille et est rarement inn\u00e9.<\/p>\n<p style=\"text-align: justify;\">Les sorties en ville exigeront que vous portiez sur vous de petits sacs pour ramasser les d\u00e9jections que vos chiens laisseront derri\u00e8re eux. Personne n\u2019appr\u00e9cie de marcher dedans, m\u00eame si cela porte bonheur, et surtout, c\u2019est la loi\u00a0: l&rsquo;article R.632-1 du Code p\u00e9nal dispose qu\u2019 \u00ab\u00a0est puni de l&rsquo;amende pr\u00e9vue pour les contraventions de la 2e classe le fait de d\u00e9poser, d&rsquo;abandonner ou de jeter, en un lieu public ou priv\u00e9, \u00e0 l&rsquo;exception des emplacements d\u00e9sign\u00e9s \u00e0 cet effet par l&rsquo;autorit\u00e9 administrative comp\u00e9tente, des ordures, d\u00e9chets, mat\u00e9riaux ou tout autre objet, de quelque nature qu&rsquo;il soit, si ce d\u00e9p\u00f4t n&rsquo;est pas effectu\u00e9 par la personne ayant la jouissance du lieu ou avec son autorisation. (&#8230;)\u00a0\u00bb<br \/>\nSi vous promenez votre animal sans laisse, attention \u00e0 ne jamais le perdre de vue, pour vous et pour lui\u00a0: \u00e0 plus de 100 m\u00e8tres, il est consid\u00e9r\u00e9 en \u00e9tat de divagation et risque la fourri\u00e8re.<\/p>\n<p style=\"text-align: justify;\"><strong> A table\u00a0!<\/strong><br \/>\n&#8211; un chien doit manger \u00e0 heures fixes, deux fois par jour de pr\u00e9f\u00e9rence, (surtout s&rsquo;il appartient \u00e0 une race sujette \u00e0 la torsion d&rsquo;estomac) et dans un endroit calme. En aucun cas, il ne faut d\u00e9ranger un chien en train de manger. Si vous avez des enfants, voil\u00e0 une des premi\u00e8res r\u00e8gles \u00e0 leur inculquer.<br \/>\n&#8211; un chien bien \u00e9duqu\u00e9 mange apr\u00e8s son ma\u00eetre.<br \/>\n&#8211; attention \u00e0 respecter les doses conseill\u00e9es par le v\u00e9t\u00e9rinaire. Les friandises ne sont pas interdites, quelle tristesse sinon\u00a0! mais il ne faut pas en abuser non plus : un chien ob\u00e8se est un chien malheureux dont la dur\u00e9e de vie est \u00e9court\u00e9e et la sant\u00e9 plus fragile. Attention\u00a0: un chien n\u2019est pas une poubelle de table\u00a0! On \u00e9vitera donc de le lester de tous les reliefs de repas, pour sa sant\u00e9 d&rsquo;abord et pour \u00e9viter d&rsquo;avoir un chien qui qu\u00e9mande en permanence. Ignorez-le s&rsquo;il vous sollicite et r\u00e9compensez-le s&rsquo;il se tient \u00e0 l&rsquo;\u00e9cart sagement.<br \/>\n&#8211; certains aliments ne doivent pas \u00eatre donn\u00e9s aux chiens, soit parce qu\u2019ils les dig\u00e8rent mal, ceci entra\u00eenant des d\u00e9sordres intestinaux dont vous et vos tapis serez les piteux b\u00e9n\u00e9ficiaires, soit parce qu\u2019ils sont dangereux pour leur sant\u00e9\u00a0: certains comme le chocolat par exemple sont toxiques, parfois mortels. On respectera donc un r\u00e9gime sans chocolat, ni pomme de terre, ni pain, ni oignons, ni pois chiches, ni c\u00e9r\u00e9ales mal cuites, ni viande ou poisson crus (si vous \u00eates adepte du BARF, le recours \u00e0 un sp\u00e9cialiste de cette nutrition sera n\u00e9cessaire), ni sauces en tous genres, ni os de poulet et de lapin qui risquent de perforer l\u2019estomac. On limitera aussi le sucre et les produits sucr\u00e9s.<br \/>\n&#8211; si vous poss\u00e9dez un grand chien, ne lui faites pas faire d\u2019exercice apr\u00e8s le repas\u00a0: il risque la torsion d\u2019estomac, souvent fatale. Donc apr\u00e8s la soupe, la sieste, ou une petite balade planplan !<\/p>\n<p style=\"text-align: justify;\"><strong> Le dodo<\/strong><br \/>\nUn chien doit avoir \u00e0 sa disposition un lieu o\u00f9 il puisse \u00eatre tranquille. Installez donc son panier dans un coin \u00e0 l\u2019\u00e9cart, d\u2019o\u00f9 il ne puisse pas surveiller les d\u00e9placements des habitants de la maison (pas dans un couloir, pas sur un lieu de passage, pas en haut d\u2019un escalier). S\u2019il y a des enfants dans la maison, il faudra leur apprendre \u00e0 ne pas d\u00e9ranger le chien lorsqu\u2019il est dans son panier.<br \/>\nS\u2019il doit rester dehors, veillez \u00e0 ce qu\u2019il ait une niche \u00e0 sa taille, de pr\u00e9f\u00e9rence en bois,\u00a0 et bien isol\u00e9e de l\u2019humidit\u00e9\u00a0 (par le toit et par le sol): une surface en caillebotis par exemple autour de la niche suffisamment grande pour l\u2019emp\u00eacher de patauger dans la boue, est indispensable. L\u2019hiver, vous pouvez placer devant l\u2019ouverture de la niche une toile \u00e9paisse ou des bandes de plastique \u00e9pais pour l\u2019isoler des courants d\u2019air.\u00a0 Une niche \u00e9quip\u00e9e d\u2019une chicane est aussi efficace pour le prot\u00e9ger du froid.<\/p>\n<p style=\"text-align: justify;\"><strong> La cha\u00eene<\/strong><br \/>\nC\u2019est loin d\u2019\u00eatre la meilleure solution. Si vous ne pouvez vraiment pas faire b\u00e9n\u00e9ficier votre chien d\u2019un jardin clos, sachez que la loi vous oblige \u00e0 installer une cha\u00eene d\u2019au moins trois m\u00e8tres.\u00a0 Veillez \u00e0 ce qu\u2019il ne puisse pas s\u2019entortiller autour d\u2019un arbre, d\u2019un piquet et ainsi se blesser\u00a0: plusieurs syst\u00e8mes existent pour \u00e9viter cela. Pensez aussi \u00e0 installer une cha\u00eene coulissante sur un c\u00e2ble, ce qui lui laissera une plus grande libert\u00e9. Surtout pas de collier \u00e9trangleur, ni de cha\u00eene sans collier en cuir pour la retenir.<\/p>\n<p style=\"text-align: justify;\"><strong> En vacances<\/strong><br \/>\nLe mieux est \u00e9videmment d\u2019emmener votre chien avec vous. Si vous optez pour la pension, pensez \u00e0 vous renseigner sur les tarifs et sur les conditions de vie des chiens. Les vaccins seront g\u00e9n\u00e9ralement obligatoires. Pensez aussi que certains chiens, qui ont d\u00e9j\u00e0 connu l\u2019abandon, ne supportent pas la pension, revivant alors leur calvaire, allant parfois jusqu\u2019\u00e0 se laisser d\u00e9p\u00e9rir. Supporterez-vous de laisser votre chien g\u00e9mir de chagrin, seul, pendant que vous bronzerez sur la plage\u00a0?<\/p>\n<p style=\"text-align: justify;\"><strong>L&rsquo;\u00e9cole<\/strong><br \/>\nUne fois \u00e0 la maison, le chien, en particulier s&rsquo;il est jeune, va vous tester. Les premiers jours, ce sera un \u00e9l\u00e8ve mod\u00e8le : vous vous rel\u00e2cherez alors. Fatale erreur ! Vous ne devez pas vous laisser dominer par votre chien et vous devez, m\u00eame si ce n&rsquo;est pas trop votre truc, instaurer des r\u00e8gles pr\u00e9cises auxquelles on ne d\u00e9roge pas, au risque de vous retrouver sur le tapis pendant que votre chien squattera le canap\u00e9 ! Ce qui ne veut pas dire que la maison va ressembler \u00e0 un camp militaire : diverses m\u00e9thodes positives existent.\u00a0 Donc, travaillez avec votre chien le rappel, les ordres de base (assis, couch\u00e9, l\u00e2che&#8230;) avec des friandises (le net regorge de tutos pour vous donner des id\u00e9es ou mieux, contactez un \u00e9ducateur) et faites-vous ob\u00e9ir sans vous laisser d\u00e9monter par un ado en r\u00e9bellion. Mais jamais de violence ni de punition diff\u00e9r\u00e9e. C&rsquo;est non seulement cruel mais aussi compl\u00e8tement inutile !<\/p>\n<p style=\"text-align: justify;\">Fermet\u00e9, autorit\u00e9 et douceur.<\/p>\n<p style=\"text-align: justify;\">Et puis apprendre des \u00ab\u00a0tours\u00a0\u00bb \u00e0 votre chien renforcera le lien qu&rsquo;il y a entre vous. Faites des activit\u00e9s avec lui, votre amiti\u00e9 n&rsquo;en sera que plus forte.<\/p>\n<h2 style=\"text-align: center;\"><strong>Pour Mistigri<\/strong><\/h2>\n<p style=\"text-align: justify;\"><strong> Les premiers jours apr\u00e8s le refuge<\/strong><br \/>\nLe chat est un animal territorial\u00a0: en changeant de lieu, il perd tous ses rep\u00e8res et doit se r\u00e9adapter \u00e0 un nouvel environnement\u00a0: Matou a donc souvent tendance \u00e0 rechercher son ancien territoire et \u00e0 fuir son nouveau foyer. Pour lui laisser le temps de retrouver ses marques, <span style=\"text-decoration: underline;\">il est important de l\u2019enfermer \u00e0 l\u2019int\u00e9rieur, d\u2019abord dans une pi\u00e8ce, puis de lui ouvrir progressivement la maison et <strong>au bout de trois semaines minimum<\/strong>, de lui ouvrir le jardin.<\/span> Ce traitement, qui peut sembler barbare, vous \u00e9vitera d\u2019aller chercher votre nouveau colocataire \u00e0 son ancien domicile ou pire, de le voir s&rsquo;enfuir et jamais revenir. Beaucoup de chats, notamment sur les lieux de vacances, disparaissent car on les a laiss\u00e9s sortir trop t\u00f4t. On trouve aussi chez les v\u00e9t\u00e9rinaires des diffuseurs sp\u00e9ciaux qui aident le chat \u00e0 se sentir chez lui. Evidemment, les dur\u00e9es sont diff\u00e9rentes selon les individus : certains seront tout de suite \u00e0 l&rsquo;aise, d&rsquo;autres auront besoin de plus de temps et resteront cach\u00e9s longtemps sous les meubles pour n&rsquo;explorer que lorsque vous n&rsquo;\u00eates pas l\u00e0.<\/p>\n<p style=\"text-align: justify;\"><strong> A table\u00a0!<\/strong><br \/>\nA la diff\u00e9rence du chien qui doit \u00eatre nourri \u00e0 heure fixe, le chat r\u00e9gule tout seul la fr\u00e9quence de ses repas (sauf si vous avez adopt\u00e9 le glouton de service). Vous pouvez donc lui laisser \u00e0 toute heure ses croquettes, toujours accompagn\u00e9es d\u2019eau fra\u00eeche. Pas d\u2019exc\u00e8s toutefois, l\u2019ob\u00e9sit\u00e9 chez les chats \u00e9tant h\u00e9las fr\u00e9quente.<\/p>\n<p style=\"text-align: justify;\"><strong>Le dodo<\/strong><br \/>\nVous trouverez dans le commerce moult paniers, coussins, couches moelleuses qui vous sembleront le nec plus ultra. N\u2019ayez pas d\u2019illusion\u00a0: c\u2019est matou qui choisira lui-m\u00eame l\u2019endroit o\u00f9 il dort. Na\u00a0! Les lieux en hauteur ont souvent leur pr\u00e9f\u00e9rence. Beaucoup ont une affection nette pour les \u00ab\u00a0nacelles\u00a0\u00bb suspendues aux radiateurs, aux simples cartons aussi ! Qui a dit que les chats aimaient le luxe ?<\/p>\n<p style=\"text-align: justify;\"><strong> Le quotidien<\/strong><br \/>\nS&rsquo;il a acc\u00e8s \u00e0 l&rsquo;ext\u00e9rieur, Mistigri organisera ses journ\u00e9es comme il l&rsquo;entend, entre siestes, chasse, resto&#8230; Si vous vivez en appartement, il est important que Minou ne s\u2019ennuie pas et qu\u2019il puisse assouvir son instinct de chasseur par l\u2019interm\u00e9diaire de jouets, d\u2019arbres \u00e0 chats \u00e0 escalader, de griffoirs, de jeux pour attraper la nourriture&#8230; Il faut enrichir son milieu de vie sous peine de voir vos soir\u00e9es accapar\u00e9es par un moustachu d\u00e9chain\u00e9 ou pire, de le voir d\u00e9velopper des troubles du comportement en raison de l&rsquo;ennui.<\/p>\n<p style=\"text-align: justify;\"><strong>L&rsquo;ind\u00e9pendance<\/strong><br \/>\nSi le chat est r\u00e9put\u00e9 plus ind\u00e9pendant que le chien, il en est certains qui souffrent de la solitude et qui ont besoin d&rsquo;avoir leur humain sous la patte pour \u00eatre heureux. \u00c9coutez donc les conseils des b\u00e9n\u00e9voles qui vous indiqueront dans la mesure du possible les matous que vous pourrez facilement laisser seuls et ceux, destin\u00e9s \u00e0 des personnes qui ne travaillent pas ou qui sortent peu, qui ont besoin d&rsquo;une r\u00e9elle pr\u00e9sence. Comme un chien, un chat se choisit en fonction de son caract\u00e8re et de sa compatibilit\u00e9 avec votre style de vie.<\/p>\n<p style=\"text-align: center;\">Avec cela, vous \u00eates arm\u00e9s pour accueillir l&rsquo;\u00e9lu moustachu de votre c\u0153ur !<\/p>\n","protected":false},"excerpt":{"rendered":"<p>Avoir un chien ou un chat n\u2019est pas compliqu\u00e9. Un peu de bon sens et quelques connaissances de base conditionneront les relations harmonieuses entre vous et le nouvel arrivant. Pour M\u00e9dor La premi\u00e8re nuit apr\u00e8s le refuge Si la sortie &hellip; <a href=\"https:\/\/www.spa-grillon.fr\/?page_id=620\">Continuer la lecture <span class=\"meta-nav\">&rarr;<\/span><\/a><\/p>\n","protected":false},"author":1,"featured_media":0,"parent":132,"menu_order":0,"comment_status":"closed","ping_status":"closed","template":"","meta":[],"_links":{"self":[{"href":"https:\/\/www.spa-grillon.fr\/index.php?rest_route=\/wp\/v2\/pages\/620"}],"collection":[{"href":"https:\/\/www.spa-grillon.fr\/index.php?rest_route=\/wp\/v2\/pages"}],"about":[{"href":"https:\/\/www.spa-grillon.fr\/index.php?rest_route=\/wp\/v2\/types\/page"}],"author":[{"embeddable":true,"href":"https:\/\/www.spa-grillon.fr\/index.php?rest_route=\/wp\/v2\/users\/1"}],"replies":[{"embeddable":true,"href":"https:\/\/www.spa-grillon.fr\/index.php?rest_route=%2Fwp%2Fv2%2Fcomments&post=620"}],"version-history":[{"count":15,"href":"https:\/\/www.spa-grillon.fr\/index.php?rest_route=\/wp\/v2\/pages\/620\/revisions"}],"predecessor-version":[{"id":9606,"href":"https:\/\/www.spa-grillon.fr\/index.php?rest_route=\/wp\/v2\/pages\/620\/revisions\/9606"}],"up":[{"embeddable":true,"href":"https:\/\/www.spa-grillon.fr\/index.php?rest_route=\/wp\/v2\/pages\/132"}],"wp:attachment":[{"href":"https:\/\/www.spa-grillon.fr\/index.php?rest_route=%2Fwp%2Fv2%2Fmedia&parent=620"}],"curies":[{"name":"wp","href":"https:\/\/api.w.org\/{rel}","templated":true}]}}