{"id":6434,"date":"2018-12-16T15:22:30","date_gmt":"2018-12-16T14:22:30","guid":{"rendered":"http:\/\/www.spa-grillon.fr\/?page_id=6434"},"modified":"2018-12-16T15:22:41","modified_gmt":"2018-12-16T14:22:41","slug":"6434-2","status":"publish","type":"page","link":"https:\/\/www.spa-grillon.fr\/?page_id=6434","title":{"rendered":"ILLITCH"},"content":{"rendered":"<p><strong><img decoding=\"async\" loading=\"lazy\" class=\"alignleft size-medium wp-image-6436\" src=\"http:\/\/www.spa-grillon.fr\/wp-content\/uploads\/2018\/12\/Illitch-1-300x300.jpg\" alt=\"All-focus\" width=\"300\" height=\"300\" srcset=\"https:\/\/www.spa-grillon.fr\/wp-content\/uploads\/2018\/12\/Illitch-1-300x300.jpg 300w, https:\/\/www.spa-grillon.fr\/wp-content\/uploads\/2018\/12\/Illitch-1-150x150.jpg 150w, https:\/\/www.spa-grillon.fr\/wp-content\/uploads\/2018\/12\/Illitch-1-768x768.jpg 768w, https:\/\/www.spa-grillon.fr\/wp-content\/uploads\/2018\/12\/Illitch-1-1024x1024.jpg 1024w\" sizes=\"(max-width: 300px) 100vw, 300px\" \/><\/strong><\/p>\n<p>&nbsp;<\/p>\n<p><strong>Sexe <\/strong>: m\u00e2le<\/p>\n<p><strong>Race <\/strong>: beagle<\/p>\n<p><strong>Age <\/strong>: n\u00e9 en 08\/2013<\/p>\n<p><strong>Taille <\/strong>: moyenne<\/p>\n<p>&nbsp;<\/p>\n<p style=\"text-align: justify;\"><strong><br \/>\nCaract\u00e9ristiques : <\/strong>Illitch vient d&rsquo;arriver au refuge, abandonn\u00e9 pour raisons professionnelles. C&rsquo;est un chien tr\u00e8s gentil, de caract\u00e8re assez facile, comme souvent les beagles. Il est un peu fugueur quand on le prom\u00e8ne sans laisse : il faudra donc \u00e9viter de le l\u00e2cher pour l&rsquo;instant et poss\u00e9der un jardin avec cl\u00f4ture. Mais ce n&rsquo;est pas un monte-en-l&rsquo;air non plus ! Un peu enrob\u00e9, il aura besoin d&rsquo;un petit r\u00e9gime et d&rsquo;exercice. Il s&rsquo;entend bien avec les chiennes et les chats et semble assez joueur. Pour les m\u00e2les, c&rsquo;est \u00e0 la discr\u00e9tion de monsieur. Mais une castration pourrait peut-\u00eatre faciliter une \u00e9ventuelle cohabitation. Il serait parfait pour une famille avec des enfants<strong>.<br \/>\n<\/strong><\/p>\n<p style=\"text-align: justify;\"><img decoding=\"async\" loading=\"lazy\" class=\"wp-image-6438 aligncenter\" src=\"http:\/\/www.spa-grillon.fr\/wp-content\/uploads\/2018\/12\/Illitch3-1024x1024.jpg\" alt=\"All-focus\" width=\"450\" height=\"450\" srcset=\"https:\/\/www.spa-grillon.fr\/wp-content\/uploads\/2018\/12\/Illitch3-1024x1024.jpg 1024w, https:\/\/www.spa-grillon.fr\/wp-content\/uploads\/2018\/12\/Illitch3-150x150.jpg 150w, https:\/\/www.spa-grillon.fr\/wp-content\/uploads\/2018\/12\/Illitch3-300x300.jpg 300w, https:\/\/www.spa-grillon.fr\/wp-content\/uploads\/2018\/12\/Illitch3-768x768.jpg 768w, https:\/\/www.spa-grillon.fr\/wp-content\/uploads\/2018\/12\/Illitch3.jpg 1785w\" sizes=\"(max-width: 450px) 100vw, 450px\" \/><\/p>\n<p style=\"text-align: justify;\"><img decoding=\"async\" loading=\"lazy\" class=\"wp-image-6439 aligncenter\" src=\"http:\/\/www.spa-grillon.fr\/wp-content\/uploads\/2018\/12\/Illitch4-1024x1024.jpg\" alt=\"All-focus\" width=\"450\" height=\"450\" srcset=\"https:\/\/www.spa-grillon.fr\/wp-content\/uploads\/2018\/12\/Illitch4-1024x1024.jpg 1024w, https:\/\/www.spa-grillon.fr\/wp-content\/uploads\/2018\/12\/Illitch4-150x150.jpg 150w, https:\/\/www.spa-grillon.fr\/wp-content\/uploads\/2018\/12\/Illitch4-300x300.jpg 300w, https:\/\/www.spa-grillon.fr\/wp-content\/uploads\/2018\/12\/Illitch4-768x768.jpg 768w\" sizes=\"(max-width: 450px) 100vw, 450px\" \/><\/p>\n","protected":false},"excerpt":{"rendered":"<p>&nbsp; Sexe : m\u00e2le Race : beagle Age : n\u00e9 en 08\/2013 Taille : moyenne &nbsp; Caract\u00e9ristiques : Illitch vient d&rsquo;arriver au refuge, abandonn\u00e9 pour raisons professionnelles. C&rsquo;est un chien tr\u00e8s gentil, de caract\u00e8re assez facile, comme souvent les beagles. &hellip; <a href=\"https:\/\/www.spa-grillon.fr\/?page_id=6434\">Continuer la lecture <span class=\"meta-nav\">&rarr;<\/span><\/a><\/p>\n","protected":false},"author":2,"featured_media":0,"parent":0,"menu_order":0,"comment_status":"closed","ping_status":"closed","template":"","meta":[],"_links":{"self":[{"href":"https:\/\/www.spa-grillon.fr\/index.php?rest_route=\/wp\/v2\/pages\/6434"}],"collection":[{"href":"https:\/\/www.spa-grillon.fr\/index.php?rest_route=\/wp\/v2\/pages"}],"about":[{"href":"https:\/\/www.spa-grillon.fr\/index.php?rest_route=\/wp\/v2\/types\/page"}],"author":[{"embeddable":true,"href":"https:\/\/www.spa-grillon.fr\/index.php?rest_route=\/wp\/v2\/users\/2"}],"replies":[{"embeddable":true,"href":"https:\/\/www.spa-grillon.fr\/index.php?rest_route=%2Fwp%2Fv2%2Fcomments&post=6434"}],"version-history":[{"count":2,"href":"https:\/\/www.spa-grillon.fr\/index.php?rest_route=\/wp\/v2\/pages\/6434\/revisions"}],"predecessor-version":[{"id":6441,"href":"https:\/\/www.spa-grillon.fr\/index.php?rest_route=\/wp\/v2\/pages\/6434\/revisions\/6441"}],"wp:attachment":[{"href":"https:\/\/www.spa-grillon.fr\/index.php?rest_route=%2Fwp%2Fv2%2Fmedia&parent=6434"}],"curies":[{"name":"wp","href":"https:\/\/api.w.org\/{rel}","templated":true}]}}