{"id":6464,"date":"2018-12-30T09:46:08","date_gmt":"2018-12-30T08:46:08","guid":{"rendered":"http:\/\/www.spa-grillon.fr\/?page_id=6464"},"modified":"2018-12-30T15:29:51","modified_gmt":"2018-12-30T14:29:51","slug":"okapi","status":"publish","type":"page","link":"https:\/\/www.spa-grillon.fr\/?page_id=6464","title":{"rendered":"OKAPI"},"content":{"rendered":"<p><strong><img decoding=\"async\" loading=\"lazy\" class=\"alignleft size-medium wp-image-6454\" src=\"http:\/\/www.spa-grillon.fr\/wp-content\/uploads\/2018\/12\/Okapi-300x300.jpg\" alt=\"Okapi\" width=\"300\" height=\"300\" srcset=\"https:\/\/www.spa-grillon.fr\/wp-content\/uploads\/2018\/12\/Okapi-300x300.jpg 300w, https:\/\/www.spa-grillon.fr\/wp-content\/uploads\/2018\/12\/Okapi-150x150.jpg 150w, https:\/\/www.spa-grillon.fr\/wp-content\/uploads\/2018\/12\/Okapi-768x768.jpg 768w, https:\/\/www.spa-grillon.fr\/wp-content\/uploads\/2018\/12\/Okapi-1024x1024.jpg 1024w, https:\/\/www.spa-grillon.fr\/wp-content\/uploads\/2018\/12\/Okapi.jpg 1092w\" sizes=\"(max-width: 300px) 100vw, 300px\" \/><\/strong><\/p>\n<p>&nbsp;<\/p>\n<p><strong>Sexe <\/strong>: femelle<\/p>\n<p><strong>Race <\/strong>: X Rottweiler<\/p>\n<p><strong>Age <\/strong>: n\u00e9e en 07\/2018<\/p>\n<p><strong>Taille <\/strong>: moyenne<\/p>\n<p>&nbsp;<\/p>\n<p>&nbsp;<\/p>\n<p style=\"text-align: justify;\"><strong>Caract\u00e9ristiques : <\/strong>voici Okapi, aussi gentille et coquine que son fr\u00e8re Oscar. Elle lui ressemble beaucoup de caract\u00e8re pour l&rsquo;instant mais elle est peut \u00eatre encore plus affectueuse. L\u00e0 non plus, pas question de se laisser attendrir par ses jolis yeux langoureux : il faudra lui donner une bonne \u00e9ducation pour confirmer son caract\u00e8re facile. Elle se montre docile comme son fr\u00e8re et semble apprendre vite. Elle marche d\u00e9j\u00e0 convenablement en laisse. Elle n&rsquo;est pas une grande sportive a priori mais cela peut encore changer. Elle est crois\u00e9e et n&rsquo;atteindra pas la taille des Rottweiler purs : elle restera de taille moyenne vraisemblablement. Offrez un foyer \u00e0 cette gentille puce qui ne demande qu&rsquo;\u00e0 vous rendre heureux.<\/p>\n<p style=\"text-align: justify;\"><img decoding=\"async\" loading=\"lazy\" class=\"wp-image-6465 aligncenter\" src=\"http:\/\/www.spa-grillon.fr\/wp-content\/uploads\/2018\/12\/Okapi-3-1024x1024.jpg\" alt=\"Okapi'\" width=\"540\" height=\"540\" srcset=\"https:\/\/www.spa-grillon.fr\/wp-content\/uploads\/2018\/12\/Okapi-3-1024x1024.jpg 1024w, https:\/\/www.spa-grillon.fr\/wp-content\/uploads\/2018\/12\/Okapi-3-150x150.jpg 150w, https:\/\/www.spa-grillon.fr\/wp-content\/uploads\/2018\/12\/Okapi-3-300x300.jpg 300w, https:\/\/www.spa-grillon.fr\/wp-content\/uploads\/2018\/12\/Okapi-3-768x768.jpg 768w, https:\/\/www.spa-grillon.fr\/wp-content\/uploads\/2018\/12\/Okapi-3.jpg 1671w\" sizes=\"(max-width: 540px) 100vw, 540px\" \/><\/p>\n<p style=\"text-align: justify;\"><img decoding=\"async\" loading=\"lazy\" class=\"wp-image-6456 aligncenter\" src=\"http:\/\/www.spa-grillon.fr\/wp-content\/uploads\/2018\/12\/Okapi-2-1024x1024.jpg\" alt=\"Okapi''\" width=\"540\" height=\"540\" srcset=\"https:\/\/www.spa-grillon.fr\/wp-content\/uploads\/2018\/12\/Okapi-2-1024x1024.jpg 1024w, https:\/\/www.spa-grillon.fr\/wp-content\/uploads\/2018\/12\/Okapi-2-150x150.jpg 150w, https:\/\/www.spa-grillon.fr\/wp-content\/uploads\/2018\/12\/Okapi-2-300x300.jpg 300w, https:\/\/www.spa-grillon.fr\/wp-content\/uploads\/2018\/12\/Okapi-2-768x768.jpg 768w\" sizes=\"(max-width: 540px) 100vw, 540px\" \/><\/p>\n<div id=\"attachment_6453\" style=\"width: 548px\" class=\"wp-caption aligncenter\"><img aria-describedby=\"caption-attachment-6453\" decoding=\"async\" loading=\"lazy\" class=\" wp-image-6453\" src=\"http:\/\/www.spa-grillon.fr\/wp-content\/uploads\/2018\/12\/Okapi-et-Oscar-1024x1024.jpg\" alt=\"Avec son frangin Oscar en arri\u00e8re plan, On essaie de se donner le genre gros dur ! \" width=\"538\" height=\"538\" srcset=\"https:\/\/www.spa-grillon.fr\/wp-content\/uploads\/2018\/12\/Okapi-et-Oscar-1024x1024.jpg 1024w, https:\/\/www.spa-grillon.fr\/wp-content\/uploads\/2018\/12\/Okapi-et-Oscar-150x150.jpg 150w, https:\/\/www.spa-grillon.fr\/wp-content\/uploads\/2018\/12\/Okapi-et-Oscar-300x300.jpg 300w, https:\/\/www.spa-grillon.fr\/wp-content\/uploads\/2018\/12\/Okapi-et-Oscar-768x768.jpg 768w, https:\/\/www.spa-grillon.fr\/wp-content\/uploads\/2018\/12\/Okapi-et-Oscar.jpg 1593w\" sizes=\"(max-width: 538px) 100vw, 538px\" \/><p id=\"caption-attachment-6453\" class=\"wp-caption-text\">Avec son frangin Oscar en arri\u00e8re plan, on essaie de se donner le genre gros dur !<\/p><\/div>\n","protected":false},"excerpt":{"rendered":"<p>&nbsp; Sexe : femelle Race : X Rottweiler Age : n\u00e9e en 07\/2018 Taille : moyenne &nbsp; &nbsp; Caract\u00e9ristiques : voici Okapi, aussi gentille et coquine que son fr\u00e8re Oscar. Elle lui ressemble beaucoup de caract\u00e8re pour l&rsquo;instant mais elle &hellip; <a href=\"https:\/\/www.spa-grillon.fr\/?page_id=6464\">Continuer la lecture <span class=\"meta-nav\">&rarr;<\/span><\/a><\/p>\n","protected":false},"author":2,"featured_media":0,"parent":0,"menu_order":0,"comment_status":"closed","ping_status":"closed","template":"","meta":[],"_links":{"self":[{"href":"https:\/\/www.spa-grillon.fr\/index.php?rest_route=\/wp\/v2\/pages\/6464"}],"collection":[{"href":"https:\/\/www.spa-grillon.fr\/index.php?rest_route=\/wp\/v2\/pages"}],"about":[{"href":"https:\/\/www.spa-grillon.fr\/index.php?rest_route=\/wp\/v2\/types\/page"}],"author":[{"embeddable":true,"href":"https:\/\/www.spa-grillon.fr\/index.php?rest_route=\/wp\/v2\/users\/2"}],"replies":[{"embeddable":true,"href":"https:\/\/www.spa-grillon.fr\/index.php?rest_route=%2Fwp%2Fv2%2Fcomments&post=6464"}],"version-history":[{"count":2,"href":"https:\/\/www.spa-grillon.fr\/index.php?rest_route=\/wp\/v2\/pages\/6464\/revisions"}],"predecessor-version":[{"id":6473,"href":"https:\/\/www.spa-grillon.fr\/index.php?rest_route=\/wp\/v2\/pages\/6464\/revisions\/6473"}],"wp:attachment":[{"href":"https:\/\/www.spa-grillon.fr\/index.php?rest_route=%2Fwp%2Fv2%2Fmedia&parent=6464"}],"curies":[{"name":"wp","href":"https:\/\/api.w.org\/{rel}","templated":true}]}}