{"id":8878,"date":"2020-04-30T09:53:47","date_gmt":"2020-04-30T08:53:47","guid":{"rendered":"http:\/\/www.spa-grillon.fr\/?page_id=8878"},"modified":"2020-08-16T15:40:55","modified_gmt":"2020-08-16T14:40:55","slug":"fourriere","status":"publish","type":"page","link":"https:\/\/www.spa-grillon.fr\/?page_id=8878","title":{"rendered":"FOURRIERE"},"content":{"rendered":"<p style=\"text-align: justify;\">Si votre chien ou votre chat s&rsquo;est sauv\u00e9 et qu&rsquo;il est trouv\u00e9, il sera conduit chez nous, en fourri\u00e8re. Deux cas de figure se pr\u00e9sentent :<\/p>\n<ul>\n<li style=\"text-align: justify;\"><strong><span style=\"text-decoration: underline;\">soit l&rsquo;animal est d\u00e9j\u00e0 identifi\u00e9<\/span><\/strong> : nous pouvons alors vous joindre facilement en lisant sa puce ou son tatouage.<\/li>\n<li style=\"text-align: justify;\"><strong><span style=\"text-decoration: underline;\">soit l&rsquo;animal n&rsquo;est pas identifi\u00e9<\/span><\/strong> : nous le mettons alors sur nos sites, parfois sur Pet alert, et en g\u00e9n\u00e9ral, nous parvenons \u00e0 retrouver les propri\u00e9taires qui devront, pour pouvoir le r\u00e9cup\u00e9rer, se mettre en conformit\u00e9 avec la loi et le faire identifier. Ils recevront un bon pour aller le faire pucer chez notre v\u00e9t\u00e9rinaire r\u00e9f\u00e9rent (Clinique Vauriolis \u00e0 Valr\u00e9as), identification qui sera r\u00e9gl\u00e9e au refuge, de sorte qu&rsquo;ils n&rsquo;auront rien \u00e0 payer chez le v\u00e9t\u00e9rinaire qui nous facture ensuite le tout : assurance pour nous que l\u2019identification sera bel et bien faite. Une puce \u00e9lectronique co\u00fbte entre 50 et 70 euros dans la plupart des cliniques v\u00e9t\u00e9rinaires.<\/li>\n<li style=\"text-align: justify;\">Si d&rsquo;aventure nous ne retrouvons pas le propri\u00e9taire dans le <strong>d\u00e9lai l\u00e9gal de huit jours ouvr\u00e9s<\/strong>, l&rsquo;animal passe automatiquement \u00e0 l&rsquo;adoption dans notre refuge. Il n&rsquo;y a d&rsquo;euthanasie que sur avis v\u00e9t\u00e9rinaire, si l&rsquo;animal souffre sans possibilit\u00e9 de le soigner ou de le soulager.<\/li>\n<\/ul>\n<p style=\"text-align: justify;\"><strong>D&rsquo;o\u00f9 la n\u00e9cessit\u00e9 imp\u00e9rative de faire identifier votre animal, chien ou chat, et de tenir vos coordonn\u00e9es \u00e0 jour. Vous pouvez modifier les adresses et num\u00e9ros de t\u00e9l\u00e9phone sur le site internet de l&rsquo;Icad avec le mot de passe qui se trouve sur votre carte, partie haute.<\/strong><\/p>\n<p><span style=\"text-decoration: underline;\"><strong>TARIFS<\/strong> <\/span>:<\/p>\n<ul>\n<li>prise en charge : 20 euros<\/li>\n<li>10 euros par jour suppl\u00e9mentaire de fourri\u00e8re<\/li>\n<li>attention : vous \u00eates aussi passible d&rsquo;une amende de 135 euros.<\/li>\n<\/ul>\n<p style=\"text-align: justify;\"><strong><span style=\"text-decoration: underline;\">Rappel l\u00e9gal<\/span> : L\u2019identification des chiens ET DES CHATS est obligatoire depuis 2012<\/strong>. On entend par identification un tatouage ou une puce \u00e9lectronique. Si votre animal est en \u00e9tat de <strong>divagation<\/strong> (voir la d\u00e9finition l\u00e9gale de ce terme dans ce lien\u00a0 <a href=\"https:\/\/www.amf.asso.fr\/documents-regles-applicables-aux-animaux-errants-ou-en-etat-divagation\/8240\">https:\/\/www.amf.asso.fr\/documents-regles-applicables-aux-animaux-errants-ou-en-etat-divagation\/8240<\/a>) et qu\u2019il est conduit \u00e0 la fourri\u00e8re, vous devrez vous mettre en conformit\u00e9 avec la loi et le faire identifier. <img decoding=\"async\" loading=\"lazy\" class=\"alignleft wp-image-8606 size-full\" src=\"http:\/\/www.spa-grillon.fr\/wp-content\/uploads\/2020\/03\/Capture-1.jpg\" sizes=\"(max-width: 1380px) 100vw, 1380px\" srcset=\"http:\/\/www.spa-grillon.fr\/wp-content\/uploads\/2020\/03\/Capture-1-300x47.jpg 300w, http:\/\/www.spa-grillon.fr\/wp-content\/uploads\/2020\/03\/Capture-1-768x121.jpg 768w, http:\/\/www.spa-grillon.fr\/wp-content\/uploads\/2020\/03\/Capture-1-1024x161.jpg 1024w, http:\/\/www.spa-grillon.fr\/wp-content\/uploads\/2020\/03\/Capture-1.jpg 1380w\" alt=\"Capture\" width=\"1380\" height=\"217\" \/><\/p>\n<p style=\"text-align: justify;\">\n","protected":false},"excerpt":{"rendered":"<p>Si votre chien ou votre chat s&rsquo;est sauv\u00e9 et qu&rsquo;il est trouv\u00e9, il sera conduit chez nous, en fourri\u00e8re. Deux cas de figure se pr\u00e9sentent : soit l&rsquo;animal est d\u00e9j\u00e0 identifi\u00e9 : nous pouvons alors vous joindre facilement en lisant &hellip; <a href=\"https:\/\/www.spa-grillon.fr\/?page_id=8878\">Continuer la lecture <span class=\"meta-nav\">&rarr;<\/span><\/a><\/p>\n","protected":false},"author":2,"featured_media":0,"parent":0,"menu_order":0,"comment_status":"closed","ping_status":"closed","template":"","meta":[],"_links":{"self":[{"href":"https:\/\/www.spa-grillon.fr\/index.php?rest_route=\/wp\/v2\/pages\/8878"}],"collection":[{"href":"https:\/\/www.spa-grillon.fr\/index.php?rest_route=\/wp\/v2\/pages"}],"about":[{"href":"https:\/\/www.spa-grillon.fr\/index.php?rest_route=\/wp\/v2\/types\/page"}],"author":[{"embeddable":true,"href":"https:\/\/www.spa-grillon.fr\/index.php?rest_route=\/wp\/v2\/users\/2"}],"replies":[{"embeddable":true,"href":"https:\/\/www.spa-grillon.fr\/index.php?rest_route=%2Fwp%2Fv2%2Fcomments&post=8878"}],"version-history":[{"count":5,"href":"https:\/\/www.spa-grillon.fr\/index.php?rest_route=\/wp\/v2\/pages\/8878\/revisions"}],"predecessor-version":[{"id":9425,"href":"https:\/\/www.spa-grillon.fr\/index.php?rest_route=\/wp\/v2\/pages\/8878\/revisions\/9425"}],"wp:attachment":[{"href":"https:\/\/www.spa-grillon.fr\/index.php?rest_route=%2Fwp%2Fv2%2Fmedia&parent=8878"}],"curies":[{"name":"wp","href":"https:\/\/api.w.org\/{rel}","templated":true}]}}