{"id":9577,"date":"2020-09-24T17:33:54","date_gmt":"2020-09-24T16:33:54","guid":{"rendered":"http:\/\/www.spa-grillon.fr\/?page_id=9577"},"modified":"2023-12-25T19:54:15","modified_gmt":"2023-12-25T18:54:15","slug":"rocket","status":"publish","type":"page","link":"https:\/\/www.spa-grillon.fr\/?page_id=9577","title":{"rendered":"ROCKET"},"content":{"rendered":"<p><strong><img decoding=\"async\" loading=\"lazy\" class=\"wp-image-9559 size-medium alignleft\" src=\"http:\/\/www.spa-grillon.fr\/wp-content\/uploads\/2020\/09\/IMG_20200923_165435-300x300.jpg\" alt=\"All-focus\" width=\"300\" height=\"300\" srcset=\"https:\/\/www.spa-grillon.fr\/wp-content\/uploads\/2020\/09\/IMG_20200923_165435-300x300.jpg 300w, https:\/\/www.spa-grillon.fr\/wp-content\/uploads\/2020\/09\/IMG_20200923_165435-150x150.jpg 150w, https:\/\/www.spa-grillon.fr\/wp-content\/uploads\/2020\/09\/IMG_20200923_165435-768x768.jpg 768w, https:\/\/www.spa-grillon.fr\/wp-content\/uploads\/2020\/09\/IMG_20200923_165435-1024x1024.jpg 1024w\" sizes=\"(max-width: 300px) 100vw, 300px\" \/><\/strong><\/p>\n<p>&nbsp;<\/p>\n<p><strong>Sexe<\/strong> : m\u00e2le<\/p>\n<p><strong>Race <\/strong>: crois\u00e9 cane corso<\/p>\n<p><strong>Age <\/strong>: n\u00e9 en 01\/2020<\/p>\n<p><strong>Taille <\/strong>: moyenne<\/p>\n<p>&nbsp;<\/p>\n<p style=\"text-align: justify;\"><strong><br \/>\nCaract\u00e9ristiques<\/strong> : gentil chien au pass\u00e9 trouble, Rocket se retrouve au refuge et c&rsquo;est finalement aussi bien pour lui : il va pouvoir trouver une famille \u00e9quilibr\u00e9e et un peu de stabilit\u00e9. Sa binette pourrait faire penser \u00e0 un chien de cat\u00e9gorie mais les mesures sont formelles, il n&rsquo;en est rien : pas besoin de permis pour ouvrir son foyer \u00e0 ce chien, qui poss\u00e8de quelques bases d&rsquo;\u00e9ducation m\u00eame s&rsquo;il reste du travail. Il tire un peu le temps de sortir du refuge mais une fois en balade, il est agr\u00e9able de le promener. Il fur\u00e8te et marche tranquillement. Depuis quelque temps, il prom\u00e8ne m\u00eame en libert\u00e9 avec plusieurs copains chiens. Ses relations avec les autres animaux sont al\u00e9atoires : il ne se pr\u00e9sente pas forc\u00e9ment \u00e0 son avantage car il est un peu brut de d\u00e9coffrage. Il peut \u00eatre tr\u00e8s amical comme tr\u00e8s vilain selon le contexte. Il semble tr\u00e8s sensible au ressenti de celui qui est au bout de la laisse\u00a0 : quelqu&rsquo;un de stress\u00e9 peut le conduire \u00e0 faire l&rsquo;idiot. Son comportement peut d\u00e9border parfois c&rsquo;est pourquoi il a besoin d&rsquo;un ma\u00eetre averti avec qui il se sente en s\u00e9curit\u00e9, c&rsquo;est \u00e0 dire qui lui ait appris sa place de chien. Il ne faut pas lui laisser prendre le dessus. Concernant les chats, une cohabitation n&rsquo;est pas impossible mais il faudra \u00eatre ferme et prudent au d\u00e9but. Enferm\u00e9 8 heures par jour dans un appartement, ce n&rsquo;est pas une vie pour lui : il a imp\u00e9rativement besoin d&rsquo;un jardin, d&rsquo;une vie tranquille et d&rsquo;un ma\u00eetre attentif, sportif et responsable pour parfaire son \u00e9ducation et lui donner enfin la stabilit\u00e9 qu&rsquo;il m\u00e9rite. Rocket n&rsquo;est pas une \u00ab\u00a0gueule\u00a0\u00bb bonne \u00e0 servir de faire valoir. Nous recherchons une vraie famille pour lui, avec qui nous effectuerons un r\u00e9el suivi pour que tout se passe au mieux. Il peut \u00eatre un tr\u00e8s bon chien \u00e0 condition de trouver le ma\u00eetre qui lui correspond.<\/p>\n<p style=\"text-align: justify;\"><img decoding=\"async\" loading=\"lazy\" class=\"wp-image-14374 aligncenter\" src=\"https:\/\/www.spa-grillon.fr\/wp-content\/uploads\/2020\/09\/Rocket.jpg\" alt=\"Rocket\" width=\"451\" height=\"549\" \/><\/p>\n<div id=\"attachment_11769\" style=\"width: 538px\" class=\"wp-caption aligncenter\"><a href=\"http:\/\/www.spa-grillon.fr\/wp-content\/uploads\/2020\/09\/IMG-20220220-WA0032.jpg\" rel=\"attachment wp-att-11769\"><img aria-describedby=\"caption-attachment-11769\" decoding=\"async\" loading=\"lazy\" class=\"wp-image-11769\" src=\"http:\/\/www.spa-grillon.fr\/wp-content\/uploads\/2020\/09\/IMG-20220220-WA0032-e1645977261174-1024x726.jpg\" alt=\"\" width=\"528\" height=\"374\" srcset=\"https:\/\/www.spa-grillon.fr\/wp-content\/uploads\/2020\/09\/IMG-20220220-WA0032-e1645977261174-1024x726.jpg 1024w, https:\/\/www.spa-grillon.fr\/wp-content\/uploads\/2020\/09\/IMG-20220220-WA0032-e1645977261174-300x213.jpg 300w, https:\/\/www.spa-grillon.fr\/wp-content\/uploads\/2020\/09\/IMG-20220220-WA0032-e1645977261174-768x545.jpg 768w, https:\/\/www.spa-grillon.fr\/wp-content\/uploads\/2020\/09\/IMG-20220220-WA0032-e1645977261174.jpg 1179w\" sizes=\"(max-width: 528px) 100vw, 528px\" \/><\/a><p id=\"caption-attachment-11769\" class=\"wp-caption-text\">Avec Cheyenne, avec qui il adore jouer&#8230; Elle, un peu moins!<\/p><\/div>\n<p><a href=\"http:\/\/www.spa-grillon.fr\/wp-content\/uploads\/2020\/09\/IMG-20220220-WA0028-e1645977140121.jpg\" rel=\"attachment wp-att-11768\"><img decoding=\"async\" loading=\"lazy\" class=\"alignnone wp-image-11768\" src=\"http:\/\/www.spa-grillon.fr\/wp-content\/uploads\/2020\/09\/IMG-20220220-WA0028-e1645977140121-300x276.jpg\" alt=\"IMG-20220220-WA0028\" width=\"349\" height=\"321\" srcset=\"https:\/\/www.spa-grillon.fr\/wp-content\/uploads\/2020\/09\/IMG-20220220-WA0028-e1645977140121-300x276.jpg 300w, https:\/\/www.spa-grillon.fr\/wp-content\/uploads\/2020\/09\/IMG-20220220-WA0028-e1645977140121-768x708.jpg 768w, https:\/\/www.spa-grillon.fr\/wp-content\/uploads\/2020\/09\/IMG-20220220-WA0028-e1645977140121.jpg 917w\" sizes=\"(max-width: 349px) 100vw, 349px\" \/><\/a><a href=\"http:\/\/www.spa-grillon.fr\/wp-content\/uploads\/2020\/09\/IMG-20220220-WA0012.jpg\" rel=\"attachment wp-att-11765\">\u00a0 <img decoding=\"async\" loading=\"lazy\" class=\"alignnone wp-image-11765\" src=\"http:\/\/www.spa-grillon.fr\/wp-content\/uploads\/2020\/09\/IMG-20220220-WA0012-255x300.jpg\" alt=\"IMG-20220220-WA0012\" width=\"272\" height=\"320\" srcset=\"https:\/\/www.spa-grillon.fr\/wp-content\/uploads\/2020\/09\/IMG-20220220-WA0012-255x300.jpg 255w, https:\/\/www.spa-grillon.fr\/wp-content\/uploads\/2020\/09\/IMG-20220220-WA0012.jpg 399w\" sizes=\"(max-width: 272px) 100vw, 272px\" \/><\/a><\/p>\n<div id=\"attachment_11767\" style=\"width: 617px\" class=\"wp-caption aligncenter\"><a href=\"http:\/\/www.spa-grillon.fr\/wp-content\/uploads\/2020\/09\/IMG-20220220-WA0023.jpg\" rel=\"attachment wp-att-11767\"><img aria-describedby=\"caption-attachment-11767\" decoding=\"async\" loading=\"lazy\" class=\" wp-image-11767\" src=\"http:\/\/www.spa-grillon.fr\/wp-content\/uploads\/2020\/09\/IMG-20220220-WA0023-1024x727.jpg\" alt=\"En balade, en libert\u00e9 avec ses copains\" width=\"607\" height=\"431\" srcset=\"https:\/\/www.spa-grillon.fr\/wp-content\/uploads\/2020\/09\/IMG-20220220-WA0023-1024x727.jpg 1024w, https:\/\/www.spa-grillon.fr\/wp-content\/uploads\/2020\/09\/IMG-20220220-WA0023-300x213.jpg 300w, https:\/\/www.spa-grillon.fr\/wp-content\/uploads\/2020\/09\/IMG-20220220-WA0023-768x545.jpg 768w, https:\/\/www.spa-grillon.fr\/wp-content\/uploads\/2020\/09\/IMG-20220220-WA0023.jpg 1310w\" sizes=\"(max-width: 607px) 100vw, 607px\" \/><\/a><p id=\"caption-attachment-11767\" class=\"wp-caption-text\">En balade, en libert\u00e9 avec ses copains<\/p><\/div>\n<div id=\"attachment_10116\" style=\"width: 620px\" class=\"wp-caption aligncenter\"><img aria-describedby=\"caption-attachment-10116\" decoding=\"async\" loading=\"lazy\" class=\"wp-image-10116 \" src=\"http:\/\/www.spa-grillon.fr\/wp-content\/uploads\/2020\/09\/20210213_175837-1024x989.jpg\" alt=\"20210213_175837\" width=\"610\" height=\"589\" \/><p id=\"caption-attachment-10116\" class=\"wp-caption-text\">L\u00e0, je fais mon gros dur !<\/p><\/div>\n<p style=\"text-align: justify;\"><img decoding=\"async\" loading=\"lazy\" class=\"wp-image-10120 aligncenter\" src=\"http:\/\/www.spa-grillon.fr\/wp-content\/uploads\/2020\/09\/20210213_180121-e1613853666793-1024x973.jpg\" alt=\"20210213_180121\" width=\"515\" height=\"489\" srcset=\"https:\/\/www.spa-grillon.fr\/wp-content\/uploads\/2020\/09\/20210213_180121-e1613853666793-1024x973.jpg 1024w, https:\/\/www.spa-grillon.fr\/wp-content\/uploads\/2020\/09\/20210213_180121-e1613853666793-300x285.jpg 300w, https:\/\/www.spa-grillon.fr\/wp-content\/uploads\/2020\/09\/20210213_180121-e1613853666793-768x730.jpg 768w, https:\/\/www.spa-grillon.fr\/wp-content\/uploads\/2020\/09\/20210213_180121-e1613853666793.jpg 1237w\" sizes=\"(max-width: 515px) 100vw, 515px\" \/><\/p>\n<p style=\"text-align: justify;\"><img decoding=\"async\" loading=\"lazy\" class=\"aligncenter wp-image-9554\" src=\"http:\/\/www.spa-grillon.fr\/wp-content\/uploads\/2020\/09\/IMG_20200923_165355-1024x1024.jpg\" alt=\"All-focus\" width=\"501\" height=\"501\" srcset=\"https:\/\/www.spa-grillon.fr\/wp-content\/uploads\/2020\/09\/IMG_20200923_165355-1024x1024.jpg 1024w, https:\/\/www.spa-grillon.fr\/wp-content\/uploads\/2020\/09\/IMG_20200923_165355-150x150.jpg 150w, https:\/\/www.spa-grillon.fr\/wp-content\/uploads\/2020\/09\/IMG_20200923_165355-300x300.jpg 300w, https:\/\/www.spa-grillon.fr\/wp-content\/uploads\/2020\/09\/IMG_20200923_165355-768x768.jpg 768w\" sizes=\"(max-width: 501px) 100vw, 501px\" \/><\/p>\n","protected":false},"excerpt":{"rendered":"<p>&nbsp; Sexe : m\u00e2le Race : crois\u00e9 cane corso Age : n\u00e9 en 01\/2020 Taille : moyenne &nbsp; Caract\u00e9ristiques : gentil chien au pass\u00e9 trouble, Rocket se retrouve au refuge et c&rsquo;est finalement aussi bien pour lui : il va &hellip; <a href=\"https:\/\/www.spa-grillon.fr\/?page_id=9577\">Continuer la lecture <span class=\"meta-nav\">&rarr;<\/span><\/a><\/p>\n","protected":false},"author":2,"featured_media":0,"parent":0,"menu_order":0,"comment_status":"closed","ping_status":"closed","template":"","meta":[],"_links":{"self":[{"href":"https:\/\/www.spa-grillon.fr\/index.php?rest_route=\/wp\/v2\/pages\/9577"}],"collection":[{"href":"https:\/\/www.spa-grillon.fr\/index.php?rest_route=\/wp\/v2\/pages"}],"about":[{"href":"https:\/\/www.spa-grillon.fr\/index.php?rest_route=\/wp\/v2\/types\/page"}],"author":[{"embeddable":true,"href":"https:\/\/www.spa-grillon.fr\/index.php?rest_route=\/wp\/v2\/users\/2"}],"replies":[{"embeddable":true,"href":"https:\/\/www.spa-grillon.fr\/index.php?rest_route=%2Fwp%2Fv2%2Fcomments&post=9577"}],"version-history":[{"count":16,"href":"https:\/\/www.spa-grillon.fr\/index.php?rest_route=\/wp\/v2\/pages\/9577\/revisions"}],"predecessor-version":[{"id":14375,"href":"https:\/\/www.spa-grillon.fr\/index.php?rest_route=\/wp\/v2\/pages\/9577\/revisions\/14375"}],"wp:attachment":[{"href":"https:\/\/www.spa-grillon.fr\/index.php?rest_route=%2Fwp%2Fv2%2Fmedia&parent=9577"}],"curies":[{"name":"wp","href":"https:\/\/api.w.org\/{rel}","templated":true}]}}